000
CXUS54 KLZK 011130
CF6BVX
PRELIMINARY LOCAL CLIMATOLOGICAL DATA (WS FORM: F-6)
STATION: BATESVILLE REGIONAL AIRPORT
MONTH: AUGUST
YEAR: 2021
LATITUDE: 35 43 N
LONGITUDE: 91 39 W
TEMPERATURE IN F: :PCPN: SNOW: WIND :SUNSHINE: SKY :PK WND
================================================================================
1 2 3 4 5 6A 6B 7 8 9 10 11 12 13 14 15 16 17 18
12Z AVG MX 2MIN
DY MAX MIN AVG DEP HDD CDD WTR SNW DPTH SPD SPD DIR MIN PSBL S-S WX SPD DR
================================================================================
1 85 72 79 -2 0 14 0.01 M M 3.1 8 350 M M 3 1 M M
2 87 68 78 -3 0 13 T M M 2.9 10 100 M M 5 18 M M
3 85 66 76 -5 0 11 0.00 M M 3.8 10 80 M M 5 18 M M
4 85 63 74 -7 0 9 0.00 M M 4.4 10 80 M M 3 1 M M
5 88 59 74 -7 0 9 0.00 M M 3.2 8 130 M M 0 M M
6 90 67 79 -2 0 14 0.00 M M 3.1 8 270 M M 3 M M
7 91 69 80 -1 0 15 0.00 M M 4.6 8 180 M M 2 8 M M
8 93 73 83 2 0 18 0.00 M M 6.9 13 200 M M 3 20 200
9 97 76 87 6 0 22 0.00 M M 7.5 14 220 M M 2 21 220
10 98 76 87 7 0 22 0.00 M M 8.0 14 220 M M 1 20 220
11 99 75 87 7 0 22 0.00 M M 6.7 14 230 M M 1 18 220
12 99 74 87 7 0 22 0.00 M M 5.8 10 200 M M 2 18 99
13 91 71 81 1 0 16 0.54 M M 4.3 10 110 M M 1 13 20 360
14 89 69 79 -1 0 14 0.00 M M 3.2 9 90 M M 3 M M
15 88 68 78 -2 0 13 0.00 M M 2.9 10 90 M M 0 M M
16 88 65 77 -3 0 12 0.00 M M 4.4 9 100 M M 2 1 M M
17 92 65 79 -1 0 14 0.00 M M 4.3 13 110 M M 0 18 M M
18 81 71 76 -4 0 11 0.35 M M 3.3 8 120 M M 7 1 M M
19 88 74 81 1 0 16 0.11 M M 3.0 8 130 M M 7 M M
20 89 75 82 2 0 17 0.00 M M 5.5 10 230 M M 7 M M
21 92 75 84 5 0 19 0.00 M M 3.5 10 330 M M 3 M M
22 94 73 84 5 0 19 0.00 M M 2.2 9 120 M M 5 M M
23 96 74 85 6 0 20 0.00 M M 2.5 12 210 M M 2 8 M M
24 98 73 86 7 0 21 0.00 M M 3.5 10 130 M M 0 18 M M
25 98 74 86 7 0 21 0.00 M M 3.5 8 120 M M 1 8 M M
26 96 71 84 6 0 19 0.00 M M 4.0 9 130 M M 0 1 16 99
27 94 74 84 6 0 19 0.00 M M 5.8 12 180 M M 0 17 180
28 93 71 82 4 0 17 0.00 M M 5.9 10 100 M M 1 17 130
29 95 72 84 6 0 19 0.00 M M 5.5 13 100 M M 2 8 17 120
30 87 70 79 2 0 14 0.00 M M 6.4 17 80 M M 2 23 80
31 93 67 80 3 0 15 M M M 4.0 8 340 M M 1 16 99
================================================================================
SM 2839 2190 0 507 1.01 M 137.4 M 74
================================================================================
AV 91.6 70.6 4.4 FASTST M M 2 MAX(MPH)
MISC ----> 17 80 23 80
================================================================================
NOTES:
# LAST OF SEVERAL OCCURRENCES
COLUMN 17 PEAK WIND IN M.P.H.
PRELIMINARY LOCAL CLIMATOLOGICAL DATA (WS FORM: F-6) , PAGE 2
STATION: BATESVILLE REGIONAL AIRPORT
MONTH: AUGUST
YEAR: 2021
LATITUDE: 35 43 N
LONGITUDE: 91 39 W
[TEMPERATURE DATA] [PRECIPITATION DATA] SYMBOLS USED IN COLUMN 16
AVERAGE MONTHLY: 81.1 TOTAL FOR MONTH: 1.01 1 = FOG OR MIST
DPTR FM NORMAL: 1.4 DPTR FM NORMAL: -2.03 2 = FOG REDUCING VISIBILITY
HIGHEST: 99 ON 12,11 GRTST 24HR 0.54 ON 12-13 TO 1/4 MILE OR LESS
LOWEST: 59 ON 5 3 = THUNDER
SNOW, ICE PELLETS, HAIL 4 = ICE PELLETS
TOTAL MONTH: M 5 = HAIL
GRTST 24HR M ON M 6 = FREEZING RAIN OR DRIZZLE
GRTST DEPTH: M ON M 7 = DUSTSTORM OR SANDSTORM:
VSBY 1/2 MILE OR LESS
8 = SMOKE OR HAZE
[NO. OF DAYS WITH] [WEATHER - DAYS WITH] 9 = BLOWING SNOW
X = TORNADO
MAX 32 OR BELOW: 0 0.01 INCH OR MORE: 4
MAX 90 OR ABOVE: 19 0.10 INCH OR MORE: 3
MIN 32 OR BELOW: 0 0.50 INCH OR MORE: 1
MIN 0 OR BELOW: 0 1.00 INCH OR MORE: 0
[HDD (BASE 65) ]
TOTAL THIS MO. 0 CLEAR (SCALE 0-3) 23
DPTR FM NORMAL 0 PTCLDY (SCALE 4-7) 8
TOTAL FM JUL 1 0 CLOUDY (SCALE 8-10) 0
DPTR FM NORMAL 0
[CDD (BASE 65) ]
TOTAL THIS MO. 507
DPTR FM NORMAL 53 [PRESSURE DATA]
TOTAL FM JAN 1 1490 HIGHEST SLP 30.20 ON 14
DPTR FM NORMAL 18 LOWEST SLP 29.76 ON 30
[REMARKS]
#FINAL-08-21#