000
CXUS55 KPIH 011549
CF6BYI
PRELIMINARY LOCAL CLIMATOLOGICAL DATA (WS FORM: F-6)
STATION: BURLEY
MONTH: AUGUST
YEAR: 2021
LATITUDE: 42 32 N
LONGITUDE: 113 46 W
TEMPERATURE IN F: :PCPN: SNOW: WIND :SUNSHINE: SKY :PK WND
================================================================================
1 2 3 4 5 6A 6B 7 8 9 10 11 12 13 14 15 16 17 18
12Z AVG MX 2MIN
DY MAX MIN AVG DEP HDD CDD WTR SNW DPTH SPD SPD DIR MIN PSBL S-S WX SPD DR
================================================================================
1 84 63 74 1 0 9 0.02 M M 4.8 23 240 M M 3 3 36 250
2 M M M M M M M M M 3.9 10 270 M M 1 18 220
3 90 M M M M M 0.00 M M 3.9 10 240 M M 0 8 13 230
4 97 57 77 4 0 12 0.00 M M 5.3 20 200 M M 0 8 29 200
5 97 60 79 7 0 14 0.07 M M 4.8 32 230 M M 1 3 53 220
6 74 58 66 -6 0 1 0.01 M M 9.9 21 260 M M 1 38 32 270
7 87 51 69 -3 0 4 0.00 M M 4.9 13 250 M M 0 17 290
8 84 64 74 2 0 9 0.00 M M 12.3 20 200 M M 0 8 29 190
9 79 52 66 -6 0 1 0.00 M M 9.4 21 250 M M 0 32 260
10 84 47 66 -6 0 1 0.00 M M 7.2 16 250 M M 0 8 26 260
11 88 51 70 -1 0 5 0.00 M M 6.4 15 250 M M 0 8 23 260
12 95 55 75 4 0 10 0.00 M M 4.0 12 90 M M 0 14 70
13 95 56 76 5 0 11 0.00 M M 3.6 12 220 M M 0 16 300
14 91 57 74 3 0 9 0.00 M M 8.9 17 250 M M 0 8 25 240
15 91 58 75 5 0 10 0.00 M M 5.0 10 200 M M 0 8 16 230
16 96 53 75 5 0 10 T M M 5.3 25 290 M M 1 38 44 310
17 81 62 72 2 0 7 0.00 M M 10.4 18 270 M M 2 8 27 260
18 67 49 58 -12 7 0 T M M 7.0 22 260 M M 4 38 30 250
19 62 46 54 -15 11 0 0.09 M M 6.4 18 250 M M 7 28 280
20 78 46 62 -7 3 0 0.00 M M 4.1 13 120 M M 1 1 19 130
21 77 53 65 -4 0 0 0.03 M M 6.9 22 120 M M 3 8 34 150
22 79 44 62 -6 3 0 T M M 4.0 13 20 M M 0 18 18 20
23 80 48 64 -4 1 0 T M M 4.7 15 280 M M 1 8 24 290
24 81 52 67 -1 0 2 0.00 M M 3.2 12 180 M M 0 8 17 180
25 86 48 67 -1 0 2 0.00 M M 4.7 15 270 M M 0 8 22 270
26 80 48 64 -3 1 0 0.00 M M 6.7 16 260 M M 0 8 22 260
27 77 50 64 -3 1 0 0.00 M M 9.2 18 250 M M 0 8 26 260
28 79 47 63 -4 2 0 0.00 M M 4.5 14 260 M M 0 20 260
29 87 43 65 -1 0 0 0.00 M M 3.9 10 250 M M 0 15 260
30 86 47 67 1 0 2 0.00 M M 2.9 13 260 M M 0 8 19 270
31 79 49 64 -2 1 0 0.00 M M 5.3 17 270 M M 2 18 26 260
================================================================================
SM 2511 1514 30 119 0.22 M 183.5 M 27
================================================================================
AV 83.7 52.2 5.9 FASTST M M 1 MAX(MPH)
MISC ----> 32 230 53 220
================================================================================
NOTES:
# LAST OF SEVERAL OCCURRENCES
COLUMN 17 PEAK WIND IN M.P.H.
2ND-3RD: DATA MISSING DUE TO ASOS OUTAGE.
PRELIMINARY LOCAL CLIMATOLOGICAL DATA (WS FORM: F-6) , PAGE 2
STATION: BURLEY
MONTH: AUGUST
YEAR: 2021
LATITUDE: 42 32 N
LONGITUDE: 113 46 W
[TEMPERATURE DATA] [PRECIPITATION DATA] SYMBOLS USED IN COLUMN 16
AVERAGE MONTHLY: 68.0 TOTAL FOR MONTH: 0.22 1 = FOG OR MIST
DPTR FM NORMAL: -1.9 DPTR FM NORMAL: -0.18 2 = FOG REDUCING VISIBILITY
HIGHEST: 97 ON 5, 4 GRTST 24HR 0.09 ON 19-19 TO 1/4 MILE OR LESS
LOWEST: 43 ON 29 3 = THUNDER
SNOW, ICE PELLETS, HAIL 4 = ICE PELLETS
TOTAL MONTH: M 5 = HAIL
GRTST 24HR M ON M 6 = FREEZING RAIN OR DRIZZLE
GRTST DEPTH: M ON M 7 = DUSTSTORM OR SANDSTORM:
VSBY 1/2 MILE OR LESS
8 = SMOKE OR HAZE
[NO. OF DAYS WITH] [WEATHER - DAYS WITH] 9 = BLOWING SNOW
X = TORNADO
MAX 32 OR BELOW: 0 0.01 INCH OR MORE: 5
MAX 90 OR ABOVE: 8 0.10 INCH OR MORE: 0
MIN 32 OR BELOW: 0 0.50 INCH OR MORE: 0
MIN 0 OR BELOW: 0 1.00 INCH OR MORE: 0
[HDD (BASE 65) ]
TOTAL THIS MO. 30 CLEAR (SCALE 0-3) 28
DPTR FM NORMAL 8 PTCLDY (SCALE 4-7) 3
TOTAL FM JUL 1 30 CLOUDY (SCALE 8-10) 0
DPTR FM NORMAL 1
[CDD (BASE 65) ]
TOTAL THIS MO. 119
DPTR FM NORMAL -55 [PRESSURE DATA]
TOTAL FM JAN 1 694 HIGHEST SLP 30.16 ON 2
DPTR FM NORMAL 237 LOWEST SLP 29.54 ON 17
[REMARKS]
#FINAL-08-21#