000
CXUS55 KCAE 011500
CF6CAE
PRELIMINARY LOCAL CLIMATOLOGICAL DATA (WS FORM: F-6)
STATION: COLUMBIA METRO AIRPORT SC
MONTH: FEBRUARY
YEAR: 2021
LATITUDE: 33 57 N
LONGITUDE: 81 7 W
TEMPERATURE IN F: :PCPN: SNOW: WIND :SUNSHINE: SKY :PK WND
================================================================================
1 2 3 4 5 6A 6B 7 8 9 10 11 12 13 14 15 16 17 18
12Z AVG MX 2MIN
DY MAX MIN AVG DEP HDD CDD WTR SNW DPTH SPD SPD DIR MIN PSBL S-S WX SPD DR
================================================================================
1 42 38 40 -6 25 0 0.42 0.0 0 6.4 16 310 M M 9 1 22 310
2 46 35 41 -5 24 0 0.02 0.0 0 11.1 21 300 M M 6 8 28 270
3 52 27 40 -6 25 0 0.00 0.0 0 9.6 20 310 M M 1 28 310
4 53 22 38 -9 27 0 T 0.0 0 3.9 12 190 M M 5 1 18 160
5 59 46 53 6 12 0 T 0.0 0 7.7 17 280 M M 9 18 22 290
6 53 40 47 0 18 0 0.13 0.0 0 6.0 15 70 M M 10 20 50
7 56 34 45 -2 20 0 0.06 0.0 0 4.6 14 320 M M 7 1 18 320
8 60 29 45 -2 20 0 0.00 0.0 0 4.3 13 80 M M 3 1 17 70
9 69 47 58 11 7 0 0.00 0.0 0 2.2 9 300 M M 7 11 320
10 71 49 60 12 5 0 0.00 0.0 0 5.6 17 70 M M 8 1 20 70
11 66 54 60 12 5 0 0.14 0.0 0 3.6 10 190 M M 10 138 13 190
12 61 39 50 2 15 0 0.28 0.0 0 8.7 16 30 M M 10 1 22 20
13 41 37 39 -9 26 0 1.01 0.0 0 6.3 12 50 M M 10 1 15 50
14 42 39 41 -7 24 0 0.76 0.0 0 6.6 24 280 M M 10 1 28 290
15 49 40 45 -3 20 0 1.23 0.0 0 6.5 14 90 M M 10 13 17 90
16 58 33 46 -3 19 0 T 0.0 0 12.6 26 250 M M 5 1 35 270
17 50 28 39 -10 26 0 0.00 0.0 0 6.8 16 110 M M 5 19 110
18 46 38 42 -7 23 0 1.69 0.0 0 7.0 16 70 M M 10 13 20 60
19 53 38 46 -3 19 0 0.54 0.0 0 5.5 10 300 M M 8 1 13 360
20 54 28 41 -9 24 0 0.00 0.0 0 3.7 16 290 M M 1 1 21 290
21 54 28 41 -9 24 0 0.00 0.0 0 7.9 16 130 M M 2 22 130
22 62 41 52 2 13 0 0.09 0.0 0 4.7 18 330 M M 9 12 25 320
23 70 33 52 2 13 0 0.00 0.0 0 7.1 20 260 M M 0 1 28 250
24 75 33 54 4 11 0 0.00 0.0 M 5.6 18 210 M M 0 26 230
25 78 41 60 9 5 0 0.00 0.0 0 4.0 14 280 M M 1 19 260
26 57 50 54 3 11 0 0.02 0.0 0 6.9 12 360 M M 7 16 20
27 81 47 64 13 1 0 T 0.0 0 3.7 16 230 M M 8 1 20 220
28 86 55 71 20 0 6 0.00 0.0 0 6.9 23 220 M M 7 1 29 220
================================================================================
SM 1644 1069 462 6 6.39 0.0 175.5 M 178
================================================================================
AV 58.7 38.2 6.3 FASTST M M 6 MAX(MPH)
MISC ----> 26 250 35 270
================================================================================
NOTES:
# LAST OF SEVERAL OCCURRENCES
COLUMN 17 PEAK WIND IN M.P.H.
PRELIMINARY LOCAL CLIMATOLOGICAL DATA (WS FORM: F-6) , PAGE 2
STATION: COLUMBIA METRO AIRPORT SC
MONTH: FEBRUARY
YEAR: 2021
LATITUDE: 33 57 N
LONGITUDE: 81 7 W
[TEMPERATURE DATA] [PRECIPITATION DATA] SYMBOLS USED IN COLUMN 16
AVERAGE MONTHLY: 48.4 TOTAL FOR MONTH: 6.39 1 = FOG OR MIST
DPTR FM NORMAL: -0.1 DPTR FM NORMAL: 2.78 2 = FOG REDUCING VISIBILITY
HIGHEST: 86 ON 28 GRTST 24HR 2.04 ON 18-19 TO 1/4 MILE OR LESS
LOWEST: 22 ON 4 3 = THUNDER
SNOW, ICE PELLETS, HAIL 4 = ICE PELLETS
TOTAL MONTH: 0.0 INCH 5 = HAIL
GRTST 24HR 0.0 6 = FREEZING RAIN OR DRIZZLE
GRTST DEPTH: 0 7 = DUSTSTORM OR SANDSTORM:
VSBY 1/2 MILE OR LESS
8 = SMOKE OR HAZE
[NO. OF DAYS WITH] [WEATHER - DAYS WITH] 9 = BLOWING SNOW
X = TORNADO
MAX 32 OR BELOW: 0 0.01 INCH OR MORE: 13
MAX 90 OR ABOVE: 0 0.10 INCH OR MORE: 9
MIN 32 OR BELOW: 6 0.50 INCH OR MORE: 5
MIN 0 OR BELOW: 0 1.00 INCH OR MORE: 3
[HDD (BASE 65) ]
TOTAL THIS MO. 462 CLEAR (SCALE 0-3) 6
DPTR FM NORMAL -1 PTCLDY (SCALE 4-7) 12
TOTAL FM JUL 1 1894 CLOUDY (SCALE 8-10) 10
DPTR FM NORMAL -206
[CDD (BASE 65) ]
TOTAL THIS MO. 6
DPTR FM NORMAL 3 [PRESSURE DATA]
TOTAL FM JAN 1 6 HIGHEST SLP 30.57 ON 21
DPTR FM NORMAL 5 LOWEST SLP 29.71 ON 16
[REMARKS]
#FINAL-02-21#