000
CXUS51 KCLE 011913
CF6CAK
PRELIMINARY LOCAL CLIMATOLOGICAL DATA (WS FORM: F-6)
STATION: AKRON CANTON OH
MONTH: DECEMBER
YEAR: 2023
LATITUDE: 40 55 N
LONGITUDE: 81 26 W
TEMPERATURE IN F: :PCPN: SNOW: WIND :SUNSHINE: SKY :PK WND
================================================================================
1 2 3 4 5 6A 6B 7 8 9 10 11 12 13 14 15 16 17 18
12Z AVG MX 2MIN
DY MAX MIN AVG DEP HDD CDD WTR SNW DPTH SPD SPD DIR MIN PSBL S-S WX SPD DR
================================================================================
1 49 41 45 8 20 0 0.21 0.0 0 9.0 20 210 M M 10 12 27 210
2 53 43 48 11 17 0 0.00 0.0 0 8.1 14 230 M M 9 12 19 250
3 49 38 44 8 21 0 0.04 0.0 0 10.7 29 250 M M 9 12 43 270
4 39 35 37 1 28 0 T 0.0 0 7.4 16 270 M M 10 22 270
5 35 33 34 -2 31 0 0.08 0.1 0 4.5 12 10 M M 10 1 17 280
6 38 28 33 -3 32 0 T 0.0 0 7.9 15 310 M M 8 19 310
7 46 30 38 3 27 0 T 0.0 0 11.0 23 230 M M 7 29 220
8 58 34 46 11 19 0 0.00 0.0 0 12.4 22 220 M M 5 29 210
9 56 48 52 17 13 0 0.40 0.0 0 13.8 25 180 M M 10 1 35 180
10 51 33 42 8 23 0 0.01 T 0 9.6 16 290 M M 10 1 25 290
11 34 28 31 -3 34 0 T T 0 10.6 20 280 M M 10 1 28 310
12 44 26 35 1 30 0 0.00 0.0 0 12.3 23 230 M M 1 31 240
13 39 22 31 -3 34 0 0.00 0.0 0 5.9 13 280 M M 1 17 260
14 44 21 33 0 32 0 0.00 0.0 0 7.4 15 230 M M 2 19 230
15 53 27 40 7 25 0 0.00 0.0 0 4.7 10 260 M M 1 15 280
16 53 28 41 8 24 0 0.00 0.0 0 7.4 20 140 M M 7 27 140
17 47 39 43 10 22 0 0.51 0.0 0 10.6 21 160 M M 10 12 28 160
18 41 26 34 2 31 0 0.10 1.3 0 14.0 24 280 M M 10 1 38 270
19 28 21 25 -7 40 0 0.06 0.6 2 10.9 22 310 M M 8 12 30 320
20 37 20 29 -3 36 0 0.00 0.0 1 7.4 14 210 M M 4 17 200
21 38 32 35 3 30 0 0.00 0.0 0 4.1 7 150 M M 10 8 170
22 43 37 40 9 25 0 T 0.0 0 5.0 9 140 M M 10 11 140
23 44 38 41 10 24 0 0.08 0.0 0 7.4 14 210 M M 10 1 19 210
24 49 43 46 15 19 0 T 0.0 0 4.6 10 200 M M 10 12 13 200
25 60 43 52 21 13 0 0.03 0.0 0 8.6 14 140 M M 7 1 19 140
26 55 48 52 22 13 0 0.05 0.0 0 9.9 16 140 M M 10 1 24 140
27 51 43 47 17 18 0 0.67 0.0 0 6.9 14 70 M M 10 12 17 70
28 46 37 42 12 23 0 0.09 0.0 0 7.1 15 230 M M 10 12 20 240
29 37 28 33 3 32 0 0.03 T 0 7.1 14 220 M M 9 1 17 230
30 39 34 37 7 28 0 0.07 T 0 8.5 17 290 M M 10 1 24 290
31 37 31 34 4 31 0 0.16 0.3 0 8.3 17 270 M M 10 1 24 280
================================================================================
SM 1393 1035 795 0 2.59 2.3 263.1 M 248
================================================================================
AV 44.9 33.4 8.5 FASTST M M 8 MAX(MPH)
MISC ----> 29 250 43 270
================================================================================
NOTES:
# LAST OF SEVERAL OCCURRENCES
COLUMN 17 PEAK WIND IN M.P.H.
PRELIMINARY LOCAL CLIMATOLOGICAL DATA (WS FORM: F-6) , PAGE 2
STATION: AKRON CANTON OH
MONTH: DECEMBER
YEAR: 2023
LATITUDE: 40 55 N
LONGITUDE: 81 26 W
[TEMPERATURE DATA] [PRECIPITATION DATA] SYMBOLS USED IN COLUMN 16
AVERAGE MONTHLY: 39.2 TOTAL FOR MONTH: 2.59 1 = FOG OR MIST
DPTR FM NORMAL: 6.2 DPTR FM NORMAL: -0.30 2 = FOG REDUCING VISIBILITY
HIGHEST: 60 ON 25 GRTST 24HR 0.69 ON 26-27 TO 1/4 MILE OR LESS
LOWEST: 20 ON 20 3 = THUNDER
SNOW, ICE PELLETS, HAIL 4 = ICE PELLETS
TOTAL MONTH: 2.3 INCHES 5 = HAIL
GRTST 24HR 1.3 ON 18-18 6 = FREEZING RAIN OR DRIZZLE
GRTST DEPTH: 2 ON 19 7 = DUSTSTORM OR SANDSTORM:
VSBY 1/2 MILE OR LESS
8 = SMOKE OR HAZE
[NO. OF DAYS WITH] [WEATHER - DAYS WITH] 9 = BLOWING SNOW
X = TORNADO
MAX 32 OR BELOW: 1 0.01 INCH OR MORE: 16
MAX 90 OR ABOVE: 0 0.10 INCH OR MORE: 6
MIN 32 OR BELOW: 14 0.50 INCH OR MORE: 2
MIN 0 OR BELOW: 0 1.00 INCH OR MORE: 0
[HDD (BASE 65) ]
TOTAL THIS MO. 795 CLEAR (SCALE 0-3) 4
DPTR FM NORMAL -197 PTCLDY (SCALE 4-7) 6
TOTAL FM JUL 1 1955 CLOUDY (SCALE 8-10) 21
DPTR FM NORMAL -169
[CDD (BASE 65) ]
TOTAL THIS MO. 0
DPTR FM NORMAL 0 [PRESSURE DATA]
TOTAL FM JAN 1 592 HIGHEST SLP 30.73 ON 14
DPTR FM NORMAL -277 LOWEST SLP 29.50 ON 18
[REMARKS]
#FINAL-12-23#