000
CXUS51 KCAR 151335
CF6CAR
PRELIMINARY LOCAL CLIMATOLOGICAL DATA (WS FORM: F-6)
STATION: CARIBOU ME
MONTH: MARCH
YEAR: 2020
LATITUDE: 46 52 N
LONGITUDE: 68 1 W
TEMPERATURE IN F: :PCPN: SNOW: WIND :SUNSHINE: SKY :PK WND
================================================================================
1 2 3 4 5 6A 6B 7 8 9 10 11 12 13 14 15 16 17 18
12Z AVG MX 2MIN
DY MAX MIN AVG DEP HDD CDD WTR SNW DPTH SPD SPD DIR MIN PSBL S-S WX SPD DR
================================================================================
1 29 -7 11 -8 54 0 0.00 0.0 28 4.0 17 330 M M 2 21 340
2 30 -2 14 -5 51 0 0.16 1.9 28 8.1 21 190 M M 5 1 28 190
3 47 30 39 20 26 0 0.01 0.2 30 4.2 8 100 M M 7 1 13 250
4 39 30 35 15 30 0 0.64 0.5 27 8.9 21 280 M M 10 18 34 290
5 33 21 27 7 38 0 T T 26 12.9 26 300 M M 4 36 310
6 30 9 20 0 45 0 0.00 0.0 26 7.0 16 360 M M 0 19 10
7 28 6 17 -4 48 0 0.00 0.0 25 10.9 21 360 M M 0 26 10
8 39 4 22 1 43 0 T T 25 7.0 18 310 M M 5 26 330
9 29 20 25 3 40 0 0.30 2.8 25 7.6 14 20 M M 10 18 18 10
10 33 20 27 5 38 0 0.27 0.9 29 9.5 20 170 M M 10 16 24 160
11 32 16 24 2 41 0 T T 29 8.2 21 320 M M 9 1 29 330
12 30 5 18 -5 47 0 0.00 0.0 29 3.4 9 360 M M 3 11 10
13 35 15 25 2 40 0 0.74 4.2 28 9.2 29 140 M M 8 126 37 140
14 35 20 28 4 37 0 T 0.1 32 16.0 25 300 M M 8 9 36 290
15 25 15 20 -4 45 0 T T 31 12.0 21 330 M M 9 28 330
16 26 4 15 -9 50 0 0.00 0.0 31 6.0 16 160 M M 2 20 170
17 34 20 27 2 38 0 0.10 1.6 30 12.9 21 180 M M 9 1 29 190
18 32 18 25 0 40 0 T 0.1 31 6.7 16 330 M M 1 28 310
19 42 8 25 -1 40 0 T 0.0 30 7.1 16 190 M M 10 22 180
20 48 33 41 15 24 0 0.17 0.0 28 8.5 21 260 M M 10 126 32 270
21 41 9 25 -1 40 0 0.02 T 27 16.1 28 300 M M 2 1 38 300
22 24 3 14 -13 51 0 0.00 0.0 27 7.9 18 330 M M 0 23 330
23 33 -6 14 -13 51 0 0.03 0.5 27 6.6 17 180 M M 4 1 23 180
24 40 25 33 5 32 0 0.03 0.3 28 6.3 20 330 M M 8 1 24 320
25 44 17 31 3 34 0 0.00 0.0 26 3.8 14 180 M M 0 18 180
26 46 27 37 8 28 0 0.00 0.0 24 4.5 9 90 M M 2 14 90
27 39 29 34 5 31 0 0.24 3.8 28 10.3 22 330 M M 8 1 30 330
28 48 26 37 7 28 0 0.00 0.0 25 4.6 14 310 M M 0 17 300
29 47 18 33 3 32 0 0.15 1.1 24 4.9 23 180 M M 2 1 36 200
30 40 27 34 4 31 0 0.08 0.7 24 8.2 16 70 M M 8 1 23 60
31 45 23 34 3 31 0 T T 23 10.3 18 360 M M 5 24 50
================================================================================
SM 1123 483 1204 0 2.94 18.7 253.6 M 161
================================================================================
AV 36.2 15.6 8.2 FASTST M M 5 MAX(MPH)
MISC ----> # 29 140 # 38 300
================================================================================
NOTES:
# LAST OF SEVERAL OCCURRENCES
COLUMN 17 PEAK WIND IN M.P.H.
PRELIMINARY LOCAL CLIMATOLOGICAL DATA (WS FORM: F-6) , PAGE 2
STATION: CARIBOU ME
MONTH: MARCH
YEAR: 2020
LATITUDE: 46 52 N
LONGITUDE: 68 1 W
[TEMPERATURE DATA] [PRECIPITATION DATA] SYMBOLS USED IN COLUMN 16
AVERAGE MONTHLY: 25.9 TOTAL FOR MONTH: 2.94 1 = FOG OR MIST
DPTR FM NORMAL: 1.4 DPTR FM NORMAL: 0.43 2 = FOG REDUCING VISIBILITY
HIGHEST: 48 ON 28,20 GRTST 24HR 0.74 ON 13-13 TO 1/4 MILE OR LESS
LOWEST: -7 ON 1 3 = THUNDER
SNOW, ICE PELLETS, HAIL 4 = ICE PELLETS
TOTAL MONTH: 18.7 INCHES 5 = HAIL
GRTST 24HR 4.2 ON 13-13 6 = FREEZING RAIN OR DRIZZLE
GRTST DEPTH: 32 ON 14 7 = DUSTSTORM OR SANDSTORM:
VSBY 1/2 MILE OR LESS
8 = SMOKE OR HAZE
[NO. OF DAYS WITH] [WEATHER - DAYS WITH] 9 = BLOWING SNOW
X = TORNADO
MAX 32 OR BELOW: 11 0.01 INCH OR MORE: 14
MAX 90 OR ABOVE: 0 0.10 INCH OR MORE: 9
MIN 32 OR BELOW: 30 0.50 INCH OR MORE: 2
MIN 0 OR BELOW: 3 1.00 INCH OR MORE: 0
[HDD (BASE 65) ]
TOTAL THIS MO. 1204 CLEAR (SCALE 0-3) 11
DPTR FM NORMAL -50 PTCLDY (SCALE 4-7) 12
TOTAL FM JUL 1 7510 CLOUDY (SCALE 8-10) 8
DPTR FM NORMAL -465
[CDD (BASE 65) ]
TOTAL THIS MO. 0
DPTR FM NORMAL 0 [PRESSURE DATA]
TOTAL FM JAN 1 0 HIGHEST SLP 30.78 ON 22
DPTR FM NORMAL 0 LOWEST SLP 29.04 ON 4
[REMARKS]
#FINAL-03-20#