000
CXUS56 KMTR 011000
CF6CCR
PRELIMINARY LOCAL CLIMATOLOGICAL DATA (WS FORM: F-6)
STATION: CONCORD AIRPORT
MONTH: FEBRUARY
YEAR: 2024
LATITUDE: 37 58 N
LONGITUDE: 122 3 W
TEMPERATURE IN F: :PCPN: SNOW: WIND :SUNSHINE: SKY :PK WND
================================================================================
1 2 3 4 5 6A 6B 7 8 9 10 11 12 13 14 15 16 17 18
12Z AVG MX 2MIN
DY MAX MIN AVG DEP HDD CDD WTR SNW DPTH SPD SPD DIR MIN PSBL S-S WX SPD DR
================================================================================
1 61 50 56 5 9 0 0.42 M M 6.7 21 240 M M 8 1 27 220
2 58 46 52 1 13 0 T M M 8.4 20 250 M M 5 25 240
3 54 45 50 -1 15 0 0.21 M M 5.8 15 90 M M 7 22 70
4 65 48 57 6 8 0 0.58 M M 18.2 36 170 M M 10 1 48 170
5 61 50 56 5 9 0 0.03 M M 8.2 22 180 M M 7 31 180
6 59 42 51 -1 14 0 0.00 M M 3.6 12 250 M M 6 1 16 250
7 54 42 48 -4 17 0 0.41 M M 9.9 22 320 M M 7 1 28 280
8 55 36 46 -6 19 0 0.00 M M 2.5 13 290 M M 3 15 290
9 57 36 47 -5 18 0 0.00 M M 2.5 9 340 M M 1 12 10
10 63 36 50 -2 15 0 0.00 M M 3.9 13 60 M M 0 18 70
11 61 38 50 -2 15 0 0.00 M M 3.0 10 360 M M 1 13 350
12 62 39 51 -1 14 0 0.00 M M 2.6 10 350 M M 0 13 350
13 60 43 52 -1 13 0 0.00 M M 3.2 14 270 M M 3 16 270
14 59 48 54 1 11 0 0.09 M M 8.2 25 180 M M 8 1 34 180
15 64 48 56 3 9 0 T M M 3.4 12 190 M M 3 18 13 190
16 61 47 54 1 11 0 0.00 M M 2.9 9 40 M M 0 12 20
17 59 50 55 2 10 0 0.36 M M 5.0 20 170 M M 8 1 28 160
18 68 43 56 2 9 0 0.44 M M 6.3 24 170 M M 8 12 31 160
19 66 53 60 6 5 0 0.24 M M 11.7 32 180 M M 8 18 41 160
20 61 50 56 2 9 0 0.25 M M 5.1 16 250 M M 7 1 20 260
21 62 43 53 -1 12 0 T M M 4.3 13 240 M M 4 12 M M
22 63 41 52 -2 13 0 0.00 M M 2.8 10 40 M M 2 13 40
23 65 41 53 -1 12 0 0.00 M M 4.5 14 70 M M 0 22 60
24 70 42 56 2 9 0 0.00 M M 2.9 12 70 M M 0 16 60
25 68 44 56 1 9 0 0.00 M M 4.9 22 250 M M 1 25 250
26 65 49 57 2 8 0 0.00 M M 6.8 15 280 M M 6 18 280
27 64 40 52 -3 13 0 0.00 M M 3.2 10 350 M M 0 14 350
28 68 41 55 0 10 0 0.00 M M 3.8 10 210 M M 0 12 220
29 59 49 54 -1 11 0 0.13 M M 11.4 24 210 M M 7 1 33 220
================================================================================
SM 1792 1280 340 0 3.16 M 165.7 M 120
================================================================================
AV 61.8 44.1 5.7 FASTST M M 4 MAX(MPH)
MISC ----> 36 170 48 170
================================================================================
NOTES:
# LAST OF SEVERAL OCCURRENCES
COLUMN 17 PEAK WIND IN M.P.H.
PRELIMINARY LOCAL CLIMATOLOGICAL DATA (WS FORM: F-6) , PAGE 2
STATION: CONCORD AIRPORT
MONTH: FEBRUARY
YEAR: 2024
LATITUDE: 37 58 N
LONGITUDE: 122 3 W
[TEMPERATURE DATA] [PRECIPITATION DATA] SYMBOLS USED IN COLUMN 16
AVERAGE MONTHLY: 53.0 TOTAL FOR MONTH: 3.16 1 = FOG OR MIST
DPTR FM NORMAL: 0.0 DPTR FM NORMAL: -0.03 2 = FOG REDUCING VISIBILITY
HIGHEST: 70 ON 24 GRTST 24HR 1.08 ON 31- 1 TO 1/4 MILE OR LESS
LOWEST: 36 ON 10, 9 3 = THUNDER
SNOW, ICE PELLETS, HAIL 4 = ICE PELLETS
TOTAL MONTH: M 5 = HAIL
GRTST 24HR M ON M 6 = FREEZING RAIN OR DRIZZLE
GRTST DEPTH: M ON M 7 = DUSTSTORM OR SANDSTORM:
VSBY 1/2 MILE OR LESS
8 = SMOKE OR HAZE
[NO. OF DAYS WITH] [WEATHER - DAYS WITH] 9 = BLOWING SNOW
X = TORNADO
MAX 32 OR BELOW: 0 0.01 INCH OR MORE: 11
MAX 90 OR ABOVE: 0 0.10 INCH OR MORE: 9
MIN 32 OR BELOW: 0 0.50 INCH OR MORE: 1
MIN 0 OR BELOW: 0 1.00 INCH OR MORE: 0
[HDD (BASE 65) ]
TOTAL THIS MO. 340 CLEAR (SCALE 0-3) 14
DPTR FM NORMAL 3 PTCLDY (SCALE 4-7) 11
TOTAL FM JUL 1 1404 CLOUDY (SCALE 8-10) 4
DPTR FM NORMAL -272
[CDD (BASE 65) ]
TOTAL THIS MO. 0
DPTR FM NORMAL 0 [PRESSURE DATA]
TOTAL FM JAN 1 0 HIGHEST SLP M ON M
DPTR FM NORMAL 0 LOWEST SLP 29.26 ON 4
[REMARKS]
#FINAL-02-24#