000
CXUS53 KARX 011809
CF6CCY
PRELIMINARY LOCAL CLIMATOLOGICAL DATA (WS FORM: F-6)
STATION: CHARLES_CITY IA
MONTH: MARCH
YEAR: 2020
LATITUDE: 43 4 N
LONGITUDE: 92 37 W
TEMPERATURE IN F: :PCPN: SNOW: WIND :SUNSHINE: SKY :PK WND
================================================================================
1 2 3 4 5 6A 6B 7 8 9 10 11 12 13 14 15 16 17 18
12Z AVG MX 2MIN
DY MAX MIN AVG DEP HDD CDD WTR SNW DPTH SPD SPD DIR MIN PSBL S-S WX SPD DR
================================================================================
1 41 32 37 9 28 0 0.00 0.0 M 12.5 23 160 M M 1 M M
2 32 28 30 2 35 0 0.00 0.0 M 10.5 22 330 M M 8 M M
3 41 28 35 7 30 0 0.01 T M 13.3 23 290 M M 6 31 290
4 41 27 34 5 31 0 0.00 0.0 M 8.0 15 140 M M 2 17 240
5 41 32 37 8 28 0 T T M 19.5 28 290 M M 8 39 290
6 39 25 32 2 33 0 0.00 0.0 M 9.9 23 340 M M 1 29 340
7 57 30 44 14 21 0 0.00 0.0 0 16.9 23 170 M M 0 29 180
8 64 39 52 21 13 0 0.00 0.0 0 16.6 23 200 M M 1 31 190
9 52 32 42 11 23 0 0.45 0.0 0 11.3 16 340 M M 9 1 24 340
10 46 27 37 5 28 0 0.20 0.0 0 8.2 16 330 M M 4 1 M M
11 46 36 41 9 24 0 0.00 0.0 0 7.6 14 150 M M 6 1 M M
12 52 34 43 11 22 0 0.07 0.0 0 17.7 29 310 M M 7 1 37 320
13 41 28 35 2 30 0 0.00 0.0 0 14.0 21 290 M M 1 30 290
14 34 27 31 -3 34 0 M M 0 7.9 12 40 M M 6 M M
15 37 23 30 -4 35 0 0.00 0.0 0 8.2 13 130 M M 4 15 99
16 39 30 35 1 30 0 0.00 0.0 0 9.3 17 300 M M 10 1 24 300
17 43 25 34 -1 31 0 0.00 0.0 0 7.5 14 320 M M 3 16 300
18 41 36 39 4 26 0 0.38 0.0 0 9.0 13 100 M M 10 1 M M
19 43 36 40 4 25 0 1.86 0.0 0 14.3 23 350 M M 10 2 31 10
20 34 25 30 -6 35 0 M M M 17.4 29 340 M M 9 37 340
21 36 23 30 -7 35 0 0.00 0.0 0 9.9 16 130 M M 10 21 140
22 39 30 35 -2 30 0 0.00 0.0 0 16.1 23 150 M M 8 32 150
23 43 32 38 0 27 0 0.00 0.0 M 6.4 12 190 M M 10 1 M M
24 46 36 41 3 24 0 0.00 0.0 M 10.5 18 150 M M 10 1 24 150
25 46 39 43 4 22 0 0.07 0.0 0 8.6 13 190 M M 10 12 M M
26 48 39 44 5 21 0 0.00 0.0 0 8.2 12 80 M M 8 1 14 10
27 55 37 46 6 19 0 0.05 0.0 0 10.2 15 90 M M 8 1 21 90
28 55 43 49 9 16 0 0.31 0.0 0 16.8 25 90 M M 10 1 32 100
29 46 36 41 1 24 0 0.07 0.0 0 20.1 29 310 M M 8 1 40 310
30 59 30 45 4 20 0 0.00 0.0 0 6.5 14 20 M M 0 16 10
31 54 32 43 2 22 0 0.00 0.0 0 8.9 13 80 M M 1 15 360
================================================================================
SM 1391 977 822 0 3.47 T 361.8 M 189
================================================================================
AV 44.9 31.5 11.7 FASTST M M 6 MAX(MPH)
MISC ----> # 29 310 # 40 310
================================================================================
NOTES:
# LAST OF SEVERAL OCCURRENCES
COLUMN 17 PEAK WIND IN M.P.H.
PRELIMINARY LOCAL CLIMATOLOGICAL DATA (WS FORM: F-6) , PAGE 2
STATION: CHARLES_CITY IA
MONTH: MARCH
YEAR: 2020
LATITUDE: 43 4 N
LONGITUDE: 92 37 W
[TEMPERATURE DATA] [PRECIPITATION DATA] SYMBOLS USED IN COLUMN 16
AVERAGE MONTHLY: 38.2 TOTAL FOR MONTH: 3.47 1 = FOG OR MIST
DPTR FM NORMAL: 3.8 DPTR FM NORMAL: 1.60 2 = FOG REDUCING VISIBILITY
HIGHEST: 64 ON 8 GRTST 24HR 1.86 ON 19-19 TO 1/4 MILE OR LESS
LOWEST: 23 ON 21,15 3 = THUNDER
SNOW, ICE PELLETS, HAIL 4 = ICE PELLETS
TOTAL MONTH: T 5 = HAIL
GRTST 24HR T ON 5- 5 6 = FREEZING RAIN OR DRIZZLE
GRTST DEPTH: 0 7 = DUSTSTORM OR SANDSTORM:
VSBY 1/2 MILE OR LESS
8 = SMOKE OR HAZE
[NO. OF DAYS WITH] [WEATHER - DAYS WITH] 9 = BLOWING SNOW
X = TORNADO
MAX 32 OR BELOW: 1 0.01 INCH OR MORE: 10
MAX 90 OR ABOVE: 0 0.10 INCH OR MORE: 5
MIN 32 OR BELOW: 20 0.50 INCH OR MORE: 1
MIN 0 OR BELOW: 0 1.00 INCH OR MORE: 1
[HDD (BASE 65) ]
TOTAL THIS MO. 822 CLEAR (SCALE 0-3) 9
DPTR FM NORMAL -127 PTCLDY (SCALE 4-7) 8
TOTAL FM JUL 1 6340 CLOUDY (SCALE 8-10) 14
DPTR FM NORMAL -249
[CDD (BASE 65) ]
TOTAL THIS MO. 0
DPTR FM NORMAL 0 [PRESSURE DATA]
TOTAL FM JAN 1 0 HIGHEST SLP M ON M
DPTR FM NORMAL 0 LOWEST SLP M ON M
[REMARKS]
#FINAL-03-20#