000
CXUS55 KCYS 020350 CCA
CF6CDR
PRELIMINARY LOCAL CLIMATOLOGICAL DATA (WS FORM: F-6)...CORRECTED
STATION: CHADRON NEBRASKA AIRPORT
MONTH: JANUARY
YEAR: 2023
LATITUDE: 42 50 N
LONGITUDE: 103 6 W
TEMPERATURE IN F: :PCPN: SNOW: WIND :SUNSHINE: SKY :PK WND
================================================================================
1 2 3 4 5 6A 6B 7 8 9 10 11 12 13 14 15 16 17 18
12Z AVG MX 2MIN
DY MAX MIN AVG DEP HDD CDD WTR SNW DPTH SPD SPD DIR MIN PSBL S-S WX SPD DR
================================================================================
1 39 28 34 9 31 0 T M M 4.0 10 30 M M 10 1 13 30
2 33 28 31 6 34 0 0.44 M M 11.4 18 50 M M 10 16 23 60
3 30 11 21 -4 44 0 0.07 M M 4.1 15 40 M M 7 18 18 50
4 30 10 20 -5 45 0 0.00 M M 13.8 23 290 M M 4 18 32 290
5 29 4 17 -8 48 0 0.00 M M 3.9 16 230 M M 0 27 230
6 25 3 14 -11 51 0 0.00 M M 3.9 12 250 M M 3 14 250
7 36 7 22 -3 43 0 0.00 M M 6.7 20 290 M M 1 26 300
8 37 4 21 -4 44 0 0.00 M M 4.7 16 240 M M 0 20 240
9 40 11 26 1 39 0 0.00 M M 5.1 12 220 M M 0 16 250
10 42 20 31 6 34 0 0.00 M M 5.8 13 230 M M 3 25 220
11 34 20 27 2 38 0 0.03 M M 2.0 9 10 M M 7 1 12 360
12 37 14 26 1 39 0 0.00 M M 4.7 12 270 M M 2 14 270
13 44 15 30 4 35 0 0.00 M M 4.6 10 260 M M 0 12 250
14 47 24 36 10 29 0 0.00 M M 4.8 16 190 M M 0 22 220
15 41 27 34 8 31 0 0.05 M M 3.3 12 170 M M 8 13 170
16 37 28 33 7 32 0 0.01 M M 4.1 15 300 M M 9 12 20 300
17 37 31 34 8 31 0 T M M 3.1 9 50 M M 10 12 10 60
18 32 M M M M M 0.34 M M 9.8 14 40 M M 10 1 M M
19 31 10 21 -5 44 0 0.00 M M M M M M M M M M
20 36 M M M M M 0.00 M M 7.5 15 30 M M 5 1 21 20
21 34 15 25 -1 40 0 T M M 10.3 25 300 M M 7 1 34 310
22 38 9 24 -2 41 0 0.00 M M 6.4 15 310 M M 6 18 21 300
23 35 14 25 -1 40 0 0.01 M M 6.5 14 280 M M 7 1 21 270
24 37 12 25 -1 40 0 0.00 M M 13.8 23 290 M M 6 32 300
25 35 25 30 4 35 0 0.02 M M 12.5 30 350 M M 10 128 38 310
26 37 18 28 2 37 0 0.00 M M 18.7 36 280 M M 5 8 47 280
27 38 28 33 7 32 0 0.16 M M 11.1 33 280 M M 8 1 44 270
28 29 1 15 -11 50 0 0.12 M M 13.5 24 20 M M 10 19 31 20
29 3 1 2 -24 63 0 0.06 M M 5.7 16 280 M M 10 18 21 280
30 3 -18 -7 -33 72 0 0.00 M M 5.8 14 230 M M 2 17 280
31 17 -16 1 -25 64 0 0.00 M M 4.8 14 240 M M 0 17 240
================================================================================
SM 1023 384 1206 0 1.31 M 216.4 M 160
================================================================================
AV 33.0 13.2 7.2 FASTST M M 5 MAX(MPH)
MISC ----> 36 280 47 280
================================================================================
NOTES:
# LAST OF SEVERAL OCCURRENCES
COLUMN 17 PEAK WIND IN M.P.H.
PRELIMINARY LOCAL CLIMATOLOGICAL DATA (WS FORM: F-6) , PAGE 2
STATION: CHADRON NEBRASKA AIRPORT
MONTH: JANUARY
YEAR: 2023
LATITUDE: 42 50 N
LONGITUDE: 103 6 W
[TEMPERATURE DATA] [PRECIPITATION DATA] SYMBOLS USED IN COLUMN 16
AVERAGE MONTHLY: 23.1 TOTAL FOR MONTH: 1.31 1 = FOG OR MIST
DPTR FM NORMAL: -2.4 DPTR FM NORMAL: 1.16 2 = FOG REDUCING VISIBILITY
HIGHEST: 47 ON 14 GRTST 24HR 0.44 ON 2- 2 TO 1/4 MILE OR LESS
LOWEST: -18 ON 30 3 = THUNDER
SNOW, ICE PELLETS, HAIL 4 = ICE PELLETS
TOTAL MONTH: M 5 = HAIL
GRTST 24HR M ON M 6 = FREEZING RAIN OR DRIZZLE
GRTST DEPTH: M ON M 7 = DUSTSTORM OR SANDSTORM:
VSBY 1/2 MILE OR LESS
8 = SMOKE OR HAZE
[NO. OF DAYS WITH] [WEATHER - DAYS WITH] 9 = BLOWING SNOW
X = TORNADO
MAX 32 OR BELOW: 10 0.01 INCH OR MORE: 11
MAX 90 OR ABOVE: 0 0.10 INCH OR MORE: 4
MIN 32 OR BELOW: 29 0.50 INCH OR MORE: 0
MIN 0 OR BELOW: 2 1.00 INCH OR MORE: 0
[HDD (BASE 65) ]
TOTAL THIS MO. 1206 CLEAR (SCALE 0-3) 9
DPTR FM NORMAL -18 PTCLDY (SCALE 4-7) 13
TOTAL FM JUL 1 4160 CLOUDY (SCALE 8-10) 9
DPTR FM NORMAL 140
[CDD (BASE 65) ]
TOTAL THIS MO. 0
DPTR FM NORMAL 0 [PRESSURE DATA]
TOTAL FM JAN 1 0 HIGHEST SLP 30.59 ON 30
DPTR FM NORMAL 0 LOWEST SLP 29.52 ON 15
[REMARKS]
JANUARY 18...MINIMUM TEMPERATURE AND PEAK WIND MISSING.
JANUARY 19...SKY CONDITION AND WINDS MISSING.
JANUARY 20...MINIMUM TEMPERATURE MISSING.
MONTHLY PRECIPITATION 1.31" WAS 3RD WETTEST JANUARY.
#FINAL-01-23#