000
CXUS55 KCYS 051212
CF6CDR
PRELIMINARY LOCAL CLIMATOLOGICAL DATA (WS FORM: F-6)
STATION: CHADRON NEBRASKA AIRPORT
MONTH: FEBRUARY
YEAR: 2024
LATITUDE: 42 50 N
LONGITUDE: 103 6 W
TEMPERATURE IN F: :PCPN: SNOW: WIND :SUNSHINE: SKY :PK WND
================================================================================
1 2 3 4 5 6A 6B 7 8 9 10 11 12 13 14 15 16 17 18
12Z AVG MX 2MIN
DY MAX MIN AVG DEP HDD CDD WTR SNW DPTH SPD SPD DIR MIN PSBL S-S WX SPD DR
================================================================================
1 53 24 39 13 26 0 0.00 M M 3.3 12 230 M M 0 12 240
2 50 25 38 12 27 0 0.00 M M 5.2 15 150 M M 4 18 18 150
3 40 36 38 12 27 0 0.26 M M 7.0 14 50 M M 10 128 19 20
4 47 28 38 12 27 0 0.05 M M 3.5 9 80 M M 6 1 15 210
5 60 23 42 16 23 0 0.00 M M 9.1 23 230 M M 0 30 200
6 62 27 45 19 20 0 0.00 M M 4.6 13 170 M M 0 17 180
7 48 33 41 15 24 0 T M M 3.9 14 20 M M 7 12 17 20
8 45 27 36 10 29 0 0.01 M M 16.4 36 300 M M 4 1 49 300
9 46 24 35 9 30 0 0.00 M M 8.2 16 280 M M 2 22 300
10 30 18 24 -3 41 0 0.10 M M 3.3 10 50 M M 9 18 13 40
11 44 14 29 2 36 0 0.00 M M 8.2 24 300 M M 1 36 300
12 47 22 35 8 30 0 T M M 4.8 13 270 M M 7 17 270
13 50 28 39 12 26 0 0.00 M M 6.6 16 260 M M 4 19 270
14 30 26 28 1 37 0 T M M 8.7 20 360 M M 10 1268 24 10
15 30 19 25 -3 40 0 0.17 M M 9.6 20 40 M M 10 12 28 40
16 19 -9 5 -23 60 0 0.01 M M 8.6 18 30 M M 5 18 23 30
17 33 4 19 -9 46 0 0.00 M M 13.4 22 270 M M 0 28 270
18 44 7 26 -2 39 0 0.00 M M 7.9 22 280 M M 1 28 290
19 53 31 42 14 23 0 0.00 M M 11.8 26 300 M M 3 36 310
20 59 27 43 14 22 0 0.00 M M 6.8 28 310 M M 1 37 300
21 54 28 41 12 24 0 T M M 4.0 10 350 M M 4 M M
22 54 28 41 12 24 0 0.00 M M 9.6 28 310 M M 2 37 320
23 54 27 41 11 24 0 0.00 M M 12.7 32 330 M M 1 46 310
24 59 25 42 12 23 0 0.00 M M 10.8 29 280 M M 0 39 280
25 65 25 45 15 20 0 0.00 M M 11.1 26 270 M M 0 39 270
26 67 25 46 15 19 0 0.00 M M 16.1 37 270 M M 0 49 260
27 37 -3 17 -14 48 0 0.03 M M 11.1 25 30 M M 4 18 36 30
28 51 -3 24 -8 41 0 0.00 M M 7.0 18 280 M M 1 8 23 280
29 67 25 46 14 19 0 0.00 M M 13.0 25 260 M M 0 34 250
================================================================================
SM 1398 611 875 0 0.63 M 246.3 M 96
================================================================================
AV 48.2 21.1 8.5 FASTST M M 3 MAX(MPH)
MISC ----> 37 270 # 49 300
================================================================================
NOTES:
# LAST OF SEVERAL OCCURRENCES
COLUMN 17 PEAK WIND IN M.P.H.
PRELIMINARY LOCAL CLIMATOLOGICAL DATA (WS FORM: F-6) , PAGE 2
STATION: CHADRON NEBRASKA AIRPORT
MONTH: FEBRUARY
YEAR: 2024
LATITUDE: 42 50 N
LONGITUDE: 103 6 W
[TEMPERATURE DATA] [PRECIPITATION DATA] SYMBOLS USED IN COLUMN 16
AVERAGE MONTHLY: 34.6 TOTAL FOR MONTH: 0.63 1 = FOG OR MIST
DPTR FM NORMAL: 6.7 DPTR FM NORMAL: 0.34 2 = FOG REDUCING VISIBILITY
HIGHEST: 67 ON 29,26 GRTST 24HR 0.28 ON 3- 4 TO 1/4 MILE OR LESS
LOWEST: -9 ON 16 3 = THUNDER
SNOW, ICE PELLETS, HAIL 4 = ICE PELLETS
TOTAL MONTH: M 5 = HAIL
GRTST 24HR M ON M 6 = FREEZING RAIN OR DRIZZLE
GRTST DEPTH: M ON M 7 = DUSTSTORM OR SANDSTORM:
VSBY 1/2 MILE OR LESS
8 = SMOKE OR HAZE
[NO. OF DAYS WITH] [WEATHER - DAYS WITH] 9 = BLOWING SNOW
X = TORNADO
MAX 32 OR BELOW: 4 0.01 INCH OR MORE: 7
MAX 90 OR ABOVE: 0 0.10 INCH OR MORE: 3
MIN 32 OR BELOW: 27 0.50 INCH OR MORE: 0
MIN 0 OR BELOW: 3 1.00 INCH OR MORE: 0
[HDD (BASE 65) ]
TOTAL THIS MO. 875 CLEAR (SCALE 0-3) 16
DPTR FM NORMAL -164 PTCLDY (SCALE 4-7) 9
TOTAL FM JUL 1 4785 CLOUDY (SCALE 8-10) 4
DPTR FM NORMAL -342
[CDD (BASE 65) ]
TOTAL THIS MO. 0
DPTR FM NORMAL 0 [PRESSURE DATA]
TOTAL FM JAN 1 0 HIGHEST SLP 30.67 ON 16
DPTR FM NORMAL 0 LOWEST SLP 29.36 ON 7
[REMARKS]
#FINAL-02-24#
PRECIPITATION VALUES ARE FROM COOP BACKUP STATION (CHADRON 3SW) FOR ALL SNOW
EVENTS (2/10, 2/15, 2/16, 2/27) DUE TO ASOS ERRORS