000
CXUS55 KCYS 031142 CCA
CF6CDR
PRELIMINARY LOCAL CLIMATOLOGICAL DATA (WS FORM: F-6)...CORRECTED
STATION: CHADRON NEBRASKA AIRPORT
MONTH: AUGUST
YEAR: 2022
LATITUDE: 42 50 N
LONGITUDE: 103 6 W
TEMPERATURE IN F: :PCPN: SNOW: WIND :SUNSHINE: SKY :PK WND
================================================================================
1 2 3 4 5 6A 6B 7 8 9 10 11 12 13 14 15 16 17 18
12Z AVG MX 2MIN
DY MAX MIN AVG DEP HDD CDD WTR SNW DPTH SPD SPD DIR MIN PSBL S-S WX SPD DR
================================================================================
1 103 59 81 5 0 16 0.00 M M 3.9 12 160 M M 0 15 160
2 104 60 82 6 0 17 T M M 8.4 26 310 M M 1 38 300
3 94 59 77 1 0 12 0.00 M M 7.6 26 150 M M 1 35 150
4 105 74 90 14 0 25 0.00 M M 18.3 36 180 M M 0 48 180
5 109 74 92 17 0 27 0.01 M M 12.1 40 250 M M 1 3 54 260
6 84 62 73 -2 0 8 0.00 M M 13.8 23 40 M M 6 31 40
7 84 58 71 -4 0 6 T M M 6.7 17 70 M M 6 18 23 80
8 97 51 74 -1 0 9 0.00 M M 8.3 25 180 M M 1 34 180
9 102 63 83 9 0 18 0.00 M M 6.2 15 60 M M 0 8 22 40
10 104 60 82 8 0 17 0.00 M M 8.7 24 180 M M 0 31 190
11 103 75 89 15 0 24 0.00 M M 16.1 29 180 M M 0 41 180
12 99 71 85 11 0 20 0.00 M M 8.6 22 190 M M 0 35 240
13 97 66 82 8 0 17 0.11 M M 11.5 25 230 M M 3 3 35 220
14 94 66 80 7 0 15 0.66 M M 7.3 33 220 M M 4 13 46 230
15 84 63 74 1 0 9 0.04 M M 7.8 25 20 M M 4 1 34 10
16 89 60 75 2 0 10 0.00 M M 5.7 15 130 M M 3 12 17 120
17 92 58 75 2 0 10 0.14 M M 7.5 35 360 M M 1 13 44 360
18 92 59 76 4 0 11 T M M 5.4 18 260 M M 2 22 250
19 85 54 70 -2 0 5 0.00 M M 5.9 20 360 M M 1 34 350
20 86 49 68 -4 0 3 0.00 M M 5.1 20 150 M M 1 24 160
21 93 64 79 7 0 14 0.00 M M 12.9 21 180 M M 1 32 170
22 97 60 79 8 0 14 0.00 M M 7.1 24 20 M M 1 3 31 10
23 96 61 79 8 0 14 T M M 7.6 24 70 M M 2 3 31 70
24 87 58 73 2 0 8 0.09 M M 4.4 28 340 M M 3 13 40 340
25 85 52 69 -2 0 4 0.01 M M 8.8 21 70 M M 3 12 29 50
26 93 58 76 6 0 11 0.01 M M 7.5 24 270 M M 5 3 34 260
27 96 51 74 4 0 9 0.00 M M 7.5 22 180 M M 0 28 180
28 87 54 71 1 0 6 0.00 M M 7.8 17 40 M M 0 27 310
29 90 50 70 0 0 5 0.00 M M 6.3 15 320 M M 0 22 350
30 98 47 73 4 0 8 0.00 M M 2.1 10 150 M M 0 8 15 190
31 93 55 74 5 0 9 0.03 M M 5.8 16 210 M M 1 3 23 200
================================================================================
SM 2922 1851 0 381 1.10 M 252.7 M 51
================================================================================
AV 94.3 59.7 8.2 FASTST M M 2 MAX(MPH)
MISC ----> 40 250 54 260
================================================================================
NOTES:
# LAST OF SEVERAL OCCURRENCES
COLUMN 17 PEAK WIND IN M.P.H.
PRELIMINARY LOCAL CLIMATOLOGICAL DATA (WS FORM: F-6) , PAGE 2
STATION: CHADRON NEBRASKA AIRPORT
MONTH: AUGUST
YEAR: 2022
LATITUDE: 42 50 N
LONGITUDE: 103 6 W
[TEMPERATURE DATA] [PRECIPITATION DATA] SYMBOLS USED IN COLUMN 16
AVERAGE MONTHLY: 77.0 TOTAL FOR MONTH: 1.10 1 = FOG OR MIST
DPTR FM NORMAL: 4.2 DPTR FM NORMAL: -0.17 2 = FOG REDUCING VISIBILITY
HIGHEST: 109 ON 5 GRTST 24HR 0.66 ON 14-14 TO 1/4 MILE OR LESS
LOWEST: 47 ON 30 3 = THUNDER
SNOW, ICE PELLETS, HAIL 4 = ICE PELLETS
TOTAL MONTH: M 5 = HAIL
GRTST 24HR M ON M 6 = FREEZING RAIN OR DRIZZLE
GRTST DEPTH: M ON M 7 = DUSTSTORM OR SANDSTORM:
VSBY 1/2 MILE OR LESS
8 = SMOKE OR HAZE
[NO. OF DAYS WITH] [WEATHER - DAYS WITH] 9 = BLOWING SNOW
X = TORNADO
MAX 32 OR BELOW: 0 0.01 INCH OR MORE: 9
MAX 90 OR ABOVE: 22 0.10 INCH OR MORE: 3
MIN 32 OR BELOW: 0 0.50 INCH OR MORE: 1
MIN 0 OR BELOW: 0 1.00 INCH OR MORE: 0
[HDD (BASE 65) ]
TOTAL THIS MO. 0 CLEAR (SCALE 0-3) 25
DPTR FM NORMAL -19 PTCLDY (SCALE 4-7) 6
TOTAL FM JUL 1 0 CLOUDY (SCALE 8-10) 0
DPTR FM NORMAL -21
[CDD (BASE 65) ]
TOTAL THIS MO. 381
DPTR FM NORMAL 122 [PRESSURE DATA]
TOTAL FM JAN 1 958 HIGHEST SLP 30.19 ON 30
DPTR FM NORMAL 230 LOWEST SLP 29.49 ON 27
[REMARKS]
AUGUST 1...TIED RECORD HIGH 103 DEGREES PREVIOUSLY SET IN 2011.
AUGUST 2...TIED RECORD HIGH 104 DEGREES PREVIOUSLY SET IN 1938.
AUGUST 4...RECORD HIGH 105 DEGREES (PREVIOUS 104 DEGREES IN 1947).
AUGUST 5...RECORD HIGH 109 DEGREES (PREVIOUS 102 DEGREES IN 1979).
AVERAGE TEMPERATURE 77.0 DEGREES WAS SECOND WARMEST AUGUST.
#FINAL-08-22#