000
CXUS55 KCYS 020142 CCA
CF6CDR
PRELIMINARY LOCAL CLIMATOLOGICAL DATA (WS FORM: F-6)...CORRECTED
STATION: CHADRON NEBRASKA AIRPORT
MONTH: MARCH
YEAR: 2022
LATITUDE: 42 50 N
LONGITUDE: 103 6 W
TEMPERATURE IN F: :PCPN: SNOW: WIND :SUNSHINE: SKY :PK WND
================================================================================
1 2 3 4 5 6A 6B 7 8 9 10 11 12 13 14 15 16 17 18
12Z AVG MX 2MIN
DY MAX MIN AVG DEP HDD CDD WTR SNW DPTH SPD SPD DIR MIN PSBL S-S WX SPD DR
================================================================================
1 71 34 53 21 12 0 0.00 M M 9.6 20 270 M M 0 28 260
2 70 28 49 17 16 0 0.00 M M 6.0 23 20 M M 0 33 30
3 53 28 41 8 24 0 0.00 M M 7.7 20 180 M M 5 18 24 180
4 58 28 43 10 22 0 0.00 M M 12.8 22 200 M M 3 8 30 180
5 29 16 23 -11 42 0 0.00 M M 11.2 22 10 M M 10 12 32 40
6 26 2 14 -20 51 0 0.00 M M 7.2 14 30 M M 7 19 30
7 31 4 18 -16 47 0 0.00 M M 8.9 17 250 M M 1 21 240
8 29 11 20 -15 45 0 0.11 M M 8.4 17 50 M M 7 12 22 50
9 16 -6 5 -30 60 0 0.03 M M 6.2 17 50 M M 9 8 22 50
10 20 -15 3 -33 62 0 0.00 M M 10.0 21 290 M M 0 29 270
11 19 1 10 -26 55 0 0.00 M M 5.9 18 270 M M 1 23 250
12 48 11 30 -7 35 0 0.00 M M 9.2 18 270 M M 5 26 270
13 60 25 43 6 22 0 0.00 M M 8.3 26 290 M M 1 35 290
14 56 30 43 5 22 0 0.00 M M 5.1 15 270 M M 4 25 300
15 71 29 50 12 15 0 0.00 M M 10.4 23 270 M M 0 30 230
16 59 37 48 10 17 0 0.01 M M 7.9 22 360 M M 5 29 360
17 50 27 39 0 26 0 0.06 M M 8.1 20 20 M M 5 25 10
18 59 22 41 2 24 0 0.00 M M 7.1 22 310 M M 1 30 310
19 63 24 44 5 21 0 0.00 M M 5.7 14 160 M M 0 20 260
20 71 35 53 13 12 0 0.00 M M 7.1 20 230 M M 1 27 240
21 51 30 41 1 24 0 0.00 M M 10.1 24 350 M M 6 8 33 10
22 53 26 40 0 25 0 0.00 M M 16.2 36 10 M M 4 53 20
23 57 18 38 -3 27 0 0.00 M M 10.2 24 10 M M 0 35 360
24 72 20 46 5 19 0 0.00 M M 11.5 24 30 M M 4 34 40
25 57 33 45 4 20 0 T M M 7.6 20 360 M M 5 28 10
26 57 29 43 1 22 0 0.00 M M 7.8 17 80 M M 1 23 80
27 63 31 47 5 18 0 0.00 M M 13.0 26 170 M M 0 34 170
28 83 37 60 18 5 0 0.00 M M 12.0 31 180 M M 0 40 170
29 61 27 44 2 21 0 0.08 M M 12.2 40 20 M M 5 128 54 10
30 34 17 26 -16 39 0 0.40 M M 8.5 23 310 M M 4 128 35 310
31 54 14 34 -9 31 0 0.00 M M 4.4 14 80 M M 1 17 70
================================================================================
SM 1601 653 881 0 0.69 M 276.3 M 95
================================================================================
AV 51.6 21.1 8.9 FASTST M M 3 MAX(MPH)
MISC ----> 40 20 54 10
================================================================================
NOTES:
# LAST OF SEVERAL OCCURRENCES
COLUMN 17 PEAK WIND IN M.P.H.
PRELIMINARY LOCAL CLIMATOLOGICAL DATA (WS FORM: F-6) , PAGE 2
STATION: CHADRON NEBRASKA AIRPORT
MONTH: MARCH
YEAR: 2022
LATITUDE: 42 50 N
LONGITUDE: 103 6 W
[TEMPERATURE DATA] [PRECIPITATION DATA] SYMBOLS USED IN COLUMN 16
AVERAGE MONTHLY: 36.4 TOTAL FOR MONTH: 0.69 1 = FOG OR MIST
DPTR FM NORMAL: -1.5 DPTR FM NORMAL: -0.12 2 = FOG REDUCING VISIBILITY
HIGHEST: 83 ON 28 GRTST 24HR 0.48 ON 29-30 TO 1/4 MILE OR LESS
LOWEST: -15 ON 10 3 = THUNDER
SNOW, ICE PELLETS, HAIL 4 = ICE PELLETS
TOTAL MONTH: M 5 = HAIL
GRTST 24HR M ON M 6 = FREEZING RAIN OR DRIZZLE
GRTST DEPTH: M ON M 7 = DUSTSTORM OR SANDSTORM:
VSBY 1/2 MILE OR LESS
8 = SMOKE OR HAZE
[NO. OF DAYS WITH] [WEATHER - DAYS WITH] 9 = BLOWING SNOW
X = TORNADO
MAX 32 OR BELOW: 7 0.01 INCH OR MORE: 6
MAX 90 OR ABOVE: 0 0.10 INCH OR MORE: 2
MIN 32 OR BELOW: 26 0.50 INCH OR MORE: 0
MIN 0 OR BELOW: 2 1.00 INCH OR MORE: 0
[HDD (BASE 65) ]
TOTAL THIS MO. 881 CLEAR (SCALE 0-3) 15
DPTR FM NORMAL 41 PTCLDY (SCALE 4-7) 14
TOTAL FM JUL 1 5368 CLOUDY (SCALE 8-10) 2
DPTR FM NORMAL -534
[CDD (BASE 65) ]
TOTAL THIS MO. 0
DPTR FM NORMAL 0 [PRESSURE DATA]
TOTAL FM JAN 1 0 HIGHEST SLP 30.48 ON 7
DPTR FM NORMAL 0 LOWEST SLP 29.36 ON 29
[REMARKS]
MARCH 1...RECORD HIGH 71 DEGREES (PREVIOUS 69 DEGREES IN 1974)
MARCH 28...TIED RECORD HIGH 83 DEGREES PREVIOUSLY SET IN 2015
#FINAL-03-22#