000
CXUS55 KCYS 031248 CCA
CF6CDR
PRELIMINARY LOCAL CLIMATOLOGICAL DATA (WS FORM: F-6)...CORRECTED
STATION: CHADRON NEBRASKA AIRPORT
MONTH: FEBRUARY
YEAR: 2022
LATITUDE: 42 50 N
LONGITUDE: 103 6 W
TEMPERATURE IN F: :PCPN: SNOW: WIND :SUNSHINE: SKY :PK WND
================================================================================
1 2 3 4 5 6A 6B 7 8 9 10 11 12 13 14 15 16 17 18
12Z AVG MX 2MIN
DY MAX MIN AVG DEP HDD CDD WTR SNW DPTH SPD SPD DIR MIN PSBL S-S WX SPD DR
================================================================================
1 28 7 18 -8 47 0 0.00 M M 9.8 21 290 M M 6 29 300
2 11 -6 3 -23 62 0 T M M 7.4 15 80 M M 7 8 18 50
3 29 -7 11 -15 54 0 0.00 M M 8.9 20 260 M M 0 26 270
4 45 14 30 4 35 0 0.00 M M 7.8 18 270 M M 3 26 250
5 53 19 36 10 29 0 0.00 M M 13.0 29 300 M M 1 39 310
6 47 21 34 8 31 0 0.00 M M 14.7 24 300 M M 5 32 290
7 59 20 40 14 25 0 0.00 M M 11.7 28 270 M M 0 36 270
8 52 27 40 14 25 0 0.00 M M 13.5 35 310 M M 1 8 50 300
9 48 28 38 12 27 0 T M M 12.3 23 310 M M 9 12 32 300
10 63 23 43 16 22 0 0.00 M M 12.2 29 280 M M 7 12 39 270
11 42 14 28 1 37 0 0.01 M M 13.9 30 310 M M 8 18 43 310
12 46 19 33 6 32 0 0.00 M M 14.3 26 290 M M 8 36 280
13 58 13 36 9 29 0 0.00 M M 7.8 26 300 M M 0 37 300
14 59 12 36 9 29 0 0.00 M M 9.2 26 180 M M 0 35 210
15 60 22 41 13 24 0 0.00 M M 7.1 24 30 M M 1 34 30
16 31 17 24 -4 41 0 0.01 M M 8.4 17 30 M M 10 128 22 30
17 34 -4 15 -13 50 0 0.00 M M 6.9 15 240 M M 4 19 240
18 48 28 38 10 27 0 T M M 13.9 29 280 M M 5 39 280
19 59 21 40 12 25 0 0.00 M M 10.0 26 280 M M 1 35 260
20 63 20 42 13 23 0 0.00 M M 11.0 21 20 M M 0 31 230
21 20 -6 7 -22 58 0 T M M 18.4 30 20 M M 10 8 37 40
22 1 -16 -7 -36 72 0 T M M 11.5 22 30 M M 6 89 29 30
23 7 -13 -3 -33 68 0 T M M 5.9 13 150 M M 4 8 16 120
24 13 -7 3 -27 62 0 T M M 5.9 16 160 M M 5 8 19 160
25 27 -5 11 -19 54 0 0.00 M M 5.7 12 240 M M 2 15 260
26 35 3 19 -12 46 0 0.00 M M 11.0 23 280 M M 0 30 270
27 52 10 31 0 34 0 0.00 M M 11.5 23 280 M M 0 32 280
28 62 26 44 12 21 0 0.00 M M 10.9 26 270 M M 0 36 270
================================================================================
SM 1152 300 1089 0 0.02 M 294.6 M 103
================================================================================
AV 41.1 10.7 10.5 FASTST M M 4 MAX(MPH)
MISC ----> 35 310 50 300
================================================================================
NOTES:
# LAST OF SEVERAL OCCURRENCES
COLUMN 17 PEAK WIND IN M.P.H.
PRELIMINARY LOCAL CLIMATOLOGICAL DATA (WS FORM: F-6) , PAGE 2
STATION: CHADRON NEBRASKA AIRPORT
MONTH: FEBRUARY
YEAR: 2022
LATITUDE: 42 50 N
LONGITUDE: 103 6 W
[TEMPERATURE DATA] [PRECIPITATION DATA] SYMBOLS USED IN COLUMN 16
AVERAGE MONTHLY: 25.9 TOTAL FOR MONTH: 0.02 1 = FOG OR MIST
DPTR FM NORMAL: -2.0 DPTR FM NORMAL: -0.27 2 = FOG REDUCING VISIBILITY
HIGHEST: 63 ON 20,10 GRTST 24HR 0.01 ON 10-11 TO 1/4 MILE OR LESS
LOWEST: -16 ON 22 3 = THUNDER
SNOW, ICE PELLETS, HAIL 4 = ICE PELLETS
TOTAL MONTH: M 5 = HAIL
GRTST 24HR M ON M 6 = FREEZING RAIN OR DRIZZLE
GRTST DEPTH: M ON M 7 = DUSTSTORM OR SANDSTORM:
VSBY 1/2 MILE OR LESS
8 = SMOKE OR HAZE
[NO. OF DAYS WITH] [WEATHER - DAYS WITH] 9 = BLOWING SNOW
X = TORNADO
MAX 32 OR BELOW: 9 0.01 INCH OR MORE: 2
MAX 90 OR ABOVE: 0 0.10 INCH OR MORE: 0
MIN 32 OR BELOW: 28 0.50 INCH OR MORE: 0
MIN 0 OR BELOW: 8 1.00 INCH OR MORE: 0
[HDD (BASE 65) ]
TOTAL THIS MO. 1089 CLEAR (SCALE 0-3) 14
DPTR FM NORMAL 50 PTCLDY (SCALE 4-7) 11
TOTAL FM JUL 1 4487 CLOUDY (SCALE 8-10) 3
DPTR FM NORMAL -574
[CDD (BASE 65) ]
TOTAL THIS MO. 0
DPTR FM NORMAL 0 [PRESSURE DATA]
TOTAL FM JAN 1 0 HIGHEST SLP 30.86 ON 22
DPTR FM NORMAL 0 LOWEST SLP 29.59 ON 15
[REMARKS]
FEBRAURY 22...RECORD LOW -16 DEGREES (PREVIOUS -7 DEGREES IN 2010)
FEBRAURY 22...RECORD LOW HIGH 1 DEGREE (PREVIOUS 16 DEGREES IN 1957)
FEBRUARY 23...TIED RECORD LOW -13 DEGREES PREVIOUSLY SET IN 1955
MONTHLY PRECIPITATION 0.02" TIED 1926 & 1928 FOR 3RD DRIEST
#FINAL-02-22#