000
CXUS55 KCYS 091248 CCA
CF6CDR
PRELIMINARY LOCAL CLIMATOLOGICAL DATA (WS FORM: F-6)...CORRECTED
STATION: CHADRON NEBRASKA AIRPORT
MONTH: JANUARY
YEAR: 2022
LATITUDE: 42 50 N
LONGITUDE: 103 6 W
TEMPERATURE IN F: :PCPN: SNOW: WIND :SUNSHINE: SKY :PK WND
================================================================================
1 2 3 4 5 6A 6B 7 8 9 10 11 12 13 14 15 16 17 18
12Z AVG MX 2MIN
DY MAX MIN AVG DEP HDD CDD WTR SNW DPTH SPD SPD DIR MIN PSBL S-S WX SPD DR
================================================================================
1 6 -10 -2 -27 67 0 T M M 5.3 13 230 M M 5 8 13 230
2 37 -10 14 -11 51 0 0.00 M M 8.2 21 270 M M 0 30 250
3 45 12 29 4 36 0 0.00 M M 8.1 24 240 M M 0 30 240
4 44 7 26 1 39 0 T M M 11.3 26 290 M M 4 8 42 280
5 7 -11 -2 -27 67 0 T M M 7.8 20 280 M M 6 8 24 290
6 15 -12 2 -23 63 0 T M M 5.0 15 190 M M 6 8 18 180
7 48 3 26 1 39 0 0.00 M M 6.8 26 200 M M 0 35 210
8 46 22 34 9 31 0 0.00 M M 9.8 23 230 M M 4 30 230
9 42 9 26 1 39 0 0.00 M M 4.9 14 280 M M 1 18 320
10 52 19 36 11 29 0 0.00 M M 7.2 18 250 M M 0 23 240
11 50 23 37 12 28 0 0.00 M M 10.8 28 290 M M 0 39 300
12 54 26 40 15 25 0 0.00 M M 8.2 18 280 M M 1 24 280
13 58 33 46 20 19 0 0.00 M M 6.8 16 280 M M 1 24 280
14 44 26 35 9 30 0 0.00 M M 14.5 36 20 M M 9 50 10
15 48 18 33 7 32 0 0.00 M M 7.7 21 290 M M 2 30 300
16 45 24 35 9 30 0 0.00 M M 11.1 21 10 M M 2 27 280
17 58 24 41 15 24 0 0.00 M M 9.0 20 300 M M 0 26 290
18 54 15 35 9 30 0 T M M 10.7 23 40 M M 4 8 30 30
19 15 -6 5 -21 60 0 T M M 6.0 15 50 M M 7 8 19 40
20 31 -7 12 -14 53 0 0.00 M M 4.2 20 170 M M 1 26 170
21 44 25 35 9 30 0 0.13 M M 14.0 30 300 M M 4 1 43 310
22 47 21 34 8 31 0 0.00 M M 10.5 23 280 M M 2 31 300
23 52 31 42 16 23 0 0.00 M M 15.9 25 280 M M 6 36 270
24 45 28 37 11 28 0 T M M 9.5 23 310 M M 7 32 320
25 31 14 23 -3 42 0 0.00 M M 5.7 22 10 M M 7 30 10
26 44 16 30 4 35 0 0.00 M M 13.1 25 310 M M 2 38 320
27 39 19 29 3 36 0 T M M 10.0 29 360 M M 6 41 310
28 51 18 35 9 30 0 0.00 M M 11.0 29 300 M M 2 39 300
29 57 20 39 13 26 0 0.00 M M 10.6 24 300 M M 0 34 300
30 55 17 36 10 29 0 0.00 M M 7.8 23 280 M M 0 29 270
31 60 21 41 15 24 0 0.00 M M 15.4 43 260 M M 0 8 56 270
================================================================================
SM 1324 435 1126 0 0.13 M 286.9 M 89
================================================================================
AV 42.7 14.0 9.3 FASTST M M 3 MAX(MPH)
MISC ----> 43 260 56 270
================================================================================
NOTES:
# LAST OF SEVERAL OCCURRENCES
COLUMN 17 PEAK WIND IN M.P.H.
PRELIMINARY LOCAL CLIMATOLOGICAL DATA (WS FORM: F-6) , PAGE 2
STATION: CHADRON NEBRASKA AIRPORT
MONTH: JANUARY
YEAR: 2022
LATITUDE: 42 50 N
LONGITUDE: 103 6 W
[TEMPERATURE DATA] [PRECIPITATION DATA] SYMBOLS USED IN COLUMN 16
AVERAGE MONTHLY: 28.4 TOTAL FOR MONTH: 0.13 1 = FOG OR MIST
DPTR FM NORMAL: 2.9 DPTR FM NORMAL: -0.02 2 = FOG REDUCING VISIBILITY
HIGHEST: 60 ON 31 GRTST 24HR 0.13 ON 21 TO 1/4 MILE OR LESS
LOWEST: -12 ON 6 3 = THUNDER
SNOW, ICE PELLETS, HAIL 4 = ICE PELLETS
TOTAL MONTH: M 5 = HAIL
GRTST 24HR M ON M 6 = FREEZING RAIN OR DRIZZLE
GRTST DEPTH: M ON M 7 = DUSTSTORM OR SANDSTORM:
VSBY 1/2 MILE OR LESS
8 = SMOKE OR HAZE
[NO. OF DAYS WITH] [WEATHER - DAYS WITH] 9 = BLOWING SNOW
X = TORNADO
MAX 32 OR BELOW: 6 0.01 INCH OR MORE: 1
MAX 90 OR ABOVE: 0 0.10 INCH OR MORE: 1
MIN 32 OR BELOW: 30 0.50 INCH OR MORE: 0
MIN 0 OR BELOW: 6 1.00 INCH OR MORE: 0
[HDD (BASE 65) ]
TOTAL THIS MO. 1126 CLEAR (SCALE 0-3) 18
DPTR FM NORMAL -98 PTCLDY (SCALE 4-7) 12
TOTAL FM JUL 1 3398 CLOUDY (SCALE 8-10) 1
DPTR FM NORMAL -622
[CDD (BASE 65) ]
TOTAL THIS MO. 0
DPTR FM NORMAL 0 [PRESSURE DATA]
TOTAL FM JAN 1 0 HIGHEST SLP 30.75 ON 19
DPTR FM NORMAL 0 LOWEST SLP 29.51 ON 8
[REMARKS]
#FINAL-01-22#