000
CXUS55 KCYS 101102
CF6CDR
PRELIMINARY LOCAL CLIMATOLOGICAL DATA (WS FORM: F-6)
STATION: CHADRON NEBRASKA AIRPORT
MONTH: MAY
YEAR: 2021
LATITUDE: 42 50 N
LONGITUDE: 103 6 W
TEMPERATURE IN F: :PCPN: SNOW: WIND :SUNSHINE: SKY :PK WND
================================================================================
1 2 3 4 5 6A 6B 7 8 9 10 11 12 13 14 15 16 17 18
12Z AVG MX 2MIN
DY MAX MIN AVG DEP HDD CDD WTR SNW DPTH SPD SPD DIR MIN PSBL S-S WX SPD DR
================================================================================
1 84 45 65 15 0 0 0.07 M M 7.3 44 280 M M 2 3 56 280
2 66 48 57 7 8 0 0.05 M M 11.5 29 30 M M 7 8 41 40
3 58 34 46 -5 19 0 0.00 M M 11.4 26 30 M M 7 33 40
4 66 27 47 -4 18 0 0.03 M M 7.6 25 200 M M 4 3 34 190
5 65 37 51 0 14 0 0.02 M M 8.9 26 300 M M 4 37 310
6 69 34 52 0 13 0 0.00 M M 5.1 10 50 M M 1 13 260
7 78 33 56 4 9 0 0.00 M M 10.1 28 140 M M 0 43 130
8 60 38 49 -4 16 0 0.00 M M 11.6 23 20 M M 8 31 120
9 59 34 47 -6 18 0 0.00 M M 5.7 16 30 M M 5 23 350
10 56 31 44 -9 21 0 0.00 M M 6.3 15 50 M M 9 19 70
11 59 33 46 -8 19 0 0.00 M M 5.3 16 200 M M 7 24 150
12 63 31 47 -7 18 0 0.05 M M 8.6 21 190 M M 2 3 36 170
13 75 30 53 -2 12 0 0.06 M M 6.3 29 330 M M 1 123 44 330
14 64 34 49 -6 16 0 T M M 3.5 14 20 M M 4 1 19 20
15 67 38 53 -3 12 0 0.15 M M 6.8 21 50 M M 8 13 26 60
16 70 48 59 3 6 0 0.27 M M 7.0 22 50 M M 6 13 26 50
17 72 42 57 1 8 0 0.00 M M 7.4 22 150 M M 6 12 29 160
18 77 54 66 9 0 1 0.00 M M 15.6 25 180 M M 1 34 190
19 82 49 66 9 0 1 0.00 M M 11.7 25 160 M M 0 35 170
20 84 54 69 11 0 4 0.00 M M 15.2 29 160 M M 0 38 170
21 66 44 55 -3 10 0 0.33 M M 12.4 23 20 M M 9 138 31 20
22 50 42 46 -12 19 0 0.01 M M 8.2 14 60 M M 10 18 17 70
23 79 40 60 1 5 0 0.73 M M 13.8 38 290 M M 6 123 57 200
24 75 38 57 -2 8 0 0.00 M M 11.4 26 230 M M 0 41 240
25 74 42 58 -2 7 0 0.00 M M 6.5 15 300 M M 0 22 320
26 76 43 60 0 5 0 0.02 M M 13.0 40 310 M M 3 38 61 310
27 59 41 50 -10 15 0 0.00 M M 10.7 23 30 M M 7 32 300
28 70 43 57 -4 8 0 0.01 M M 15.5 43 180 M M 6 3 56 170
29 64 52 58 -3 7 0 0.00 M M 8.1 26 160 M M 6 34 170
30 71 45 58 -3 7 0 T M M 4.6 10 360 M M 3 15 90
31 75 40 58 -4 7 0 0.00 M M 7.4 16 190 M M 1 25 180
================================================================================
SM 2133 1244 325 6 1.80 M 284.5 M 133
================================================================================
AV 68.8 40.1 9.2 FASTST M M 4 MAX(MPH)
MISC ----> 44 280 61 310
================================================================================
NOTES:
# LAST OF SEVERAL OCCURRENCES
COLUMN 17 PEAK WIND IN M.P.H.
PRELIMINARY LOCAL CLIMATOLOGICAL DATA (WS FORM: F-6) , PAGE 2
STATION: CHADRON NEBRASKA AIRPORT
MONTH: MAY
YEAR: 2021
LATITUDE: 42 50 N
LONGITUDE: 103 6 W
[TEMPERATURE DATA] [PRECIPITATION DATA] SYMBOLS USED IN COLUMN 16
AVERAGE MONTHLY: 54.5 TOTAL FOR MONTH: 1.80 1 = FOG OR MIST
DPTR FM NORMAL: -1.4 DPTR FM NORMAL: -0.91 2 = FOG REDUCING VISIBILITY
HIGHEST: 84 ON 20, 1 GRTST 24HR 0.73 ON 22-23 TO 1/4 MILE OR LESS
LOWEST: 27 ON 4 3 = THUNDER
SNOW, ICE PELLETS, HAIL 4 = ICE PELLETS
TOTAL MONTH: M 5 = HAIL
GRTST 24HR M ON M 6 = FREEZING RAIN OR DRIZZLE
GRTST DEPTH: M ON M 7 = DUSTSTORM OR SANDSTORM:
VSBY 1/2 MILE OR LESS
8 = SMOKE OR HAZE
[NO. OF DAYS WITH] [WEATHER - DAYS WITH] 9 = BLOWING SNOW
X = TORNADO
MAX 32 OR BELOW: 0 0.01 INCH OR MORE: 13
MAX 90 OR ABOVE: 0 0.10 INCH OR MORE: 4
MIN 32 OR BELOW: 4 0.50 INCH OR MORE: 1
MIN 0 OR BELOW: 0 1.00 INCH OR MORE: 0
[HDD (BASE 65) ]
TOTAL THIS MO. 325 CLEAR (SCALE 0-3) 12
DPTR FM NORMAL 21 PTCLDY (SCALE 4-7) 16
TOTAL FM JUL 1 6865 CLOUDY (SCALE 8-10) 3
DPTR FM NORMAL 83
[CDD (BASE 65) ]
TOTAL THIS MO. 6
DPTR FM NORMAL -14 [PRESSURE DATA]
TOTAL FM JAN 1 6 HIGHEST SLP 30.40 ON 6
DPTR FM NORMAL -15 LOWEST SLP 29.47 ON 2
[REMARKS]
#FINAL-05-21#