390
CXUS55 KCYS 080225
CF6CDR
PRELIMINARY LOCAL CLIMATOLOGICAL DATA (WS FORM: F-6)
STATION: CHADRON NEBRASKA AIRPORT
MONTH: MARCH
YEAR: 2021
LATITUDE: 42 50 N
LONGITUDE: 103 6 W
TEMPERATURE IN F: :PCPN: SNOW: WIND :SUNSHINE: SKY :PK WND
================================================================================
1 2 3 4 5 6A 6B 7 8 9 10 11 12 13 14 15 16 17 18
12Z AVG MX 2MIN
DY MAX MIN AVG DEP HDD CDD WTR SNW DPTH SPD SPD DIR MIN PSBL S-S WX SPD DR
================================================================================
1 51 22 37 6 28 0 0.00 M M 9.1 20 280 M M 0 26 280
2 60 28 44 12 21 0 0.00 M M 10.3 23 280 M M 0 29 290
3 64 25 45 13 20 0 0.00 M M 6.8 15 260 M M 0 20 250
4 67 22 45 13 20 0 0.00 M M 4.5 16 130 M M 0 24 120
5 66 26 46 14 19 0 0.00 M M 7.1 16 260 M M 0 22 250
6 71 22 47 14 18 0 0.00 M M 10.5 26 180 M M 0 34 190
7 65 29 47 14 18 0 0.00 M M 4.3 16 240 M M 0 20 250
8 72 24 48 14 17 0 0.00 M M 5.8 18 200 M M 0 22 200
9 66 32 49 15 16 0 0.02 M M 13.1 28 40 M M 2 1 40 50
10 33 13 23 -11 42 0 0.40 M M 8.0 21 20 M M 10 128 27 30
11 34 4 19 -15 46 0 0.00 M M 3.9 12 240 M M 4 1 13 240
12 45 17 31 -4 34 0 0.02 M M 3.5 10 30 M M 9 18 13 20
13 39 32 36 1 29 0 0.08 M M 7.7 17 50 M M 10 128 21 50
14 37 32 35 0 30 0 0.32 M M 22.9 31 50 M M 10 12 45 40
15 37 26 32 -4 33 0 0.24 M M 5.4 12 50 M M 9 12 45 40
16 33 26 30 -6 35 0 0.00 M M 4.1 13 300 M M 10 1 20 300
17 36 20 28 -8 37 0 0.00 M M 5.3 13 310 M M 3 1 17 310
18 37 12 25 -11 40 0 0.00 M M 5.4 28 180 M M 0 1 38 190
19 48 31 40 3 25 0 0.00 M M 11.2 20 190 M M 0 38 180
20 59 36 48 11 17 0 0.00 M M 9.5 23 290 M M 0 33 290
21 52 32 42 5 23 0 T M M 8.6 21 290 M M 7 28 300
22 54 25 40 2 25 0 0.00 M M 4.8 17 200 M M 1 24 190
23 51 23 37 -1 28 0 0.00 M M 14.8 31 10 M M 5 41 10
24 50 30 40 2 25 0 T M M 9.2 20 190 M M 5 26 190
25 57 29 43 5 22 0 0.00 M M 10.4 23 190 M M 0 34 250
26 42 28 35 -4 30 0 0.10 M M 4.6 17 40 M M 7 12 22 50
27 51 30 41 2 24 0 T M M 11.9 30 270 M M 6 6 42 310
28 71 25 48 9 17 0 0.00 M M 12.7 29 250 M M 0 37 250
29 72 30 51 11 14 0 0.00 M M 21.3 38 260 M M 1 66 260
30 43 20 32 -8 33 0 0.00 M M 14.4 30 310 M M 2 42 310
31 49 21 35 -5 30 0 0.00 M M 9.6 26 310 M M 5 38 320
================================================================================
SM 1612 772 816 0 1.18 M 280.7 M 106
================================================================================
AV 52.0 24.9 9.1 FASTST M M 3 MAX(MPH)
MISC ----> 38 260 66 260
================================================================================
NOTES:
# LAST OF SEVERAL OCCURRENCES
COLUMN 17 PEAK WIND IN M.P.H.
PRELIMINARY LOCAL CLIMATOLOGICAL DATA (WS FORM: F-6) , PAGE 2
STATION: CHADRON NEBRASKA AIRPORT
MONTH: MARCH
YEAR: 2021
LATITUDE: 42 50 N
LONGITUDE: 103 6 W
[TEMPERATURE DATA] [PRECIPITATION DATA] SYMBOLS USED IN COLUMN 16
AVERAGE MONTHLY: 38.5 TOTAL FOR MONTH: 1.18 1 = FOG OR MIST
DPTR FM NORMAL: 2.7 DPTR FM NORMAL: -0.05 2 = FOG REDUCING VISIBILITY
HIGHEST: 72 ON 29, 8 GRTST 24HR 0.42 ON 9-10 TO 1/4 MILE OR LESS
LOWEST: 4 ON 11 3 = THUNDER
SNOW, ICE PELLETS, HAIL 4 = ICE PELLETS
TOTAL MONTH: M 5 = HAIL
GRTST 24HR M ON M 6 = FREEZING RAIN OR DRIZZLE
GRTST DEPTH: M ON M 7 = DUSTSTORM OR SANDSTORM:
VSBY 1/2 MILE OR LESS
8 = SMOKE OR HAZE
[NO. OF DAYS WITH] [WEATHER - DAYS WITH] 9 = BLOWING SNOW
X = TORNADO
MAX 32 OR BELOW: 0 0.01 INCH OR MORE: 7
MAX 90 OR ABOVE: 0 0.10 INCH OR MORE: 4
MIN 32 OR BELOW: 30 0.50 INCH OR MORE: 0
MIN 0 OR BELOW: 0 1.00 INCH OR MORE: 0
[HDD (BASE 65) ]
TOTAL THIS MO. 816 CLEAR (SCALE 0-3) 17
DPTR FM NORMAL -89 PTCLDY (SCALE 4-7) 8
TOTAL FM JUL 1 5897 CLOUDY (SCALE 8-10) 6
DPTR FM NORMAL -261
[CDD (BASE 65) ]
TOTAL THIS MO. 0
DPTR FM NORMAL 0 [PRESSURE DATA]
TOTAL FM JAN 1 0 HIGHEST SLP 30.56 ON 31
DPTR FM NORMAL 0 LOWEST SLP 29.37 ON 29
[REMARKS]
#FINAL-03-21#