000
CXUS55 KCYS 061803
CF6CDR
PRELIMINARY LOCAL CLIMATOLOGICAL DATA (WS FORM: F-6) ...CORRECTED...
STATION: CHADRON NEBRASKA AIRPORT
MONTH: JANUARY
YEAR: 2021
LATITUDE: 42 50 N
LONGITUDE: 103 6 W
TEMPERATURE IN F: :PCPN: SNOW: WIND :SUNSHINE: SKY :PK WND
================================================================================
1 2 3 4 5 6A 6B 7 8 9 10 11 12 13 14 15 16 17 18
12Z AVG MX 2MIN
DY MAX MIN AVG DEP HDD CDD WTR SNW DPTH SPD SPD DIR MIN PSBL S-S WX SPD DR
================================================================================
1 43 12 28 4 37 0 0.00 M M 6.4 18 310 M M 0 24 310
2 48 11 30 6 35 0 0.00 M M 7.3 22 300 M M 0 31 310
3 51 14 33 9 32 0 T M M 10.1 28 300 M M 3 37 290
4 48 20 34 10 31 0 T M M 7.7 20 300 M M 1 27 300
5 50 17 34 10 31 0 T M M 13.7 32 310 M M 5 45 310
6 46 11 29 5 36 0 0.00 M M 10.5 21 300 M M 0 27 310
7 47 2 25 1 40 0 0.00 M M 4.3 13 170 M M 2 18 16 160
8 38 23 31 7 34 0 0.00 M M 2.7 8 270 M M 8 10 280
9 31 27 29 5 36 0 T M M 3.4 12 40 M M 10 18 13 30
10 43 13 28 4 37 0 0.00 M M 7.3 18 250 M M 3 26 230
11 50 12 31 7 34 0 0.00 M M 11.2 24 280 M M 0 30 270
12 53 17 35 11 30 0 0.00 M M 7.5 14 240 M M 0 19 240
13 56 31 44 20 21 0 0.00 M M 11.8 45 320 M M 1 8 67 320
14 38 27 33 9 32 0 0.00 M M 25.5 41 310 M M 2 64 320
15 40 18 29 5 36 0 0.00 M M 18.4 33 310 M M 1 47 310
16 48 18 33 9 32 0 T M M 16.5 28 310 M M 6 45 320
17 45 21 33 9 32 0 0.00 M M 11.3 24 280 M M 5 31 280
18 42 13 28 4 37 0 0.00 M M 17.9 36 300 M M 5 49 310
19 40 16 28 4 37 0 0.00 M M 14.0 26 310 M M 4 35 300
20 52 10 31 7 34 0 0.00 M M 9.3 24 330 M M 0 36 340
21 43 12 28 3 37 0 T M M 3.8 15 300 M M 2 18 21 300
22 30 17 24 -1 41 0 0.05 M M 2.8 10 160 M M 9 18 14 170
23 29 18 24 -1 41 0 0.01 M M 5.3 14 10 M M 10 128 17 10
24 34 15 25 0 40 0 0.00 M M 9.0 24 190 M M 4 30 210
25 22 4 13 -12 52 0 T M M 6.0 13 40 M M 8 18 16 50
26 21 3 12 -13 53 0 T M M 6.4 12 160 M M 9 18 14 150
27 28 -1 14 -11 51 0 0.00 M M 5.7 16 170 M M 0 18 19 170
28 46 4 25 0 40 0 0.00 M M 3.5 14 200 M M 0 15 210
29 39 15 27 2 38 0 0.00 M M 3.5 10 230 M M 2 12 10
30 29 16 23 -2 42 0 0.00 M M 5.2 17 20 M M 5 12 24 40
31 42 17 30 5 35 0 0.00 M M 5.8 16 290 M M 1 24 270
================================================================================
SM 1272 453 1144 0 0.06 M 273.8 M 106
================================================================================
AV 41.0 14.6 8.8 FASTST M M 3 MAX(MPH)
MISC ----> 45 320 67 320
================================================================================
NOTES:
# LAST OF SEVERAL OCCURRENCES
COLUMN 17 PEAK WIND IN M.P.H.
PRELIMINARY LOCAL CLIMATOLOGICAL DATA (WS FORM: F-6) , PAGE 2
STATION: CHADRON NEBRASKA AIRPORT
MONTH: JANUARY
YEAR: 2021
LATITUDE: 42 50 N
LONGITUDE: 103 6 W
[TEMPERATURE DATA] [PRECIPITATION DATA] SYMBOLS USED IN COLUMN 16
AVERAGE MONTHLY: 27.8 TOTAL FOR MONTH: 0.06 1 = FOG OR MIST
DPTR FM NORMAL: 3.4 DPTR FM NORMAL: -0.30 2 = FOG REDUCING VISIBILITY
HIGHEST: 56 ON 13 GRTST 24HR 0.05 ON 22-22 TO 1/4 MILE OR LESS
LOWEST: -1 ON 27 3 = THUNDER
SNOW, ICE PELLETS, HAIL 4 = ICE PELLETS
TOTAL MONTH: M 5 = HAIL
GRTST 24HR M ON M 6 = FREEZING RAIN OR DRIZZLE
GRTST DEPTH: M ON M 7 = DUSTSTORM OR SANDSTORM:
VSBY 1/2 MILE OR LESS
8 = SMOKE OR HAZE
[NO. OF DAYS WITH] [WEATHER - DAYS WITH] 9 = BLOWING SNOW
X = TORNADO
MAX 32 OR BELOW: 7 0.01 INCH OR MORE: 2
MAX 90 OR ABOVE: 0 0.10 INCH OR MORE: 0
MIN 32 OR BELOW: 31 0.50 INCH OR MORE: 0
MIN 0 OR BELOW: 1 1.00 INCH OR MORE: 0
[HDD (BASE 65) ]
TOTAL THIS MO. 1144 CLEAR (SCALE 0-3) 17
DPTR FM NORMAL -113 PTCLDY (SCALE 4-7) 10
TOTAL FM JUL 1 3739 CLOUDY (SCALE 8-10) 4
DPTR FM NORMAL -460
[CDD (BASE 65) ]
TOTAL THIS MO. 0
DPTR FM NORMAL 0 [PRESSURE DATA]
TOTAL FM JAN 1 0 HIGHEST SLP 30.53 ON 19
DPTR FM NORMAL 0 LOWEST SLP 29.63 ON 13
[REMARKS]
#FINAL-01-21#