000
CXUS55 KCYS 031610
CF6CDR
PRELIMINARY LOCAL CLIMATOLOGICAL DATA (WS FORM: F-6) ...CORRECTED...
STATION: CHADRON NEBRASKA AIRPORT
MONTH: NOVEMBER
YEAR: 2020
LATITUDE: 42 50 N
LONGITUDE: 103 6 W
TEMPERATURE IN F: :PCPN: SNOW: WIND :SUNSHINE: SKY :PK WND
================================================================================
1 2 3 4 5 6A 6B 7 8 9 10 11 12 13 14 15 16 17 18
12Z AVG MX 2MIN
DY MAX MIN AVG DEP HDD CDD WTR SNW DPTH SPD SPD DIR MIN PSBL S-S WX SPD DR
================================================================================
1 64 19 42 1 23 0 0.00 M M 5.0 16 200 M M 0 22 210
2 76 27 52 12 13 0 0.00 M M 5.0 12 250 M M 0 16 250
3 76 32 54 14 11 0 0.00 M M 5.8 14 270 M M 0 21 270
4 80 33 57 17 8 0 0.00 M M 6.9 15 280 M M 0 20 270
5 79 28 54 15 11 0 0.00 M M 7.5 20 230 M M 0 24 220
6 80 34 57 18 8 0 0.00 M M 6.3 17 180 M M 0 23 240
7 76 38 57 19 8 0 0.00 M M 8.1 31 170 M M 0 8 43 170
8 63 29 46 8 19 0 0.18 M M 15.2 35 180 M M 3 1 47 180
9 29 22 26 -11 39 0 T M M 5.8 14 10 M M 9 1 18 10
10 42 22 32 -5 33 0 0.00 M M 7.6 24 300 M M 5 34 310
11 50 23 37 1 28 0 0.00 M M 9.5 23 50 M M 4 30 240
12 39 14 27 -9 38 0 T M M 6.0 15 300 M M 6 20 240
13 61 14 38 3 27 0 0.00 M M 11.8 28 270 M M 0 37 270
14 53 25 39 4 26 0 0.04 M M 13.7 44 300 M M 1 1 62 300
15 49 17 33 -1 32 0 0.00 M M 6.1 29 280 M M 0 41 280
16 55 27 41 7 24 0 0.00 M M 7.4 20 300 M M 1 25 300
17 72 22 47 14 18 0 0.00 M M 7.2 21 180 M M 0 28 180
18 70 40 55 22 10 0 0.00 M M 10.2 26 220 M M 0 35 230
19 65 23 44 12 21 0 0.00 M M 9.5 30 290 M M 0 38 280
20 49 17 33 1 32 0 0.00 M M 4.6 10 240 M M 0 15 270
21 53 13 33 2 32 0 0.00 M M 7.6 25 180 M M 1 32 170
22 48 16 32 1 33 0 0.00 M M 9.4 25 200 M M 0 35 200
23 61 26 44 14 21 0 0.00 M M 7.4 25 200 M M 1 36 200
24 48 12 30 0 35 0 0.00 M M 5.4 18 300 M M 0 26 300
25 59 13 36 7 29 0 0.00 M M 8.3 29 270 M M 0 40 280
26 46 19 33 4 32 0 0.00 M M 7.6 14 270 M M 0 M M
27 51 13 32 4 33 0 0.00 M M 7.6 18 240 M M 0 24 230
28 59 19 39 11 26 0 0.00 M M 5.7 15 260 M M 0 19 250
29 40 10 25 -3 40 0 0.00 M M 5.3 10 220 M M 0 15 280
30 58 9 34 7 31 0 0.00 M M 7.1 17 270 M M 0 22 260
================================================================================
SM 1751 656 741 0 0.22 M 230.6 M 31
================================================================================
AV 58.4 21.9 7.7 FASTST M M 1 MAX(MPH)
MISC ----> # 44 300 # 62 300
================================================================================
NOTES:
# LAST OF SEVERAL OCCURRENCES
COLUMN 17 PEAK WIND IN M.P.H.
PRELIMINARY LOCAL CLIMATOLOGICAL DATA (WS FORM: F-6) , PAGE 2
STATION: CHADRON NEBRASKA AIRPORT
MONTH: NOVEMBER
YEAR: 2020
LATITUDE: 42 50 N
LONGITUDE: 103 6 W
[TEMPERATURE DATA] [PRECIPITATION DATA] SYMBOLS USED IN COLUMN 16
AVERAGE MONTHLY: 40.1 TOTAL FOR MONTH: 0.22 1 = FOG OR MIST
DPTR FM NORMAL: 6.1 DPTR FM NORMAL: -0.40 2 = FOG REDUCING VISIBILITY
HIGHEST: 80 ON 6, 4 GRTST 24HR 0.18 ON 8- 8 TO 1/4 MILE OR LESS
LOWEST: 9 ON 30 3 = THUNDER
SNOW, ICE PELLETS, HAIL 4 = ICE PELLETS
TOTAL MONTH: M 5 = HAIL
GRTST 24HR M ON M 6 = FREEZING RAIN OR DRIZZLE
GRTST DEPTH: M ON M 7 = DUSTSTORM OR SANDSTORM:
VSBY 1/2 MILE OR LESS
8 = SMOKE OR HAZE
[NO. OF DAYS WITH] [WEATHER - DAYS WITH] 9 = BLOWING SNOW
X = TORNADO
MAX 32 OR BELOW: 1 0.01 INCH OR MORE: 2
MAX 90 OR ABOVE: 0 0.10 INCH OR MORE: 1
MIN 32 OR BELOW: 26 0.50 INCH OR MORE: 0
MIN 0 OR BELOW: 0 1.00 INCH OR MORE: 0
[HDD (BASE 65) ]
TOTAL THIS MO. 741 CLEAR (SCALE 0-3) 25
DPTR FM NORMAL -190 PTCLDY (SCALE 4-7) 4
TOTAL FM JUL 1 1561 CLOUDY (SCALE 8-10) 1
DPTR FM NORMAL -123
[CDD (BASE 65) ]
TOTAL THIS MO. 0
DPTR FM NORMAL 0 [PRESSURE DATA]
TOTAL FM JAN 1 1028 HIGHEST SLP 30.66 ON 29
DPTR FM NORMAL 316 LOWEST SLP 29.16 ON 8
[REMARKS]
NOVEMBER 4TH...RECORD HIGH 80 DEGREES (PREVIOUS 78 DEGREES IN 2016).
NOVEMBER 5TH...TIED RECORD HIGH 79 DEGREES PREVIOUSLY SET IN 2001.
NOVEMBER 6TH...RECORD HIGH 80 DEGREES (PREVIOUS 79 DEGREES IN 1980).
NOVEMBER 18TH...TIED RECORD HIGH 72 DEGREES PREVIOUSLY SET IN 1953.
NOVEMBER 26TH...PEAK WIND MISSING.
#FINAL-11-20#