000
CXUS55 KCYS 111745
CF6CDR
PRELIMINARY LOCAL CLIMATOLOGICAL DATA (WS FORM: F-6) ...CORRECTED...
STATION: CHADRON NEBRASKA AIRPORT
MONTH: AUGUST
YEAR: 2020
LATITUDE: 42 50 N
LONGITUDE: 103 6 W
TEMPERATURE IN F: :PCPN: SNOW: WIND :SUNSHINE: SKY :PK WND
================================================================================
1 2 3 4 5 6A 6B 7 8 9 10 11 12 13 14 15 16 17 18
12Z AVG MX 2MIN
DY MAX MIN AVG DEP HDD CDD WTR SNW DPTH SPD SPD DIR MIN PSBL S-S WX SPD DR
================================================================================
1 88 52 70 -5 0 5 0.00 M M 6.8 21 30 M M 0 27 60
2 85 54 70 -5 0 5 0.00 M M 5.8 14 120 M M 5 24 160
3 90 62 76 1 0 11 T M M 13.9 28 150 M M 2 3 39 150
4 93 63 78 4 0 13 0.00 M M 7.1 26 180 M M 1 36 180
5 93 57 75 1 0 10 0.00 M M 7.0 20 130 M M 1 3 24 130
6 95 58 77 3 0 12 T M M 10.4 38 240 M M 0 52 240
7 105 67 86 12 0 21 0.00 M M 11.3 24 190 M M 0 38 230
8 93 61 77 3 0 12 0.12 M M 8.7 53 240 M M 2 3 83 240
9 95 56 76 2 0 11 0.00 M M 9.6 29 40 M M 0 35 20
10 88 58 73 -1 0 8 0.00 M M 8.3 30 170 M M 3 40 160
11 98 69 84 10 0 19 T M M 14.8 37 180 M M 0 3 50 180
12 101 72 87 14 0 22 0.00 M M 19.3 33 300 M M 0 3 48 300
13 102 66 84 11 0 19 0.00 M M 12.1 25 180 M M 0 34 150
14 88 55 72 -1 0 7 0.00 M M 9.6 23 10 M M 0 32 310
15 94 56 75 2 0 10 0.00 M M 5.6 25 140 M M 1 31 130
16 96 53 75 2 0 10 0.00 M M 7.8 17 70 M M 0 25 20
17 99 51 75 3 0 10 0.00 M M 12.7 32 100 M M 0 3 42 100
18 99 61 80 8 0 15 0.00 M M 4.9 21 190 M M 0 29 190
19 99 64 82 10 0 17 T M M 6.5 29 270 M M 2 3 39 260
20 98 60 79 7 0 14 0.00 M M 4.7 13 240 M M 0 16 80
21 94 60 77 6 0 12 0.00 M M 4.5 12 60 M M 0 17 360
22 98 55 77 6 0 12 0.00 M M 3.9 10 60 M M 0 8 17 50
23 102 59 81 10 0 16 0.00 M M 10.1 24 170 M M 0 8 33 140
24 99 67 83 13 0 18 0.00 M M 6.5 22 170 M M 0 8 29 170
25 105 58 82 12 0 17 0.00 M M 5.0 14 200 M M 0 21 230
26 98 67 83 13 0 18 0.00 M M 6.8 18 70 M M 0 25 70
27 98 63 81 11 0 16 0.06 M M 10.7 48 340 M M 0 3 73 340
28 81 51 66 -3 0 1 0.00 M M 9.5 23 40 M M 0 29 50
29 88 43 66 -3 0 1 T M M 14.1 29 180 M M 1 3 42 170
30 93 55 74 6 0 9 T M M 15.8 35 10 M M 2 49 30
31 75 42 59 -9 6 0 0.01 M M 6.6 17 170 M M 3 22 160
================================================================================
SM 2930 1815 6 371 0.19 M 280.4 M 23
================================================================================
AV 94.5 58.6 9.0 FASTST M M 1 MAX(MPH)
MISC ----> # 53 240 # 83 240
================================================================================
NOTES:
# LAST OF SEVERAL OCCURRENCES
COLUMN 17 PEAK WIND IN M.P.H.
PRELIMINARY LOCAL CLIMATOLOGICAL DATA (WS FORM: F-6) , PAGE 2
STATION: CHADRON NEBRASKA AIRPORT
MONTH: AUGUST
YEAR: 2020
LATITUDE: 42 50 N
LONGITUDE: 103 6 W
[TEMPERATURE DATA] [PRECIPITATION DATA] SYMBOLS USED IN COLUMN 16
AVERAGE MONTHLY: 76.5 TOTAL FOR MONTH: 0.19 1 = FOG OR MIST
DPTR FM NORMAL: 4.3 DPTR FM NORMAL: -1.39 2 = FOG REDUCING VISIBILITY
HIGHEST: 105 ON 25, 7 GRTST 24HR 0.12 ON 8- 8 TO 1/4 MILE OR LESS
LOWEST: 42 ON 31 3 = THUNDER
SNOW, ICE PELLETS, HAIL 4 = ICE PELLETS
TOTAL MONTH: M 5 = HAIL
GRTST 24HR M ON M 6 = FREEZING RAIN OR DRIZZLE
GRTST DEPTH: M ON M 7 = DUSTSTORM OR SANDSTORM:
VSBY 1/2 MILE OR LESS
8 = SMOKE OR HAZE
[NO. OF DAYS WITH] [WEATHER - DAYS WITH] 9 = BLOWING SNOW
X = TORNADO
MAX 32 OR BELOW: 0 0.01 INCH OR MORE: 3
MAX 90 OR ABOVE: 24 0.10 INCH OR MORE: 1
MIN 32 OR BELOW: 0 0.50 INCH OR MORE: 0
MIN 0 OR BELOW: 0 1.00 INCH OR MORE: 0
[HDD (BASE 65) ]
TOTAL THIS MO. 6 CLEAR (SCALE 0-3) 30
DPTR FM NORMAL -14 PTCLDY (SCALE 4-7) 1
TOTAL FM JUL 1 6 CLOUDY (SCALE 8-10) 0
DPTR FM NORMAL -24
[CDD (BASE 65) ]
TOTAL THIS MO. 371
DPTR FM NORMAL 128 [PRESSURE DATA]
TOTAL FM JAN 1 959 HIGHEST SLP 30.24 ON 17
DPTR FM NORMAL 312 LOWEST SLP 29.51 ON 30
[REMARKS]
AVERAGE TEMPERATURE 76.5 DEGREES TIED 4TH WARMEST FOR AUGUST.
MONTHLY PRECIPITATION 0.19 INCH TIED 5TH DRIEST FOR AUGUST.
#FINAL-08-20#