554
CXUS55 KCYS 020039
CF6CDR
PRELIMINARY LOCAL CLIMATOLOGICAL DATA (WS FORM: F-6)
STATION: CHADRON NEBRASKA AIRPORT
MONTH: FEBRUARY
YEAR: 2020
LATITUDE: 42 50 N
LONGITUDE: 103 6 W
TEMPERATURE IN F: :PCPN: SNOW: WIND :SUNSHINE: SKY :PK WND
================================================================================
1 2 3 4 5 6A 6B 7 8 9 10 11 12 13 14 15 16 17 18
12Z AVG MX 2MIN
DY MAX MIN AVG DEP HDD CDD WTR SNW DPTH SPD SPD DIR MIN PSBL S-S WX SPD DR
================================================================================
1 56 28 42 17 23 0 0.00 M M 10.0 30 270 M M 0 37 270
2 47 28 38 13 27 0 T M M 8.8 23 30 M M 2 16 30 40
3 28 18 23 -2 42 0 T M M 14.1 21 40 M M 10 18 25 50
4 22 4 13 -12 52 0 0.07 M M 5.5 13 210 M M 7 18 17 40
5 29 2 16 -9 49 0 0.00 M M 10.4 23 280 M M 3 28 280
6 37 7 22 -4 43 0 T M M 10.1 27 300 M M 4 37 290
7 35 21 28 2 37 0 0.00 M M 13.2 24 310 M M 4 30 320
8 53 17 35 9 30 0 0.00 M M 11.1 26 290 M M 5 35 270
9 34 24 29 3 36 0 T M M 10.1 28 10 M M 7 1 35 360
10 37 17 27 1 38 0 0.00 M M 12.9 29 300 M M 1 37 300
11 42 13 28 2 37 0 0.00 M M 10.4 26 230 M M 1 33 220
12 33 7 20 -6 45 0 T M M 13.1 33 20 M M 8 18 41 30
13 30 7 19 -8 46 0 0.00 M M 6.7 20 200 M M 4 23 190
14 58 20 39 12 26 0 0.00 M M 13.8 31 250 M M 2 37 250
15 44 21 33 6 32 0 0.00 M M 7.5 21 300 M M 0 26 290
16 51 19 35 8 30 0 0.00 M M 6.5 20 280 M M 1 24 280
17 37 14 26 -2 39 0 0.40 M M 4.9 15 20 M M 10 12 19 20
18 30 5 18 -10 47 0 0.00 M M 6.0 16 30 M M 6 12 19 10
19 20 -1 10 -18 55 0 T M M 5.3 13 40 M M 7 18 13 40
20 33 -5 14 -14 51 0 0.00 M M 5.3 14 230 M M 0 16 230
21 45 6 26 -3 39 0 0.00 M M 6.9 20 230 M M 0 23 230
22 53 19 36 7 29 0 0.00 M M 7.7 17 240 M M 0 22 260
23 46 24 35 6 30 0 0.00 M M 7.3 25 170 M M 0 30 170
24 39 26 33 3 32 0 0.08 M M 12.8 30 300 M M 7 12 39 300
25 27 5 16 -14 49 0 0.05 M M 11.2 21 10 M M 10 18 25 10
26 34 -7 14 -16 51 0 0.00 M M 7.4 15 230 M M 5 17 260
27 41 28 35 4 30 0 0.01 M M 10.7 25 300 M M 6 1 35 290
28 51 26 39 8 26 0 0.00 M M 10.4 20 280 M M 0 24 300
29 58 27 43 12 22 0 0.00 M M 9.2 21 230 M M 0 26 230
================================================================================
SM 1150 420 1093 0 0.61 M 269.3 M 110
================================================================================
AV 39.7 14.5 9.3 FASTST M M 4 MAX(MPH)
MISC ----> # 33 20 # 41 30
================================================================================
NOTES:
# LAST OF SEVERAL OCCURRENCES
COLUMN 17 PEAK WIND IN M.P.H.
PRELIMINARY LOCAL CLIMATOLOGICAL DATA (WS FORM: F-6) , PAGE 2
STATION: CHADRON NEBRASKA AIRPORT
MONTH: FEBRUARY
YEAR: 2020
LATITUDE: 42 50 N
LONGITUDE: 103 6 W
[TEMPERATURE DATA] [PRECIPITATION DATA] SYMBOLS USED IN COLUMN 16
AVERAGE MONTHLY: 27.1 TOTAL FOR MONTH: 0.61 1 = FOG OR MIST
DPTR FM NORMAL: -0.3 DPTR FM NORMAL: 0.00 2 = FOG REDUCING VISIBILITY
HIGHEST: 58 ON 29,14 GRTST 24HR 0.40 ON 17-17 TO 1/4 MILE OR LESS
LOWEST: -7 ON 26 3 = THUNDER
SNOW, ICE PELLETS, HAIL 4 = ICE PELLETS
TOTAL MONTH: M 5 = HAIL
GRTST 24HR M ON M 6 = FREEZING RAIN OR DRIZZLE
GRTST DEPTH: M ON M 7 = DUSTSTORM OR SANDSTORM:
VSBY 1/2 MILE OR LESS
8 = SMOKE OR HAZE
[NO. OF DAYS WITH] [WEATHER - DAYS WITH] 9 = BLOWING SNOW
X = TORNADO
MAX 32 OR BELOW: 7 0.01 INCH OR MORE: 5
MAX 90 OR ABOVE: 0 0.10 INCH OR MORE: 1
MIN 32 OR BELOW: 29 0.50 INCH OR MORE: 0
MIN 0 OR BELOW: 3 1.00 INCH OR MORE: 0
[HDD (BASE 65) ]
TOTAL THIS MO. 1093 CLEAR (SCALE 0-3) 14
DPTR FM NORMAL 40 PTCLDY (SCALE 4-7) 11
TOTAL FM JUL 1 5224 CLOUDY (SCALE 8-10) 4
DPTR FM NORMAL -62
[CDD (BASE 65) ]
TOTAL THIS MO. 0
DPTR FM NORMAL 0 [PRESSURE DATA]
TOTAL FM JAN 1 0 HIGHEST SLP 30.80 ON 20
DPTR FM NORMAL 0 LOWEST SLP 29.57 ON 8
[REMARKS]
#FINAL-02-20#