000
CXUS55 KCYS 050200
CF6CDR
PRELIMINARY LOCAL CLIMATOLOGICAL DATA (WS FORM: F-6)
STATION: CHADRON NEBRASKA AIRPORT
MONTH: AUGUST
YEAR: 2023
LATITUDE: 42 50 N
LONGITUDE: 103 6 W
TEMPERATURE IN F: :PCPN: SNOW: WIND :SUNSHINE: SKY :PK WND
================================================================================
1 2 3 4 5 6A 6B 7 8 9 10 11 12 13 14 15 16 17 18
12Z AVG MX 2MIN
DY MAX MIN AVG DEP HDD CDD WTR SNW DPTH SPD SPD DIR MIN PSBL S-S WX SPD DR
================================================================================
1 90 66 78 2 0 13 0.05 M M 4.3 17 180 M M 5 13 23 170
2 91 65 78 2 0 13 0.23 M M 6.4 39 350 M M 1 138 54 360
3 86 63 75 -1 0 10 1.10 M M 7.7 28 360 M M 4 13 44 10
4 84 61 73 -3 0 8 T M M 8.1 21 330 M M 1 3 28 330
5 76 59 68 -7 0 3 T M M 12.9 28 280 M M 6 1 39 300
6 77 55 66 -9 0 1 0.00 M M 7.7 16 20 M M 4 23 320
7 78 53 66 -9 0 1 1.12 M M 4.4 26 10 M M 6 1238 33 20
8 77 57 67 -8 0 2 0.04 M M 5.7 21 230 M M 6 123 29 230
9 83 54 69 -5 0 4 0.00 M M 4.5 12 150 M M 0 15 150
10 89 60 75 1 0 10 0.00 M M 6.3 17 200 M M 0 3 24 310
11 86 56 71 -3 0 6 0.00 M M 5.1 15 20 M M 0 20 360
12 88 58 73 -1 0 8 0.00 M M 7.8 18 50 M M 0 26 50
13 75 50 63 -11 2 0 0.02 M M 8.6 25 350 M M 5 3 35 320
14 80 49 65 -8 0 0 0.00 M M 6.7 15 350 M M 0 21 310
15 95 48 72 -1 0 7 0.00 M M 3.6 12 150 M M 0 17 210
16 100 53 77 4 0 12 0.00 M M 9.4 25 310 M M 0 34 320
17 90 53 72 -1 0 7 0.00 M M 11.5 31 180 M M 0 42 190
18 103 64 84 12 0 19 0.00 M M 11.2 29 180 M M 0 40 180
19 91 68 80 8 0 15 0.00 M M 8.8 22 40 M M 0 28 50
20 81 61 71 -1 0 6 T M M 9.6 18 40 M M 4 8 25 50
21 98 56 77 5 0 12 0.00 M M 4.5 17 180 M M 3 12 24 190
22 105 63 84 13 0 19 T M M 10.7 37 150 M M 0 3 51 170
23 99 63 81 10 0 16 0.00 M M 7.4 21 280 M M 0 29 260
24 95 67 81 10 0 16 0.00 M M 3.9 14 50 M M 0 17 50
25 76 52 64 -7 1 0 0.00 M M 6.7 21 30 M M 5 27 20
26 86 46 66 -4 0 1 0.00 M M 6.0 16 180 M M 0 21 190
27 91 52 72 2 0 7 0.00 M M 7.3 28 300 M M 1 39 310
28 89 56 73 3 0 8 0.00 M M 5.5 16 250 M M 2 22 220
29 91 49 70 0 0 5 0.00 M M 5.8 18 150 M M 0 24 160
30 99 61 80 11 0 15 0.00 M M 16.6 32 190 M M 0 41 180
31 94 49 72 3 0 7 0.00 M M 5.3 18 160 M M 0 23 160
================================================================================
SM 2743 1767 3 251 2.56 M 230.0 M 53
================================================================================
AV 88.5 57.0 7.4 FASTST M M 2 MAX(MPH)
MISC ----> 39 350 54 360
================================================================================
NOTES:
# LAST OF SEVERAL OCCURRENCES
COLUMN 17 PEAK WIND IN M.P.H.
PRELIMINARY LOCAL CLIMATOLOGICAL DATA (WS FORM: F-6) , PAGE 2
STATION: CHADRON NEBRASKA AIRPORT
MONTH: AUGUST
YEAR: 2023
LATITUDE: 42 50 N
LONGITUDE: 103 6 W
[TEMPERATURE DATA] [PRECIPITATION DATA] SYMBOLS USED IN COLUMN 16
AVERAGE MONTHLY: 72.7 TOTAL FOR MONTH: 2.56 1 = FOG OR MIST
DPTR FM NORMAL: -0.1 DPTR FM NORMAL: 1.29 2 = FOG REDUCING VISIBILITY
HIGHEST: 105 ON 22 GRTST 24HR 1.12 ON 7- 7 TO 1/4 MILE OR LESS
LOWEST: 46 ON 26 3 = THUNDER
SNOW, ICE PELLETS, HAIL 4 = ICE PELLETS
TOTAL MONTH: M 5 = HAIL
GRTST 24HR M ON M 6 = FREEZING RAIN OR DRIZZLE
GRTST DEPTH: M ON M 7 = DUSTSTORM OR SANDSTORM:
VSBY 1/2 MILE OR LESS
8 = SMOKE OR HAZE
[NO. OF DAYS WITH] [WEATHER - DAYS WITH] 9 = BLOWING SNOW
X = TORNADO
MAX 32 OR BELOW: 0 0.01 INCH OR MORE: 6
MAX 90 OR ABOVE: 15 0.10 INCH OR MORE: 3
MIN 32 OR BELOW: 0 0.50 INCH OR MORE: 2
MIN 0 OR BELOW: 0 1.00 INCH OR MORE: 2
[HDD (BASE 65) ]
TOTAL THIS MO. 3 CLEAR (SCALE 0-3) 22
DPTR FM NORMAL -16 PTCLDY (SCALE 4-7) 9
TOTAL FM JUL 1 23 CLOUDY (SCALE 8-10) 0
DPTR FM NORMAL 2
[CDD (BASE 65) ]
TOTAL THIS MO. 251
DPTR FM NORMAL -8 [PRESSURE DATA]
TOTAL FM JAN 1 642 HIGHEST SLP 30.32 ON 14
DPTR FM NORMAL -86 LOWEST SLP 29.59 ON 18
[REMARKS]
#FINAL-08-23#
AUGUST 3... RECORD MAXIMUM PRECIPITATION: 1.10" (PREVIOUS: 0.96" IN 2000)
AUGUST 6... RECORD MAXIMUM PRECIPITATION: 1.12" (PREVIOUS: 0.32" IN 1960)
AUGUST 22... RECORD HIGH TEMPERATURE: 105F (PREVIOUS: 104F IN 1949)