000
CXUS55 KGJT 010910
CF6CEZ
PRELIMINARY LOCAL CLIMATOLOGICAL DATA (WS FORM: F-6)
STATION: CORTEZ CO
MONTH: JUNE
YEAR: 2021
LATITUDE: 37 17 N
LONGITUDE: 108 38 W
TEMPERATURE IN F: :PCPN: SNOW: WIND :SUNSHINE: SKY :PK WND
================================================================================
1 2 3 4 5 6A 6B 7 8 9 10 11 12 13 14 15 16 17 18
12Z AVG MX 2MIN
DY MAX MIN AVG DEP HDD CDD WTR SNW DPTH SPD SPD DIR MIN PSBL S-S WX SPD DR
================================================================================
1 82 39 61 0 4 0 0.00 M M 5.0 18 270 M M 1 31 310
2 88 40 64 3 1 0 0.00 M M 5.2 17 280 M M 0 25 310
3 90 52 71 9 0 6 T M M 6.7 23 150 M M 1 3 31 270
4 95 47 71 9 0 6 0.00 M M 5.8 22 140 M M 0 3 33 130
5 93 55 74 12 0 9 0.01 M M 7.9 21 70 M M 1 3 29 350
6 93 50 72 10 0 7 0.00 M M 7.1 22 280 M M 0 32 280
7 88 52 70 7 0 5 0.00 M M 9.4 24 190 M M 0 32 170
8 87 47 67 4 0 2 0.00 M M 8.1 22 190 M M 0 30 190
9 91 41 66 3 0 1 0.00 M M 7.0 20 210 M M 0 26 240
10 91 47 69 5 0 4 0.00 M M 9.5 28 200 M M 0 38 220
11 89 40 65 1 0 0 0.00 M M 6.7 21 290 M M 0 26 280
12 95 38 67 3 0 2 0.00 M M 6.2 20 220 M M 0 27 220
13 98 39 69 4 0 4 0.00 M M 7.8 21 200 M M 0 26 220
14 98 43 71 6 0 6 0.00 M M 7.0 21 280 M M 0 28 280
15 101 43 72 7 0 7 0.00 M M 5.4 15 290 M M 0 20 180
16 102 69 86 20 0 21 0.00 M M 6.6 22 50 M M 0 30 50
17 100 60 80 14 0 15 T M M 5.9 28 70 M M 0 3 39 60
18 99 57 78 12 0 13 0.03 M M 6.8 25 50 M M 1 3 39 110
19 97 56 77 10 0 12 0.00 M M 6.5 28 330 M M 0 8 43 340
20 96 52 74 7 0 9 0.00 M M 7.5 33 270 M M 0 49 260
21 98 52 75 8 0 10 0.00 M M 6.2 22 290 M M 0 31 300
22 94 50 72 4 0 7 0.00 M M 8.6 22 270 M M 0 29 230
23 88 55 72 4 0 7 0.02 M M 8.5 31 270 M M 3 45 260
24 86 47 67 -1 0 2 0.00 M M 6.7 22 290 M M 1 30 320
25 83 53 68 0 0 3 0.17 M M 7.6 30 360 M M 5 1 40 350
26 83 47 65 -4 0 0 0.00 M M 7.8 22 320 M M 1 32 10
27 85 46 66 -3 0 1 0.00 M M 6.0 20 360 M M 1 28 340
28 82 48 65 -4 0 0 0.00 M M 8.5 33 140 M M 4 49 150
29 70 54 62 -8 3 0 0.48 M M 5.8 21 70 M M 10 13 26 70
30 83 57 70 0 0 5 0.00 M M 4.2 22 280 M M 5 29 300
================================================================================
SM 2725 1476 8 164 0.71 M 208.0 M 34
================================================================================
AV 90.8 49.2 6.9 FASTST M M 1 MAX(MPH)
MISC ----> # 33 270 # 49 260
================================================================================
NOTES:
# LAST OF SEVERAL OCCURRENCES
COLUMN 17 PEAK WIND IN M.P.H.
PRELIMINARY LOCAL CLIMATOLOGICAL DATA (WS FORM: F-6) , PAGE 2
STATION: CORTEZ CO
MONTH: JUNE
YEAR: 2021
LATITUDE: 37 17 N
LONGITUDE: 108 38 W
[TEMPERATURE DATA] [PRECIPITATION DATA] SYMBOLS USED IN COLUMN 16
AVERAGE MONTHLY: 70.0 TOTAL FOR MONTH: 0.71 1 = FOG OR MIST
DPTR FM NORMAL: 4.5 DPTR FM NORMAL: 0.42 2 = FOG REDUCING VISIBILITY
HIGHEST: 102 ON 16 GRTST 24HR 0.48 ON 29-29 TO 1/4 MILE OR LESS
LOWEST: 38 ON 12 3 = THUNDER
SNOW, ICE PELLETS, HAIL 4 = ICE PELLETS
TOTAL MONTH: M 5 = HAIL
GRTST 24HR M ON M 6 = FREEZING RAIN OR DRIZZLE
GRTST DEPTH: M ON M 7 = DUSTSTORM OR SANDSTORM:
VSBY 1/2 MILE OR LESS
8 = SMOKE OR HAZE
[NO. OF DAYS WITH] [WEATHER - DAYS WITH] 9 = BLOWING SNOW
X = TORNADO
MAX 32 OR BELOW: 0 0.01 INCH OR MORE: 5
MAX 90 OR ABOVE: 17 0.10 INCH OR MORE: 2
MIN 32 OR BELOW: 0 0.50 INCH OR MORE: 0
MIN 0 OR BELOW: 0 1.00 INCH OR MORE: 0
[HDD (BASE 65) ]
TOTAL THIS MO. 8 CLEAR (SCALE 0-3) 25
DPTR FM NORMAL -53 PTCLDY (SCALE 4-7) 4
TOTAL FM JUL 1 6225 CLOUDY (SCALE 8-10) 1
DPTR FM NORMAL -79
[CDD (BASE 65) ]
TOTAL THIS MO. 164
DPTR FM NORMAL 90 [PRESSURE DATA]
TOTAL FM JAN 1 170 HIGHEST SLP M ON M
DPTR FM NORMAL 89 LOWEST SLP 29.62 ON 6
[REMARKS]
#FINAL-06-21#