000
CXUS54 KMRX 011619
CLMCHA
CLIMATE REPORT
NATIONAL WEATHER SERVICE MORRISTOWN, TN
1219 PM EDT SAT JUL 01 2023
...................................
...THE CHATTANOOGA AIRPORT CLIMATE SUMMARY FOR THE MONTH OF JUNE 2023...
CLIMATE NORMAL PERIOD: 1991 TO 2020
CLIMATE RECORD PERIOD: 1879 TO 2023
WEATHER OBSERVED NORMAL DEPART
VALUE DATE(S) VALUE FROM
NORMAL
................................................
TEMPERATURE (F)
HIGHEST 92 06/03
LOWEST 56 06/09
06/10
AVG. MAXIMUM 85.8 87.6 -1.8
AVG. MINIMUM 64.4 67.3 -2.9
MEAN 75.1 77.4 -2.3
DAYS MAX >= 90 6
DAYS MAX <= 32 0
DAYS MIN <= 32 0
DAYS MIN <= 0 0
PRECIPITATION (INCHES)
RECORD
MAXIMUM 9.40 1949
MINIMUM 0.29 1931
TOTALS 5.49 4.18 1.31
DAYS >= .01 11
DAYS >= .10 9
DAYS >= .50 3
DAYS >= 1.00 1
GREATEST
24 HR. TOTAL 2.05 06/21 TO 06/22
SNOWFALL (INCHES)
TOTALS 0.0 0.0 0.0
SINCE 7/1 0.1
SNOWDEPTH AVG. 0
DAYS >= TRACE 0
GREATEST
SNOW DEPTH 0
DEGREE DAYS
HEATING TOTAL 0 1 -1
SINCE 7/1 2493 3026 -533
COOLING TOTAL 309 374 -65
SINCE 1/1 553 620 -67
................................................
WEATHER CONDITIONS. NUMBER OF DAYS WITH
THUNDERSTORM 11 RAIN 7
SNOW 0 FOG 17
FOG W/VIS <= 1/4 MILE 1
- INDICATES NEGATIVE NUMBERS.
R INDICATES RECORD WAS SET OR TIED.
MM INDICATES DATA IS MISSING.
T INDICATES TRACE AMOUNT.
$$