000
CXUS52 KCHS 021336
CF6CHS
PRELIMINARY LOCAL CLIMATOLOGICAL DATA (WS FORM: F-6)
STATION: NORTH CHARLESTON SC
MONTH: FEBRUARY
YEAR: 2020
LATITUDE: 32 54 N
LONGITUDE: 80 2 W
TEMPERATURE IN F: :PCPN: SNOW: WIND :SUNSHINE: SKY :PK WND
================================================================================
1 2 3 4 5 6A 6B 7 8 9 10 11 12 13 14 15 16 17 18
12Z AVG MX 2MIN
DY MAX MIN AVG DEP HDD CDD WTR SNW DPTH SPD SPD DIR MIN PSBL S-S WX SPD DR
================================================================================
1 49 43 46 -3 19 0 T 0.0 0 8.3 14 290 M M 9 1 19 290
2 63 39 51 1 14 0 0.00 0.0 0 9.2 17 270 M M 0 21 260
3 78 45 62 12 3 0 0.00 0.0 0 8.2 16 210 M M 2 19 210
4 74 47 61 11 4 0 0.00 0.0 0 9.3 15 210 M M 5 19 210
5 75 55 65 15 0 0 0.00 0.0 0 8.8 21 210 M M 8 26 230
6 74 64 69 19 0 4 0.98 0.0 0 20.8 39 200 M M 10 13 49 210
7 65 40 53 3 12 0 0.25 0.0 0 15.5 33 260 M M 3 13 44 280
8 58 32 45 -5 20 0 0.00 0.0 0 3.8 15 180 M M 3 17 180
9 60 34 47 -4 18 0 0.00 0.0 0 5.5 15 140 M M 2 19 130
10 75 44 60 9 5 0 0.00 0.0 0 8.0 21 210 M M 7 27 200
11 80 62 71 20 0 6 0.00 0.0 0 12.8 22 220 M M 7 29 190
12 76 59 68 17 0 3 0.00 0.0 0 6.4 18 150 M M 7 12 24 210
13 76 61 69 18 0 4 0.22 0.0 0 12.6 26 210 M M 8 1 35 210
14 61 44 53 1 12 0 T 0.0 0 9.3 16 360 M M 4 23 20
15 57 38 48 -4 17 0 0.00 0.0 0 10.0 16 120 M M 3 21 110
16 61 45 53 1 12 0 0.07 0.0 0 6.6 17 340 M M 8 1 20 340
17 67 50 59 7 6 0 0.04 0.0 0 7.0 15 110 M M 9 1 18 110
18 63 53 58 6 7 0 0.68 0.0 0 3.4 8 140 M M 9 12 10 100
19 68 48 58 6 7 0 0.10 0.0 0 7.1 22 40 M M 9 1 28 40
20 49 39 44 -9 21 0 1.70 0.0 0 12.4 22 20 M M 10 1 31 10
21 47 32 40 -13 25 0 T 0.0 0 15.5 28 40 M M 4 39 30
22 56 24 40 -13 25 0 0.00 0.0 0 4.6 12 30 M M 0 15 10
23 65 28 47 -6 18 0 0.00 0.0 0 3.3 10 170 M M 5 13 150
24 65 51 58 4 7 0 0.01 0.0 0 2.8 13 120 M M 9 16 120
25 69 54 62 8 3 0 0.74 0.0 0 9.0 22 220 M M 10 1 28 220
26 66 53 60 6 5 0 0.24 0.0 0 9.2 22 300 M M 10 12 30 310
27 56 39 48 -6 17 0 0.00 0.0 0 11.3 22 300 M M 1 28 270
28 60 33 47 -7 18 0 0.00 0.0 0 8.9 22 270 M M 1 28 260
29 59 38 49 -6 16 0 0.00 0.0 0 9.4 23 310 M M 1 33 310
================================================================================
SM 1872 1294 311 17 5.03 0.0 259.0 M 164
================================================================================
AV 64.6 44.6 8.9 FASTST M M 6 MAX(MPH)
MISC ----> # 39 200 # 49 210
================================================================================
NOTES:
# LAST OF SEVERAL OCCURRENCES
COLUMN 17 PEAK WIND IN M.P.H.
PRELIMINARY LOCAL CLIMATOLOGICAL DATA (WS FORM: F-6) , PAGE 2
STATION: NORTH CHARLESTON SC
MONTH: FEBRUARY
YEAR: 2020
LATITUDE: 32 54 N
LONGITUDE: 80 2 W
[TEMPERATURE DATA] [PRECIPITATION DATA] SYMBOLS USED IN COLUMN 16
AVERAGE MONTHLY: 54.6 TOTAL FOR MONTH: 5.03 1 = FOG OR MIST
DPTR FM NORMAL: 2.9 DPTR FM NORMAL: 2.07 2 = FOG REDUCING VISIBILITY
HIGHEST: 80 ON 11 GRTST 24HR 1.70 ON 20-20 TO 1/4 MILE OR LESS
LOWEST: 24 ON 22 3 = THUNDER
SNOW, ICE PELLETS, HAIL 4 = ICE PELLETS
TOTAL MONTH: 0.0 INCH 5 = HAIL
GRTST 24HR 0.0 6 = FREEZING RAIN OR DRIZZLE
GRTST DEPTH: 0 7 = DUSTSTORM OR SANDSTORM:
VSBY 1/2 MILE OR LESS
8 = SMOKE OR HAZE
[NO. OF DAYS WITH] [WEATHER - DAYS WITH] 9 = BLOWING SNOW
X = TORNADO
MAX 32 OR BELOW: 0 0.01 INCH OR MORE: 11
MAX 90 OR ABOVE: 0 0.10 INCH OR MORE: 8
MIN 32 OR BELOW: 4 0.50 INCH OR MORE: 4
MIN 0 OR BELOW: 0 1.00 INCH OR MORE: 1
[HDD (BASE 65) ]
TOTAL THIS MO. 311 CLEAR (SCALE 0-3) 8
DPTR FM NORMAL -66 PTCLDY (SCALE 4-7) 11
TOTAL FM JUL 1 1299 CLOUDY (SCALE 8-10) 10
DPTR FM NORMAL -348
[CDD (BASE 65) ]
TOTAL THIS MO. 17
DPTR FM NORMAL 12 [PRESSURE DATA]
TOTAL FM JAN 1 50 HIGHEST SLP 30.55 ON 9
DPTR FM NORMAL 43 LOWEST SLP 29.39 ON 7
[REMARKS]
#FINAL-02-20#