000
CXUS51 KCLE 021842
CLSCLE
CLIMATE REPORT
NATIONAL WEATHER SERVICE CLEVELAND, OH
242 PM EDT THU SEP 02 2021
...................................
...THE CLEVELAND OH CLIMATE SUMMARY FOR THE SEASON, FROM
6/1/2021 TO 8/31/2021...
CLIMATE NORMAL PERIOD 1991 TO 2020
CLIMATE RECORD PERIOD 1871 TO 2021
WEATHER OBSERVED NORMAL DEPART
VALUE DATE(S) VALUE FROM
NORMAL
................................................
TEMPERATURE (F)
RECORD
HIGH 104 06/25/1988
LOW 31 06/11/1972
HIGHEST 92 06/29
LOWEST 48 06/16
06/17
AVG. MAXIMUM 81.8 81.8 0.0
AVG. MINIMUM 64.6 63.4 1.2
MEAN 73.2 72.6 0.6
DAYS MAX >= 90 7 10.6
DAYS MAX <= 32 0 0.0
DAYS MIN <= 32 0 0.0
DAYS MIN <= 0 0 0.0
PRECIPITATION (INCHES)
RECORD
MAXIMUM 19.88 1972
MINIMUM 3.63 1933
TOTALS 18.81 11.06 7.75
DAYS >= .01 39 32.5
DAYS >= .10 30 20.1
DAYS >= .50 14 6.8
DAYS >= 1.00 6 2.3
SNOWFALL (INCHES)
RECORDS
TOTAL T 2008
TOTALS 0.0 0.0
DAYS >= TRACE 0
DAYS >= 1.0 0 0.0
DEGREE DAYS
HEATING TOTAL 15 36 -21
COOLING TOTAL 794 740 54
................................................
WIND (MPH)
HIGHEST GUST SPEED/DIRECTION 51/310 DATE 08/11
SKY COVER
POSSIBLE SUNSHINE (PERCENT) MM
AVERAGE SKY COVER 0.57
NUMBER OF DAYS FAIR 21
NUMBER OF DAYS PC 45
NUMBER OF DAYS CLOUDY 26
WEATHER CONDITIONS. NUMBER OF DAYS WITH
THUNDERSTORM 30 MIXED PRECIP 0
HEAVY RAIN 25 RAIN 18
LIGHT RAIN 41 FREEZING RAIN 0
LT FREEZING RAIN 0 HAIL 0
HEAVY SNOW 0 SNOW 0
LIGHT SNOW 0 SLEET 0
FOG 41 FOG W/VIS <= 1/4 MILE 1
HAZE 13
- INDICATES NEGATIVE NUMBERS.
R INDICATES RECORD WAS SET OR TIED.
MM INDICATES DATA IS MISSING.
T INDICATES TRACE AMOUNT.
$$