000
CXUS51 KILN 012118
CLMCMH
CLIMATE REPORT
NATIONAL WEATHER SERVICE WILMINGTON OH
418 PM EST MON JAN 01 2024
...................................
...THE COLUMBUS OH CLIMATE SUMMARY FOR THE MONTH OF DECEMBER 2023...
CLIMATE NORMAL PERIOD: 1991 TO 2020
CLIMATE RECORD PERIOD: 1869 TO 2023
WEATHER OBSERVED NORMAL DEPART LAST YEAR`S
VALUE DATE(S) VALUE FROM VALUE DATE(S)
NORMAL
................................................................
TEMPERATURE (F)
RECORD
HIGH 76 12/03/1982
LOW -17 12/22/1989
HIGHEST 62 12/25 40 22 65 12/30
LOWEST 22 12/14 25 -3 -7 12/23
AVG. MAXIMUM 48.4 41.5 6.9 41.8
AVG. MINIMUM 35.3 27.4 7.9 27.4
MEAN 41.8 34.5 7.3 34.6
DAYS MAX >= 90 0 0.0 0.0 0
DAYS MAX <= 32 0 6.6 -6.6 6
DAYS MIN <= 32 13 21.5 -8.5 16
DAYS MIN <= 0 0 0.1 -0.1 2
PRECIPITATION (INCHES)
TOTALS 3.25 3.13 0.12 2.02
DAILY AVG. 0.10 0.10 -0.00 0.07
DAYS >= .01 15 12.7 2.3 15
DAYS >= .10 8 6.4 1.6 7
DAYS >= .50 2 2.1 -0.1 0
DAYS >= 1.00 0 0.5 -0.5 0
GREATEST
24 HR. TOTAL 0.87 12/09 TO 12/09 0.60 12/14 TO 12/15
SNOWFALL (INCHES)
TOTALS 0.4 5.1 -4.7 5.8
SINCE 7/1 0.4 6.5 -6.1 6.1
DAYS >= TRACE 9 5.6 3.4 8
DAYS >= 1.0 0 1.7 -1.7 1
GREATEST
24 HR TOTAL 0.3 12/18 TO 12/18 4.9 12/23 TO 12/23
DEGREE DAYS
HEATING TOTAL 712 947 -235 935
SINCE 7/1 1596 1975 -379 1914
COOLING TOTAL 0 0 0 0
SINCE 1/1 992 1069 -77 1166
................................................................
WIND (MPH)
AVERAGE WIND SPEED 7.3
RESULTANT WIND SPEED/DIRECTION 3/220
HIGHEST WIND SPEED/DIRECTION 35/300 DATE 12/18
HIGHEST GUST SPEED/DIRECTION 43/290 DATE 12/18
SKY COVER
AVERAGE SKY COVER 0.79
AVERAGE RH (PERCENT) 75
WEATHER CONDITIONS. NUMBER OF DAYS WITH
THUNDERSTORM 0 MIXED PRECIP 1
HEAVY RAIN 3 RAIN 8
LIGHT RAIN 14 FREEZING RAIN 0
LT FREEZING RAIN 0 HAIL 0
HEAVY SNOW 0 SNOW 1
LIGHT SNOW 8 SLEET 1
FOG 18 FOG W/VIS <= 1/4 MILE 2
HAZE 0
- INDICATES NEGATIVE NUMBERS.
R INDICATES RECORD WAS SET OR TIED.
MM INDICATES DATA IS MISSING.
T INDICATES TRACE AMOUNT.
$$