000
CXUS53 KARX 010900
CF6CMY
PRELIMINARY LOCAL CLIMATOLOGICAL DATA (WS FORM: F-6)
STATION: SPARTA - FORT MCCOY WI
MONTH: MARCH
YEAR: 2022
LATITUDE: 43 58 N
LONGITUDE: 90 44 W
TEMPERATURE IN F: :PCPN: SNOW: WIND :SUNSHINE: SKY :PK WND
================================================================================
1 2 3 4 5 6A 6B 7 8 9 10 11 12 13 14 15 16 17 18
12Z AVG MX 2MIN
DY MAX MIN AVG DEP HDD CDD WTR SNW DPTH SPD SPD DIR MIN PSBL S-S WX SPD DR
================================================================================
1 44 24 34 M 31 0 0.00 0.0 M 3.4 8 310 M M 4 M M
2 39 22 31 M 34 0 T T M 2.9 10 350 M M 7 M M
3 30 15 23 M 42 0 0.00 0.0 M 2.0 8 310 M M 6 M M
4 40 14 27 M 38 0 M M M 6.0 15 130 M M 7 22 130
5 49 33 41 M 24 0 0.76 M M 4.5 8 120 M M 8 1 M M
6 39 29 34 M 31 0 0.03 M M 9.9 16 290 M M 8 12 24 270
7 33 13 23 M 42 0 T M M 7.1 16 320 M M 6 22 310
8 43 9 26 M 39 0 T M M 9.2 18 220 M M 2 24 210
9 30 23 27 M 38 0 T M M 10.1 14 270 M M 10 22 270
10 26 5 16 M 49 0 M M M 4.1 10 270 M M 1 M M
11 22 7 15 M 50 0 T M M 14.0 24 270 M M 3 8 32 270
12 23 -1 11 M 54 0 M M M 8.9 13 200 M M 1 20 200
13 50 19 35 M 30 0 M M M 7.7 16 290 M M 4 8 27 280
14 48 27 38 M 27 0 M M M 4.7 12 50 M M 7 20 60
15 56 20 38 M 27 0 M M M 2.1 9 290 M M 1 1 75 20
16 68 21 45 M 20 0 M M M 6.6 20 180 M M 3 18 25 210
17 57 29 43 M 22 0 0.00 0.0 0 3.0 10 330 M M 6 8 M M
18 41 33 37 M 28 0 0.40 M 0 5.7 10 70 M M 9 12 M M
19 51 22 37 M 28 0 0.02 M M 5.2 10 320 M M 5 1 17 290
20 61 18 40 M 25 0 0.00 0.0 0 1.2 7 300 M M 0 8 M M
21 67 31 49 M 16 0 0.00 0.0 0 7.4 14 80 M M 5 8 22 80
22 44 40 42 M 23 0 0.51 0.0 0 8.1 12 80 M M 9 1 18 90
23 43 34 39 M 26 0 0.17 M M 6.4 10 360 M M 10 1 M M
24 39 28 34 M 31 0 0.04 M M 3.9 6 270 M M 8 1 M M
25 40 23 32 M 33 0 0.01 M M 9.1 21 300 M M 9 1 35 300
26 33 19 26 M 39 0 T T M 14.3 21 320 M M 7 31 330
27 32 10 21 M 44 0 0.00 0.0 M 7.5 14 300 M M 0 18 300
28 40 4 22 M 43 0 M M M 2.2 7 120 M M 3 M M
29 41 30 36 M 29 0 T 0.0 0 10.8 17 110 M M 10 30 120
30 38 34 36 M 29 0 0.24 0.0 0 6.6 15 130 M M 7 1 24 90
31 35 29 32 M 33 0 0.01 M M 9.4 14 320 M M 10 1 20 330
================================================================================
SM 1302 664 1025 0 2.19 T 204.0 M 176
================================================================================
AV 42.0 21.4 6.6 FASTST M M 6 MAX(MPH)
MISC ----> 24 270 75 20
================================================================================
NOTES:
# LAST OF SEVERAL OCCURRENCES
COLUMN 17 PEAK WIND IN M.P.H.
PRELIMINARY LOCAL CLIMATOLOGICAL DATA (WS FORM: F-6) , PAGE 2
STATION: SPARTA - FORT MCCOY WI
MONTH: MARCH
YEAR: 2022
LATITUDE: 43 58 N
LONGITUDE: 90 44 W
[TEMPERATURE DATA] [PRECIPITATION DATA] SYMBOLS USED IN COLUMN 16
AVERAGE MONTHLY: 31.7 TOTAL FOR MONTH: 2.19 1 = FOG OR MIST
DPTR FM NORMAL: 0.0 DPTR FM NORMAL: M 2 = FOG REDUCING VISIBILITY
HIGHEST: 68 ON 16 GRTST 24HR 0.76 ON 5- 5 TO 1/4 MILE OR LESS
LOWEST: -1 ON 12 3 = THUNDER
SNOW, ICE PELLETS, HAIL 4 = ICE PELLETS
TOTAL MONTH: T 5 = HAIL
GRTST 24HR T ON 2- 2 6 = FREEZING RAIN OR DRIZZLE
GRTST DEPTH: 0 7 = DUSTSTORM OR SANDSTORM:
VSBY 1/2 MILE OR LESS
8 = SMOKE OR HAZE
[NO. OF DAYS WITH] [WEATHER - DAYS WITH] 9 = BLOWING SNOW
X = TORNADO
MAX 32 OR BELOW: 6 0.01 INCH OR MORE: 10
MAX 90 OR ABOVE: 0 0.10 INCH OR MORE: 5
MIN 32 OR BELOW: 26 0.50 INCH OR MORE: 2
MIN 0 OR BELOW: 1 1.00 INCH OR MORE: 0
[HDD (BASE 65) ]
TOTAL THIS MO. 1025 CLEAR (SCALE 0-3) 9
DPTR FM NORMAL M PTCLDY (SCALE 4-7) 13
TOTAL FM JUL 1 6849 CLOUDY (SCALE 8-10) 9
DPTR FM NORMAL M
[CDD (BASE 65) ]
TOTAL THIS MO. 0
DPTR FM NORMAL M [PRESSURE DATA]
TOTAL FM JAN 1 0 HIGHEST SLP M ON M
DPTR FM NORMAL M LOWEST SLP M ON M
[REMARKS]
#FINAL-03-22#