000
CXUS54 KMAF 011420
CF6CNM
PRELIMINARY LOCAL CLIMATOLOGICAL DATA (WS FORM: F-6)
STATION: CARLSBAD
MONTH: NOVEMBER
YEAR: 2021
LATITUDE: 32 20 N
LONGITUDE: 104 15 W
TEMPERATURE IN F: :PCPN: SNOW: WIND :SUNSHINE: SKY :PK WND
================================================================================
1 2 3 4 5 6A 6B 7 8 9 10 11 12 13 14 15 16 17 18
12Z AVG MX 2MIN
DY MAX MIN AVG DEP HDD CDD WTR SNW DPTH SPD SPD DIR MIN PSBL S-S WX SPD DR
================================================================================
1 70 41 56 -1 9 0 0.00 M M 6.1 10 70 M M 0 13 180
2 60 45 53 -3 12 0 0.00 M M 5.1 14 310 M M 8 16 320
3 54 48 51 -5 14 0 0.00 M M 4.4 12 160 M M 10 8 13 160
4 64 34 49 -7 16 0 0.00 M M 8.3 17 160 M M 2 12 23 170
5 76 33 55 0 10 0 0.00 M M 5.4 14 150 M M 2 12 18 150
6 77 34 56 1 9 0 0.00 M M 6.1 14 180 M M 0 17 170
7 82 35 59 5 6 0 0.00 M M 5.8 13 160 M M 0 14 170
8 81 39 60 6 5 0 0.00 M M 2.6 9 160 M M 0 11 170
9 82 44 63 9 2 0 0.00 M M 6.9 17 350 M M 0 18 20 360
10 79 41 60 7 5 0 0.00 M M 9.0 24 300 M M 0 29 300
11 69 36 53 0 12 0 0.00 M M 6.8 13 240 M M 0 15 10
12 62 32 47 -6 18 0 0.00 M M 7.0 18 360 M M 0 8 23 350
13 80 30 55 3 10 0 0.00 M M 10.6 24 260 M M 0 30 260
14 76 42 59 7 6 0 0.00 M M 8.2 18 360 M M 0 21 360
15 84 33 59 8 6 0 0.00 M M 8.7 18 250 M M 0 22 230
16 83 41 62 11 3 0 T M M 11.2 29 270 M M 0 8 34 240
17 75 43 59 8 6 0 0.00 M M 10.0 21 40 M M 0 25 40
18 52 29 41 -9 24 0 0.00 M M 6.3 10 200 M M 0 14 340
19 72 29 51 1 14 0 0.00 M M 6.4 17 180 M M 0 21 180
20 79 35 57 7 8 0 0.00 M M 6.9 23 240 M M 0 29 270
21 62 38 50 1 15 0 0.00 M M 12.1 24 340 M M 0 31 330
22 67 30 49 0 16 0 0.00 M M 6.7 15 160 M M 0 21 160
23 73 32 53 4 12 0 0.00 M M 4.4 10 160 M M 0 12 190
24 73 42 58 10 7 0 T M M 9.5 28 240 M M 2 32 240
25 54 32 43 -5 22 0 0.00 M M 11.0 21 360 M M 4 25 10
26 60 28 44 -4 21 0 0.00 M M 5.7 17 170 M M 1 22 160
27 57 43 50 3 15 0 0.14 M M 4.7 16 320 M M 9 1 20 330
28 62 34 48 1 17 0 0.00 M M 7.4 15 150 M M 0 18 150
29 74 28 51 4 14 0 0.00 M M 6.2 14 160 M M 0 16 150
30 74 29 52 6 13 0 0.00 M M 5.0 13 280 M M 0 15 300
================================================================================
SM 2113 1080 347 0 0.14 M 214.5 M 38
================================================================================
AV 70.4 36.0 7.1 FASTST M M 1 MAX(MPH)
MISC ----> 29 270 34 240
================================================================================
NOTES:
# LAST OF SEVERAL OCCURRENCES
COLUMN 17 PEAK WIND IN M.P.H.
PRELIMINARY LOCAL CLIMATOLOGICAL DATA (WS FORM: F-6) , PAGE 2
STATION: CARLSBAD
MONTH: NOVEMBER
YEAR: 2021
LATITUDE: 32 20 N
LONGITUDE: 104 15 W
[TEMPERATURE DATA] [PRECIPITATION DATA] SYMBOLS USED IN COLUMN 16
AVERAGE MONTHLY: 53.2 TOTAL FOR MONTH: 0.14 1 = FOG OR MIST
DPTR FM NORMAL: 1.8 DPTR FM NORMAL: -0.39 2 = FOG REDUCING VISIBILITY
HIGHEST: 84 ON 15 GRTST 24HR 0.14 ON 27-27 TO 1/4 MILE OR LESS
LOWEST: 28 ON 29,26 3 = THUNDER
SNOW, ICE PELLETS, HAIL 4 = ICE PELLETS
TOTAL MONTH: M 5 = HAIL
GRTST 24HR M ON M 6 = FREEZING RAIN OR DRIZZLE
GRTST DEPTH: M ON M 7 = DUSTSTORM OR SANDSTORM:
VSBY 1/2 MILE OR LESS
8 = SMOKE OR HAZE
[NO. OF DAYS WITH] [WEATHER - DAYS WITH] 9 = BLOWING SNOW
X = TORNADO
MAX 32 OR BELOW: 0 0.01 INCH OR MORE: 1
MAX 90 OR ABOVE: 0 0.10 INCH OR MORE: 1
MIN 32 OR BELOW: 10 0.50 INCH OR MORE: 0
MIN 0 OR BELOW: 0 1.00 INCH OR MORE: 0
[HDD (BASE 65) ]
TOTAL THIS MO. 347 CLEAR (SCALE 0-3) 26
DPTR FM NORMAL -64 PTCLDY (SCALE 4-7) 2
TOTAL FM JUL 1 406 CLOUDY (SCALE 8-10) 2
DPTR FM NORMAL -132
[CDD (BASE 65) ]
TOTAL THIS MO. 0
DPTR FM NORMAL -3 [PRESSURE DATA]
TOTAL FM JAN 1 2113 HIGHEST SLP 30.55 ON 18
DPTR FM NORMAL -82 LOWEST SLP 29.72 ON 16
[REMARKS]
#FINAL-11-21#