228
CXUS54 KMAF 011110
CF6CNM
PRELIMINARY LOCAL CLIMATOLOGICAL DATA (WS FORM: F-6)
STATION: CARLSBAD
MONTH: JUNE
YEAR: 2020
LATITUDE: 32 20 N
LONGITUDE: 104 15 W
TEMPERATURE IN F: :PCPN: SNOW: WIND :SUNSHINE: SKY :PK WND
================================================================================
1 2 3 4 5 6A 6B 7 8 9 10 11 12 13 14 15 16 17 18
12Z AVG MX 2MIN
DY MAX MIN AVG DEP HDD CDD WTR SNW DPTH SPD SPD DIR MIN PSBL S-S WX SPD DR
================================================================================
1 89 61 75 -2 0 10 0.00 M M 9.6 17 140 M M 1 8 23 150
2 95 63 79 1 0 14 0.00 M M 8.7 17 140 M M 0 24 140
3 97 67 82 4 0 17 0.00 M M 7.7 16 150 M M 0 21 140
4 103 70 87 9 0 22 0.00 M M 10.1 23 200 M M 0 3 33 10
5 103 72 88 10 0 23 0.00 M M 15.1 24 150 M M 0 29 150
6 99 71 85 6 0 20 T M M 15.0 26 150 M M 0 8 35 140
7 103 69 86 7 0 21 0.00 M M 10.9 24 260 M M 1 29 170
8 100 68 84 5 0 19 0.00 M M 16.1 30 260 M M 0 39 270
9 88 57 73 -6 0 8 0.00 M M 10.4 23 340 M M 0 28 270
10 92 53 73 -7 0 8 0.00 M M 7.8 17 140 M M 0 25 130
11 96 65 81 1 0 16 T M M 11.7 36 280 M M 0 38 43 270
12 96 67 82 2 0 17 0.00 M M 11.2 24 140 M M 0 33 120
13 97 63 80 0 0 15 0.00 M M 13.0 28 130 M M 0 32 170
14 95 66 81 1 0 16 0.00 M M 13.1 22 130 M M 0 30 130
15 93 63 78 -2 0 13 0.00 0.0 0 11.5 23 160 M M 0 30 150
16 94 63 79 -1 0 14 0.00 0.0 0 10.7 21 140 M M 0 27 130
17 102 66 84 3 0 19 T 0.0 0 10.0 22 190 M M 1 8 25 190
18 102 66 84 3 0 19 0.00 M M 8.5 23 250 M M 2 29 250
19 102 68 85 4 0 20 0.00 0.0 0 9.3 21 260 M M 1 28 220
20 97 63 80 -1 0 15 0.00 0.0 0 7.5 23 130 M M 1 31 130
21 105 62 84 3 0 19 0.00 0.0 0 8.3 22 220 M M 3 28 220
22 104 70 87 6 0 22 0.00 M M 11.8 29 320 M M 2 35 240
23 95 65 80 -1 0 15 0.34 0.0 0 9.6 46 360 M M 3 138 56 340
24 90 64 77 -4 0 12 0.00 0.0 0 10.2 21 140 M M 0 27 140
25 97 65 81 0 0 16 0.00 0.0 0 9.9 22 140 M M 0 27 130
26 99 68 84 2 0 19 0.00 0.0 0 11.2 30 300 M M 0 35 300
27 99 71 85 3 0 20 T 0.0 0 10.1 32 200 M M 0 41 200
28 99 74 87 5 0 22 0.00 0.0 0 8.0 32 250 M M 0 38 39 250
29 100 76 88 6 0 23 0.00 M M 15.0 29 250 M M 0 45 260
30 100 74 87 5 0 22 0.00 M M 14.0 29 270 M M 0 35 270
================================================================================
SM 2931 1990 0 516 0.34 0.0 326.0 M 15
================================================================================
AV 97.7 66.3 10.9 FASTST M M 1 MAX(MPH)
MISC ----> 46 360 56 340
================================================================================
NOTES:
# LAST OF SEVERAL OCCURRENCES
COLUMN 17 PEAK WIND IN M.P.H.
PRELIMINARY LOCAL CLIMATOLOGICAL DATA (WS FORM: F-6) , PAGE 2
STATION: CARLSBAD
MONTH: JUNE
YEAR: 2020
LATITUDE: 32 20 N
LONGITUDE: 104 15 W
[TEMPERATURE DATA] [PRECIPITATION DATA] SYMBOLS USED IN COLUMN 16
AVERAGE MONTHLY: 82.0 TOTAL FOR MONTH: 0.34 1 = FOG OR MIST
DPTR FM NORMAL: 1.9 DPTR FM NORMAL: -1.41 2 = FOG REDUCING VISIBILITY
HIGHEST: 105 ON 21 GRTST 24HR 0.34 ON 23-23 TO 1/4 MILE OR LESS
LOWEST: 53 ON 10 3 = THUNDER
SNOW, ICE PELLETS, HAIL 4 = ICE PELLETS
TOTAL MONTH: 0.0 INCH 5 = HAIL
GRTST 24HR 0.0 6 = FREEZING RAIN OR DRIZZLE
GRTST DEPTH: 0 7 = DUSTSTORM OR SANDSTORM:
VSBY 1/2 MILE OR LESS
8 = SMOKE OR HAZE
[NO. OF DAYS WITH] [WEATHER - DAYS WITH] 9 = BLOWING SNOW
X = TORNADO
MAX 32 OR BELOW: 0 0.01 INCH OR MORE: 1
MAX 90 OR ABOVE: 28 0.10 INCH OR MORE: 1
MIN 32 OR BELOW: 0 0.50 INCH OR MORE: 0
MIN 0 OR BELOW: 0 1.00 INCH OR MORE: 0
[HDD (BASE 65) ]
TOTAL THIS MO. 0 CLEAR (SCALE 0-3) 30
DPTR FM NORMAL 0 PTCLDY (SCALE 4-7) 0
TOTAL FM JUL 1 2670 CLOUDY (SCALE 8-10) 0
DPTR FM NORMAL -151
[CDD (BASE 65) ]
TOTAL THIS MO. 516
DPTR FM NORMAL 63 [PRESSURE DATA]
TOTAL FM JAN 1 935 HIGHEST SLP 30.17 ON 12
DPTR FM NORMAL 155 LOWEST SLP 29.46 ON 28
[REMARKS]
#FINAL-06-20#