000
CXUS56 KSGX 011108
CF6CNO
PRELIMINARY LOCAL CLIMATOLOGICAL DATA (WS FORM: F-6)
STATION: CHINO AIRPORT CA
MONTH: JUNE
YEAR: 2023
LATITUDE: 33 58 N
LONGITUDE: 117 38 W
TEMPERATURE IN F: :PCPN: SNOW: WIND :SUNSHINE: SKY :PK WND
================================================================================
1 2 3 4 5 6A 6B 7 8 9 10 11 12 13 14 15 16 17 18
12Z AVG MX 2MIN
DY MAX MIN AVG DEP HDD CDD WTR SNW DPTH SPD SPD DIR MIN PSBL S-S WX SPD DR
================================================================================
1 68 59 64 -6 1 0 0.00 M M 6.0 14 230 M M 10 8 16 230
2 78 57 68 -2 0 3 0.00 M M 6.9 17 240 M M 6 8 20 250
3 82 52 67 -3 0 2 0.00 M M 6.8 17 240 M M 1 18 22 240
4 80 60 70 -1 0 5 0.00 M M 7.5 22 240 M M 7 18 27 250
5 69 57 63 -8 2 0 0.00 M M 9.4 18 240 M M 8 18 22 230
6 73 57 65 -6 0 0 0.00 M M 8.5 18 250 M M 8 8 22 240
7 73 56 65 -6 0 0 T M M 6.2 14 230 M M 7 18 250
8 78 53 66 -5 0 1 0.00 M M 7.0 17 250 M M 3 18 21 230
9 74 56 65 -7 0 0 0.00 M M 6.5 17 240 M M 7 8 21 240
10 75 57 66 -6 0 1 0.00 M M 7.6 17 240 M M 8 18 22 240
11 72 58 65 -7 0 0 T M M 8.5 17 250 M M 10 8 20 250
12 70 58 64 -8 1 0 0.01 M M 7.2 13 260 M M 9 18 15 240
13 75 57 66 -6 0 1 0.00 M M 6.8 14 240 M M 6 8 17 230
14 71 55 63 -10 2 0 0.00 M M 5.7 13 290 M M 8 18 17 290
15 74 60 67 -6 0 2 0.00 M M 5.9 14 240 M M 8 1 19 290
16 83 61 72 -1 0 7 0.00 M M 6.1 17 230 M M 6 8 20 250
17 90 57 74 1 0 9 0.00 M M 7.3 18 250 M M 1 18 23 250
18 82 58 70 -4 0 5 0.00 M M 7.9 17 250 M M 4 18 22 280
19 77 58 68 -6 0 3 0.00 M M 6.8 18 240 M M 7 18 22 270
20 84 58 71 -3 0 6 0.00 M M 5.3 17 240 M M 3 8 21 230
21 85 53 69 -5 0 4 0.00 M M 6.3 18 270 M M 1 18 24 230
22 79 53 66 -8 0 1 0.00 M M 8.7 23 240 M M 1 18 28 230
23 82 54 68 -7 0 3 0.00 M M 4.9 18 240 M M 3 8 21 230
24 85 52 69 -6 0 4 0.00 M M 5.8 23 250 M M 2 27 250
25 84 56 70 -5 0 5 0.00 M M 5.8 17 250 M M 2 18 21 240
26 84 50 67 -8 0 2 0.00 M M 6.1 17 250 M M 0 18 23 270
27 86 54 70 -6 0 5 0.00 M M 6.2 18 250 M M 0 18 22 250
28 82 56 69 -7 0 4 0.00 M M 7.0 18 260 M M 3 18 21 240
29 87 57 72 -4 0 7 0.00 M M 5.8 16 240 M M 2 18 20 240
30 94 58 76 0 0 11 0.00 M M 6.8 18 260 M M 0 18 23 250
================================================================================
SM 2376 1687 6 91 0.01 M 203.3 M 141
================================================================================
AV 79.2 56.2 6.8 FASTST M M 5 MAX(MPH)
MISC ----> # 23 240 28 230
================================================================================
NOTES:
# LAST OF SEVERAL OCCURRENCES
COLUMN 17 PEAK WIND IN M.P.H.
PRELIMINARY LOCAL CLIMATOLOGICAL DATA (WS FORM: F-6) , PAGE 2
STATION: CHINO AIRPORT CA
MONTH: JUNE
YEAR: 2023
LATITUDE: 33 58 N
LONGITUDE: 117 38 W
[TEMPERATURE DATA] [PRECIPITATION DATA] SYMBOLS USED IN COLUMN 16
AVERAGE MONTHLY: 67.7 TOTAL FOR MONTH: 0.01 1 = FOG OR MIST
DPTR FM NORMAL: -5.3 DPTR FM NORMAL: -0.01 2 = FOG REDUCING VISIBILITY
HIGHEST: 94 ON 30 GRTST 24HR 0.01 ON 11-12 TO 1/4 MILE OR LESS
LOWEST: 50 ON 26 3 = THUNDER
SNOW, ICE PELLETS, HAIL 4 = ICE PELLETS
TOTAL MONTH: M 5 = HAIL
GRTST 24HR M ON M 6 = FREEZING RAIN OR DRIZZLE
GRTST DEPTH: M ON M 7 = DUSTSTORM OR SANDSTORM:
VSBY 1/2 MILE OR LESS
8 = SMOKE OR HAZE
[NO. OF DAYS WITH] [WEATHER - DAYS WITH] 9 = BLOWING SNOW
X = TORNADO
MAX 32 OR BELOW: 0 0.01 INCH OR MORE: 1
MAX 90 OR ABOVE: 2 0.10 INCH OR MORE: 0
MIN 32 OR BELOW: 0 0.50 INCH OR MORE: 0
MIN 0 OR BELOW: 0 1.00 INCH OR MORE: 0
[HDD (BASE 65) ]
TOTAL THIS MO. 6 CLEAR (SCALE 0-3) 12
DPTR FM NORMAL 4 PTCLDY (SCALE 4-7) 12
TOTAL FM JUL 1 1889 CLOUDY (SCALE 8-10) 6
DPTR FM NORMAL 504
[CDD (BASE 65) ]
TOTAL THIS MO. 91
DPTR FM NORMAL -153 [PRESSURE DATA]
TOTAL FM JAN 1 173 HIGHEST SLP 30.07 ON 25
DPTR FM NORMAL -251 LOWEST SLP 29.79 ON 30
[REMARKS]
#FINAL-06-23#