000
CXUS55 KGJT 010910
CF6CNY
PRELIMINARY LOCAL CLIMATOLOGICAL DATA (WS FORM: F-6)
STATION: CANYONLANDS AIRPORT UT
MONTH: APRIL
YEAR: 2022
LATITUDE: 38 46 N
LONGITUDE: 109 45 W
TEMPERATURE IN F: :PCPN: SNOW: WIND :SUNSHINE: SKY :PK WND
================================================================================
1 2 3 4 5 6A 6B 7 8 9 10 11 12 13 14 15 16 17 18
12Z AVG MX 2MIN
DY MAX MIN AVG DEP HDD CDD WTR SNW DPTH SPD SPD DIR MIN PSBL S-S WX SPD DR
================================================================================
1 63 38 51 1 14 0 0.00 M M 5.2 15 260 M M 0 20 250
2 73 34 54 4 11 0 0.00 M M 5.7 22 230 M M 2 27 220
3 64 45 55 5 10 0 0.00 M M 8.2 25 70 M M 2 31 50
4 72 36 54 3 11 0 0.00 M M 8.4 28 250 M M 0 37 240
5 68 38 53 2 12 0 0.00 M M 17.9 35 320 M M 0 48 310
6 56 30 43 -8 22 0 0.00 M M 5.2 22 40 M M 0 28 40
7 63 26 45 -6 20 0 0.00 M M 4.1 12 70 M M 0 17 50
8 72 31 52 1 13 0 0.00 M M 3.5 13 140 M M 0 17 130
9 80 37 59 7 6 0 0.00 M M 11.3 36 290 M M 1 56 280
10 52 31 42 -10 23 0 0.00 M M 7.1 23 310 M M 0 29 310
11 71 25 48 -4 17 0 0.00 M M 19.8 46 260 M M 2 8 66 270
12 49 32 41 -11 24 0 0.01 M M 17.0 43 300 M M 5 18 53 300
13 50 26 38 -14 27 0 0.00 M M 11.3 28 310 M M 1 35 310
14 64 20 42 -11 23 0 0.00 M M 6.8 23 220 M M 0 39 280
15 72 42 57 4 8 0 0.00 M M 10.4 25 230 M M 1 37 220
16 76 42 59 6 6 0 0.00 M M 12.8 40 340 M M 1 8 70 220
17 74 35 55 2 10 0 0.00 M M 6.1 21 300 M M 0 31 260
18 80 45 63 10 2 0 0.00 M M 7.4 23 250 M M 0 30 240
19 82 45 64 10 1 0 0.00 M M 14.1 33 220 M M 0 46 190
20 75 42 59 5 6 0 0.00 M M 6.2 20 270 M M 0 24 310
21 81 45 63 9 2 0 0.00 M M 13.9 33 190 M M 0 47 210
22 71 42 57 3 8 0 0.24 M M 13.4 41 230 M M 6 13 60 270
23 59 39 49 -6 16 0 0.00 M M 9.8 24 260 M M 2 35 280
24 58 36 47 -8 18 0 0.00 M M 7.1 21 10 M M 4 28 10
25 64 33 49 -6 16 0 0.00 M M 2.4 14 60 M M 0 18 50
26 78 38 58 2 7 0 0.00 M M 10.2 23 240 M M 0 36 200
27 80 48 64 8 1 0 0.00 M M 9.2 25 230 M M 0 38 220
28 78 50 64 8 1 0 0.00 M M 13.1 28 230 M M 0 37 220
29 63 42 53 -3 12 0 0.00 M M 18.8 32 310 M M 0 43 310
30 68 32 50 -7 15 0 0.00 M M 3.0 10 120 M M 0 15 100
================================================================================
SM 2056 1105 362 0 0.25 M 289.4 M 27
================================================================================
AV 68.5 36.8 9.6 FASTST M M 1 MAX(MPH)
MISC ----> 46 260 70 220
================================================================================
NOTES:
# LAST OF SEVERAL OCCURRENCES
COLUMN 17 PEAK WIND IN M.P.H.
PRELIMINARY LOCAL CLIMATOLOGICAL DATA (WS FORM: F-6) , PAGE 2
STATION: CANYONLANDS AIRPORT UT
MONTH: APRIL
YEAR: 2022
LATITUDE: 38 46 N
LONGITUDE: 109 45 W
[TEMPERATURE DATA] [PRECIPITATION DATA] SYMBOLS USED IN COLUMN 16
AVERAGE MONTHLY: 52.7 TOTAL FOR MONTH: 0.25 1 = FOG OR MIST
DPTR FM NORMAL: -0.4 DPTR FM NORMAL: -0.26 2 = FOG REDUCING VISIBILITY
HIGHEST: 82 ON 19 GRTST 24HR 0.24 ON 22-22 TO 1/4 MILE OR LESS
LOWEST: 20 ON 14 3 = THUNDER
SNOW, ICE PELLETS, HAIL 4 = ICE PELLETS
TOTAL MONTH: M 5 = HAIL
GRTST 24HR M ON M 6 = FREEZING RAIN OR DRIZZLE
GRTST DEPTH: M ON M 7 = DUSTSTORM OR SANDSTORM:
VSBY 1/2 MILE OR LESS
8 = SMOKE OR HAZE
[NO. OF DAYS WITH] [WEATHER - DAYS WITH] 9 = BLOWING SNOW
X = TORNADO
MAX 32 OR BELOW: 0 0.01 INCH OR MORE: 2
MAX 90 OR ABOVE: 0 0.10 INCH OR MORE: 1
MIN 32 OR BELOW: 9 0.50 INCH OR MORE: 0
MIN 0 OR BELOW: 0 1.00 INCH OR MORE: 0
[HDD (BASE 65) ]
TOTAL THIS MO. 362 CLEAR (SCALE 0-3) 27
DPTR FM NORMAL 2 PTCLDY (SCALE 4-7) 3
TOTAL FM JUL 1 5057 CLOUDY (SCALE 8-10) 0
DPTR FM NORMAL -167
[CDD (BASE 65) ]
TOTAL THIS MO. 0
DPTR FM NORMAL -3 [PRESSURE DATA]
TOTAL FM JAN 1 0 HIGHEST SLP M ON M
DPTR FM NORMAL -3 LOWEST SLP 29.05 ON 11
[REMARKS]
#FINAL-04-22#