000
CXUS55 KGJT 011000
CF6CNY
PRELIMINARY LOCAL CLIMATOLOGICAL DATA (WS FORM: F-6)
STATION: CANYONLANDS AIRPORT UT
MONTH: APRIL
YEAR: 2020
LATITUDE: 38 46 N
LONGITUDE: 109 45 W
TEMPERATURE IN F: :PCPN: SNOW: WIND :SUNSHINE: SKY :PK WND
================================================================================
1 2 3 4 5 6A 6B 7 8 9 10 11 12 13 14 15 16 17 18
12Z AVG MX 2MIN
DY MAX MIN AVG DEP HDD CDD WTR SNW DPTH SPD SPD DIR MIN PSBL S-S WX SPD DR
================================================================================
1 74 40 57 9 8 0 0.00 M M 11.5 30 210 M M 1 39 210
2 58 30 44 -5 21 0 0.00 M M 13.3 30 300 M M 5 37 300
3 55 24 40 -9 25 0 0.00 M M 2.8 12 340 M M 0 18 330
4 66 32 49 0 16 0 0.00 M M 6.7 17 210 M M 2 30 260
5 69 42 56 6 9 0 0.00 M M 10.7 28 210 M M 1 35 210
6 70 47 59 9 6 0 0.00 M M 13.1 29 190 M M 0 43 170
7 72 44 58 8 7 0 0.00 M M 8.0 23 220 M M 0 28 240
8 75 32 54 4 11 0 0.00 M M 4.9 15 80 M M 0 19 60
9 70 43 57 7 8 0 T M M 8.4 28 260 M M 4 3 35 260
10 71 30 51 0 14 0 0.00 M M 5.0 18 270 M M 0 28 230
11 71 33 52 1 13 0 0.00 M M 6.8 36 260 M M 2 53 280
12 62 36 49 -2 16 0 T M M 13.8 35 310 M M 2 46 300
13 55 28 42 -10 23 0 0.00 M M 12.6 31 310 M M 3 40 310
14 52 22 37 -15 28 0 0.00 M M 6.2 23 60 M M 0 29 50
15 66 28 47 -5 18 0 T M M 7.1 31 270 M M 3 41 250
16 61 40 51 -1 14 0 T M M 14.8 26 300 M M M 37 320
17 62 30 46 -7 19 0 0.00 M M 4.9 22 60 M M 0 29 60
18 67 42 55 2 10 0 T M M 6.3 24 260 M M 5 3 30 270
19 69 36 53 0 12 0 T M M 6.4 28 280 M M 3 38 270
20 69 36 53 -1 12 0 0.00 M M 3.2 13 280 M M 2 17 270
21 70 47 59 5 6 0 T M M 7.3 22 210 M M 4 26 210
22 72 40 56 2 9 0 0.00 M M 7.7 26 280 M M 2 40 320
23 72 42 57 2 8 0 0.00 M M 8.6 28 300 M M 3 36 300
24 68 47 58 3 7 0 0.00 M M 8.1 20 300 M M 0 27 350
25 73 40 57 2 8 0 0.00 M M 4.2 13 220 M M 0 18 270
26 76 46 61 5 4 0 T M M 6.1 28 340 M M 1 35 360
27 85 51 68 12 0 3 0.00 M M 8.3 26 310 M M 0 36 310
28 81 53 67 11 0 2 0.00 M M 10.0 21 270 M M 0 8 32 260
29 85 43 64 7 1 0 0.00 M M 4.2 17 70 M M 0 25 350
30 89 50 70 13 0 5 0.00 M M 9.8 26 300 M M 0 38 260
================================================================================
SM 2085 1154 333 10 T M 240.8 M 43
================================================================================
AV 69.5 38.5 8.0 FASTST M M 1 MAX(MPH)
MISC ----> # 36 260 # 53 280
================================================================================
NOTES:
# LAST OF SEVERAL OCCURRENCES
COLUMN 17 PEAK WIND IN M.P.H.
PRELIMINARY LOCAL CLIMATOLOGICAL DATA (WS FORM: F-6) , PAGE 2
STATION: CANYONLANDS AIRPORT UT
MONTH: APRIL
YEAR: 2020
LATITUDE: 38 46 N
LONGITUDE: 109 45 W
[TEMPERATURE DATA] [PRECIPITATION DATA] SYMBOLS USED IN COLUMN 16
AVERAGE MONTHLY: 54.0 TOTAL FOR MONTH: T 1 = FOG OR MIST
DPTR FM NORMAL: 1.5 DPTR FM NORMAL: -0.69 2 = FOG REDUCING VISIBILITY
HIGHEST: 89 ON 30 GRTST 24HR T ON 26-26 TO 1/4 MILE OR LESS
LOWEST: 22 ON 14 3 = THUNDER
SNOW, ICE PELLETS, HAIL 4 = ICE PELLETS
TOTAL MONTH: M 5 = HAIL
GRTST 24HR M ON M 6 = FREEZING RAIN OR DRIZZLE
GRTST DEPTH: M ON M 7 = DUSTSTORM OR SANDSTORM:
VSBY 1/2 MILE OR LESS
8 = SMOKE OR HAZE
[NO. OF DAYS WITH] [WEATHER - DAYS WITH] 9 = BLOWING SNOW
X = TORNADO
MAX 32 OR BELOW: 0 0.01 INCH OR MORE: 0
MAX 90 OR ABOVE: 0 0.10 INCH OR MORE: 0
MIN 32 OR BELOW: 9 0.50 INCH OR MORE: 0
MIN 0 OR BELOW: 0 1.00 INCH OR MORE: 0
[HDD (BASE 65) ]
TOTAL THIS MO. 333 CLEAR (SCALE 0-3) 23
DPTR FM NORMAL -44 PTCLDY (SCALE 4-7) 6
TOTAL FM JUL 1 5464 CLOUDY (SCALE 8-10) 0
DPTR FM NORMAL 39
[CDD (BASE 65) ]
TOTAL THIS MO. 10
DPTR FM NORMAL 7 [PRESSURE DATA]
TOTAL FM JAN 1 10 HIGHEST SLP 30.37 ON 14
DPTR FM NORMAL 7 LOWEST SLP 29.45 ON 1
[REMARKS]
#FINAL-04-20#