000
CXUS55 KRIW 011010
CF6COD
PRELIMINARY LOCAL CLIMATOLOGICAL DATA (WS FORM: F-6)
STATION: CODY WY
MONTH: SEPTEMBER
YEAR: 2022
LATITUDE: 44 31 N
LONGITUDE: 109 1 W
TEMPERATURE IN F: :PCPN: SNOW: WIND :SUNSHINE: SKY :PK WND
================================================================================
1 2 3 4 5 6A 6B 7 8 9 10 11 12 13 14 15 16 17 18
12Z AVG MX 2MIN
DY MAX MIN AVG DEP HDD CDD WTR SNW DPTH SPD SPD DIR MIN PSBL S-S WX SPD DR
================================================================================
1 93 58 76 12 0 11 0.00 M M 5.2 14 20 M M 0 M M
2 87 61 74 10 0 9 0.00 M M 5.1 9 40 M M 0 M M
3 95 56 76 12 0 11 0.00 M M 7.1 15 150 M M 0 8 18 110
4 96 66 81 18 0 16 0.00 M M 7.3 16 250 M M 0 36 290
5 94 58 76 13 0 11 0.00 M M 5.7 15 40 M M 0 21 20
6 86 56 71 8 0 6 0.00 M M 4.7 9 230 M M 0 M M
7 98 61 80 18 0 15 0.00 M M 7.0 12 130 M M 0 8 39 270
8 76 47 62 0 3 0 0.50 M M 8.3 24 10 M M 4 138 36 10
9 54 39 47 -15 18 0 T M M 8.4 14 340 M M 8 21 330
10 65 37 51 -10 14 0 0.00 M M 7.1 14 220 M M 0 17 120
11 80 43 62 1 3 0 0.00 M M 5.8 9 210 M M 0 M M
12 81 50 66 6 0 1 0.00 M M 4.3 9 90 M M 0 8 M M
13 84 48 66 6 0 1 T M M 5.1 18 30 M M 1 18 110
14 64 56 60 0 5 0 0.01 M M 5.5 13 10 M M 7 M M
15 72 50 61 2 4 0 0.00 M M 5.5 15 230 M M 4 22 240
16 67 47 57 -2 8 0 0.04 M M 5.0 21 220 M M 5 33 230
17 68 44 56 -2 9 0 0.20 M M 8.0 17 140 M M 3 3 22 70
18 74 48 61 3 4 0 T M M 6.5 10 190 M M 2 17 140
19 82 46 64 6 1 0 0.00 M M 6.5 14 280 M M 0 18 280
20 58 46 52 -5 13 0 T M M 10.8 17 360 M M 4 23 360
21 55 43 49 -8 16 0 0.02 M M 4.7 9 140 M M 9 M M
22 65 47 56 0 9 0 0.09 M M 8.6 21 260 M M 5 35 280
23 70 55 63 7 2 0 0.00 M M 15.3 23 270 M M 2 39 270
24 72 49 61 5 4 0 0.00 M M 7.5 13 20 M M 2 22 330
25 73 46 60 5 5 0 0.00 M M 4.1 8 30 M M 0 M M
26 77 45 61 6 4 0 0.00 M M 3.8 9 40 M M 0 M M
27 82 48 65 11 0 0 0.00 M M 5.2 10 130 M M 1 8 M M
28 84 57 71 17 0 6 0.00 M M 5.7 9 90 M M 1 M M
29 80 54 67 13 0 2 0.07 M M 6.8 15 220 M M 2 18 290
30 57 46 52 -1 13 0 0.02 M M 8.5 17 20 M M 10 33 220
================================================================================
SM 2289 1507 135 89 0.95 M 199.1 M 70
================================================================================
AV 76.3 50.2 6.6 FASTST M M 2 MAX(MPH)
MISC ----> 24 10 # 39 270
================================================================================
NOTES:
# LAST OF SEVERAL OCCURRENCES
COLUMN 17 PEAK WIND IN M.P.H.
PRELIMINARY LOCAL CLIMATOLOGICAL DATA (WS FORM: F-6) , PAGE 2
STATION: CODY WY
MONTH: SEPTEMBER
YEAR: 2022
LATITUDE: 44 31 N
LONGITUDE: 109 1 W
[TEMPERATURE DATA] [PRECIPITATION DATA] SYMBOLS USED IN COLUMN 16
AVERAGE MONTHLY: 63.3 TOTAL FOR MONTH: 0.95 1 = FOG OR MIST
DPTR FM NORMAL: 4.3 DPTR FM NORMAL: M 2 = FOG REDUCING VISIBILITY
HIGHEST: 98 ON 7 GRTST 24HR 0.50 ON 8- 8 TO 1/4 MILE OR LESS
LOWEST: 37 ON 10 3 = THUNDER
SNOW, ICE PELLETS, HAIL 4 = ICE PELLETS
TOTAL MONTH: M 5 = HAIL
GRTST 24HR M ON M 6 = FREEZING RAIN OR DRIZZLE
GRTST DEPTH: M ON M 7 = DUSTSTORM OR SANDSTORM:
VSBY 1/2 MILE OR LESS
8 = SMOKE OR HAZE
[NO. OF DAYS WITH] [WEATHER - DAYS WITH] 9 = BLOWING SNOW
X = TORNADO
MAX 32 OR BELOW: 0 0.01 INCH OR MORE: 8
MAX 90 OR ABOVE: 5 0.10 INCH OR MORE: 2
MIN 32 OR BELOW: 0 0.50 INCH OR MORE: 1
MIN 0 OR BELOW: 0 1.00 INCH OR MORE: 0
[HDD (BASE 65) ]
TOTAL THIS MO. 135 CLEAR (SCALE 0-3) 20
DPTR FM NORMAL -48 PTCLDY (SCALE 4-7) 7
TOTAL FM JUL 1 147 CLOUDY (SCALE 8-10) 3
DPTR FM NORMAL 147
[CDD (BASE 65) ]
TOTAL THIS MO. 89
DPTR FM NORMAL 89 [PRESSURE DATA]
TOTAL FM JAN 1 613 HIGHEST SLP M ON M
DPTR FM NORMAL 613 LOWEST SLP M ON M
[REMARKS]
#FINAL-09-22#