000
CXUS55 KRIW 010945
CF6COD
PRELIMINARY LOCAL CLIMATOLOGICAL DATA (WS FORM: F-6)
STATION: CODY WY
MONTH: APRIL
YEAR: 2020
LATITUDE: 44 31 N
LONGITUDE: 109 1 W
TEMPERATURE IN F: :PCPN: SNOW: WIND :SUNSHINE: SKY :PK WND
================================================================================
1 2 3 4 5 6A 6B 7 8 9 10 11 12 13 14 15 16 17 18
12Z AVG MX 2MIN
DY MAX MIN AVG DEP HDD CDD WTR SNW DPTH SPD SPD DIR MIN PSBL S-S WX SPD DR
================================================================================
1 32 13 23 -19 42 0 T M M 13.4 20 10 M M 10 18 23 10
2 25 5 15 -27 50 0 T M M 10.2 14 350 M M 8 18 21 350
3 36 2 19 -23 46 0 0.00 M M 7.5 15 140 M M 3 20 130
4 50 19 35 -7 30 0 0.00 M M 7.3 15 160 M M 0 22 170
5 60 26 43 1 22 0 0.00 M M 8.2 16 230 M M 2 24 230
6 59 36 48 5 17 0 0.03 M M 12.0 20 240 M M 6 30 280
7 58 40 49 6 16 0 0.00 M M 16.3 28 260 M M 1 46 240
8 50 25 38 -5 27 0 0.00 M M 9.1 21 30 M M 1 27 30
9 58 23 41 -2 24 0 0.00 M M 5.6 14 130 M M 0 M M
10 66 30 48 4 17 0 0.00 M M 8.9 23 270 M M 4 31 270
11 44 19 32 -12 33 0 T M M 13.5 24 360 M M 10 12 36 360
12 26 13 20 -24 45 0 T M M 12.1 17 300 M M 10 1 23 300
13 32 8 20 -24 45 0 T M M 5.8 15 20 M M 5 16 340
14 42 10 26 -18 39 0 0.00 M M 10.1 20 270 M M 6 32 260
15 36 24 30 -15 35 0 T M M 9.7 20 360 M M 10 1 27 360
16 34 18 26 -19 39 0 T M M 8.7 14 340 M M 7 1 M M
17 55 15 35 -10 30 0 0.00 M M 12.2 25 250 M M 0 37 250
18 59 34 47 1 18 0 0.00 M M 10.6 23 360 M M 2 31 360
19 55 33 44 -2 21 0 T M M 5.3 10 30 M M 6 16 30
20 63 27 45 -1 20 0 0.00 M M 4.3 12 70 M M 0 17 350
21 69 39 54 8 11 0 0.00 M M 8.8 18 270 M M 0 29 260
22 65 42 54 7 11 0 0.00 M M 9.3 16 250 M M 2 27 260
23 58 39 49 2 16 0 0.09 M M 12.7 23 260 M M 4 37 250
24 57 31 44 -3 21 0 T M M 4.9 10 40 M M 5 M M
25 64 37 51 3 14 0 T M M 8.5 16 270 M M 2 28 270
26 67 45 56 8 9 0 T M M 8.9 18 250 M M 6 33 250
27 65 46 56 8 9 0 T M M 9.9 24 220 M M 3 36 250
28 63 38 51 3 14 0 T M M 8.6 17 310 M M 3 24 310
29 77 36 57 8 8 0 0.00 0.0 M 8.6 18 120 M M 0 22 120
30 71 47 59 10 6 0 T M M 7.3 13 170 M M 4 32 230
================================================================================
SM 1596 820 735 0 0.12 0.0 278.3 M 120
================================================================================
AV 53.2 27.3 9.3 FASTST M M 4 MAX(MPH)
MISC ----> # 28 260 # 46 240
================================================================================
NOTES:
# LAST OF SEVERAL OCCURRENCES
COLUMN 17 PEAK WIND IN M.P.H.
PRELIMINARY LOCAL CLIMATOLOGICAL DATA (WS FORM: F-6) , PAGE 2
STATION: CODY WY
MONTH: APRIL
YEAR: 2020
LATITUDE: 44 31 N
LONGITUDE: 109 1 W
[TEMPERATURE DATA] [PRECIPITATION DATA] SYMBOLS USED IN COLUMN 16
AVERAGE MONTHLY: 40.3 TOTAL FOR MONTH: 0.12 1 = FOG OR MIST
DPTR FM NORMAL: -4.8 DPTR FM NORMAL: M 2 = FOG REDUCING VISIBILITY
HIGHEST: 77 ON 29 GRTST 24HR 0.09 ON 23-23 TO 1/4 MILE OR LESS
LOWEST: 2 ON 3 3 = THUNDER
SNOW, ICE PELLETS, HAIL 4 = ICE PELLETS
TOTAL MONTH: 0.0 INCH 5 = HAIL
GRTST 24HR 0.0 6 = FREEZING RAIN OR DRIZZLE
GRTST DEPTH: M ON M 7 = DUSTSTORM OR SANDSTORM:
VSBY 1/2 MILE OR LESS
8 = SMOKE OR HAZE
[NO. OF DAYS WITH] [WEATHER - DAYS WITH] 9 = BLOWING SNOW
X = TORNADO
MAX 32 OR BELOW: 4 0.01 INCH OR MORE: 2
MAX 90 OR ABOVE: 0 0.10 INCH OR MORE: 0
MIN 32 OR BELOW: 17 0.50 INCH OR MORE: 0
MIN 0 OR BELOW: 0 1.00 INCH OR MORE: 0
[HDD (BASE 65) ]
TOTAL THIS MO. 735 CLEAR (SCALE 0-3) 15
DPTR FM NORMAL M PTCLDY (SCALE 4-7) 11
TOTAL FM JUL 1 7020 CLOUDY (SCALE 8-10) 4
DPTR FM NORMAL M
[CDD (BASE 65) ]
TOTAL THIS MO. 0
DPTR FM NORMAL 0 [PRESSURE DATA]
TOTAL FM JAN 1 0 HIGHEST SLP M ON M
DPTR FM NORMAL 0 LOWEST SLP M ON M
[REMARKS]
#FINAL-04-20#