000
CXUS55 KRIW 011010
CF6COD
PRELIMINARY LOCAL CLIMATOLOGICAL DATA (WS FORM: F-6)
STATION: CODY WY
MONTH: SEPTEMBER
YEAR: 2023
LATITUDE: 44 31 N
LONGITUDE: 109 1 W
TEMPERATURE IN F: :PCPN: SNOW: WIND :SUNSHINE: SKY :PK WND
================================================================================
1 2 3 4 5 6A 6B 7 8 9 10 11 12 13 14 15 16 17 18
12Z AVG MX 2MIN
DY MAX MIN AVG DEP HDD CDD WTR SNW DPTH SPD SPD DIR MIN PSBL S-S WX SPD DR
================================================================================
1 87 56 72 8 0 7 T M M 7.0 21 230 M M 1 36 230
2 84 63 74 10 0 9 0.00 M M 9.8 18 260 M M 1 27 260
3 83 62 73 9 0 8 0.04 M M 8.7 23 240 M M 4 8 39 270
4 66 52 59 -4 6 0 0.18 M M 7.8 22 10 M M 6 13 30 10
5 70 48 59 -4 6 0 T M M 6.6 16 140 M M 6 18 17 120
6 77 53 65 2 0 0 0.00 M M 8.1 18 130 M M 2 18 180
7 82 55 69 7 0 4 0.00 M M 7.3 14 30 M M 3 31 270
8 77 48 63 1 2 0 0.00 M M 6.8 16 360 M M 1 M M
9 71 51 61 -1 4 0 0.00 M M 7.7 15 360 M M 3 21 360
10 69 50 60 -1 5 0 0.00 M M 5.2 14 30 M M 5 20 30
11 75 47 61 0 4 0 0.00 M M 5.1 12 110 M M 0 M M
12 81 48 65 5 0 0 T M M 5.1 12 310 M M 2 38 22 310
13 75 50 63 3 2 0 0.15 M M 5.4 17 360 M M 3 1 23 360
14 69 51 60 0 5 0 0.00 M M 4.6 8 30 M M 6 M M
15 74 46 60 1 5 0 0.00 M M 4.2 12 110 M M 1 M M
16 82 49 66 7 0 1 0.00 M M 6.5 17 100 M M 0 22 100
17 82 55 69 11 0 4 0.00 M M 9.7 15 220 M M 0 20 270
18 81 58 70 12 0 5 0.00 M M 8.6 15 270 M M 1 31 290
19 78 55 67 9 0 2 0.00 M M 7.4 20 230 M M 1 39 230
20 68 46 57 0 8 0 0.04 M M 6.5 13 310 M M 3 M M
21 57 45 51 -6 14 0 0.28 M M 10.6 20 10 M M 7 24 10
22 56 45 51 -5 14 0 0.32 M M 6.4 16 260 M M 9 1 25 260
23 63 44 54 -2 11 0 T M M 6.9 14 260 M M 6 31 280
24 71 41 56 0 9 0 0.00 M M 5.9 15 120 M M 0 M M
25 77 47 62 7 3 0 0.00 M M 7.1 14 110 M M 0 M M
26 81 50 66 11 0 1 0.00 M M 7.8 16 130 M M 0 8 23 110
27 80 46 63 9 2 0 0.00 M M 5.5 12 90 M M 0 16 110
28 63 42 53 -1 12 0 0.00 M M 5.0 12 20 M M 0 20 20
29 68 38 53 -1 12 0 0.00 M M 3.9 8 70 M M 0 M M
30 66 40 53 0 12 0 0.00 M M 5.3 13 20 M M 0 M M
================================================================================
SM 2213 1481 136 41 1.01 M 202.5 M 71
================================================================================
AV 73.8 49.4 6.7 FASTST M M 2 MAX(MPH)
MISC ----> 23 240 # 39 270
================================================================================
NOTES:
# LAST OF SEVERAL OCCURRENCES
COLUMN 17 PEAK WIND IN M.P.H.
PRELIMINARY LOCAL CLIMATOLOGICAL DATA (WS FORM: F-6) , PAGE 2
STATION: CODY WY
MONTH: SEPTEMBER
YEAR: 2023
LATITUDE: 44 31 N
LONGITUDE: 109 1 W
[TEMPERATURE DATA] [PRECIPITATION DATA] SYMBOLS USED IN COLUMN 16
AVERAGE MONTHLY: 61.6 TOTAL FOR MONTH: 1.01 1 = FOG OR MIST
DPTR FM NORMAL: 2.6 DPTR FM NORMAL: M 2 = FOG REDUCING VISIBILITY
HIGHEST: 87 ON 1 GRTST 24HR 0.32 ON 22-22 TO 1/4 MILE OR LESS
LOWEST: 38 ON 29 3 = THUNDER
SNOW, ICE PELLETS, HAIL 4 = ICE PELLETS
TOTAL MONTH: M 5 = HAIL
GRTST 24HR M ON M 6 = FREEZING RAIN OR DRIZZLE
GRTST DEPTH: M ON M 7 = DUSTSTORM OR SANDSTORM:
VSBY 1/2 MILE OR LESS
8 = SMOKE OR HAZE
[NO. OF DAYS WITH] [WEATHER - DAYS WITH] 9 = BLOWING SNOW
X = TORNADO
MAX 32 OR BELOW: 0 0.01 INCH OR MORE: 6
MAX 90 OR ABOVE: 0 0.10 INCH OR MORE: 4
MIN 32 OR BELOW: 0 0.50 INCH OR MORE: 0
MIN 0 OR BELOW: 0 1.00 INCH OR MORE: 0
[HDD (BASE 65) ]
TOTAL THIS MO. 136 CLEAR (SCALE 0-3) 19
DPTR FM NORMAL -47 PTCLDY (SCALE 4-7) 10
TOTAL FM JUL 1 189 CLOUDY (SCALE 8-10) 1
DPTR FM NORMAL 189
[CDD (BASE 65) ]
TOTAL THIS MO. 41
DPTR FM NORMAL 41 [PRESSURE DATA]
TOTAL FM JAN 1 365 HIGHEST SLP M ON M
DPTR FM NORMAL 365 LOWEST SLP M ON M
[REMARKS]
#FINAL-09-23#