000
CXUS51 KGYX 011826
CF6CON
PRELIMINARY LOCAL CLIMATOLOGICAL DATA (WS FORM: F-6)
STATION: CONCORD NH
MONTH: NOVEMBER
YEAR: 2021
LATITUDE: 43 12 N
LONGITUDE: 71 30 W
TEMPERATURE IN F: :PCPN: SNOW: WIND :SUNSHINE: SKY :PK WND
================================================================================
1 2 3 4 5 6A 6B 7 8 9 10 11 12 13 14 15 16 17 18
12Z AVG MX 2MIN
DY MAX MIN AVG DEP HDD CDD WTR SNW DPTH SPD SPD DIR MIN PSBL S-S WX SPD DR
================================================================================
1 59 34 47 3 18 0 0.00 0.0 0 8.9 28 290 M M 1 38 290
2 54 34 44 1 21 0 0.00 0.0 0 3.5 17 240 M M 7 23 270
3 51 26 39 -4 26 0 0.00 0.0 0 3.9 20 300 M M 2 29 290
4 48 23 36 -7 29 0 0.00 0.0 0 0.8 7 340 M M 5 12 10 270
5 50 24 37 -5 28 0 0.00 0.0 0 2.4 16 320 M M 2 24 290
6 52 20 36 -6 29 0 0.00 0.0 0 1.0 7 160 M M 0 10 160
7 57 20 39 -3 26 0 0.00 0.0 0 0.5 6 230 M M 0 7 230
8 64 25 45 4 20 0 0.00 0.0 0 2.0 12 290 M M 0 1 15 310
9 68 28 48 7 17 0 0.00 0.0 0 1.7 12 320 M M 2 1 16 320
10 58 28 43 2 22 0 0.06 0.0 0 2.8 21 320 M M 6 1 27 310
11 55 25 40 0 25 0 0.00 0.0 0 2.3 9 160 M M 3 13 110
12 58 40 49 9 16 0 0.84 0.0 0 6.8 23 170 M M 9 1 30 180
13 60 33 47 7 18 0 0.28 0.0 0 5.3 21 270 M M 7 12 31 300
14 50 30 40 1 25 0 T 0.0 0 6.0 17 280 M M 5 23 270
15 47 33 40 1 25 0 0.05 0.0 0 5.5 18 300 M M 5 1 26 290
16 46 27 37 -1 28 0 T T 0 9.5 22 280 M M 5 29 280
17 44 20 32 -6 33 0 0.00 0.0 0 3.1 8 160 M M 5 11 150
18 70 36 53 15 12 0 0.01 0.0 0 5.6 18 320 M M 6 26 320
19 48 29 39 2 26 0 0.11 0.0 0 8.5 24 280 M M 5 1 33 290
20 45 23 34 -3 31 0 0.00 0.0 0 4.1 10 280 M M 1 14 320
21 49 33 41 4 24 0 0.02 0.0 0 3.0 10 160 M M 6 13 150
22 50 32 41 5 24 0 0.05 0.0 0 7.3 17 310 M M 5 1 25 290
23 36 25 31 -5 34 0 0.00 0.0 0 12.1 24 310 M M 2 32 330
24 40 22 31 -5 34 0 0.00 0.0 0 10.3 23 310 M M 0 30 320
25 51 22 37 2 28 0 0.00 0.0 0 1.4 12 300 M M 4 13 270
26 42 33 38 3 27 0 0.38 0.4 0 4.4 17 290 M M 10 1 23 280
27 34 23 29 -5 36 0 0.00 0.0 T 14.0 26 300 M M 6 38 290
28 34 19 27 -7 38 0 T T 0 4.1 13 270 M M 5 17 290
29 38 22 30 -4 35 0 0.00 0.0 0 8.5 18 300 M M 5 26 310
30 38 15 27 -6 38 0 0.00 0.0 0 4.2 13 320 M M 4 17 290
================================================================================
SM 1496 804 793 0 1.80 0.4 153.5 M 123
================================================================================
AV 49.9 26.8 5.1 FASTST M M 4 MAX(MPH)
MISC ----> 28 290 # 38 290
================================================================================
NOTES:
# LAST OF SEVERAL OCCURRENCES
COLUMN 17 PEAK WIND IN M.P.H.
PRELIMINARY LOCAL CLIMATOLOGICAL DATA (WS FORM: F-6) , PAGE 2
STATION: CONCORD NH
MONTH: NOVEMBER
YEAR: 2021
LATITUDE: 43 12 N
LONGITUDE: 71 30 W
[TEMPERATURE DATA] [PRECIPITATION DATA] SYMBOLS USED IN COLUMN 16
AVERAGE MONTHLY: 38.3 TOTAL FOR MONTH: 1.80 1 = FOG OR MIST
DPTR FM NORMAL: -0.3 DPTR FM NORMAL: -1.64 2 = FOG REDUCING VISIBILITY
HIGHEST: 70 ON 18 GRTST 24HR 0.84 ON 12-12 TO 1/4 MILE OR LESS
LOWEST: 15 ON 30 3 = THUNDER
SNOW, ICE PELLETS, HAIL 4 = ICE PELLETS
TOTAL MONTH: 0.4 INCH 5 = HAIL
GRTST 24HR 0.4 ON 26-26 6 = FREEZING RAIN OR DRIZZLE
GRTST DEPTH: T 7 = DUSTSTORM OR SANDSTORM:
VSBY 1/2 MILE OR LESS
8 = SMOKE OR HAZE
[NO. OF DAYS WITH] [WEATHER - DAYS WITH] 9 = BLOWING SNOW
X = TORNADO
MAX 32 OR BELOW: 0 0.01 INCH OR MORE: 9
MAX 90 OR ABOVE: 0 0.10 INCH OR MORE: 4
MIN 32 OR BELOW: 22 0.50 INCH OR MORE: 1
MIN 0 OR BELOW: 0 1.00 INCH OR MORE: 0
[HDD (BASE 65) ]
TOTAL THIS MO. 793 CLEAR (SCALE 0-3) 11
DPTR FM NORMAL -1 PTCLDY (SCALE 4-7) 17
TOTAL FM JUL 1 1214 CLOUDY (SCALE 8-10) 2
DPTR FM NORMAL -259
[CDD (BASE 65) ]
TOTAL THIS MO. 0
DPTR FM NORMAL 0 [PRESSURE DATA]
TOTAL FM JAN 1 658 HIGHEST SLP 30.54 ON 20
DPTR FM NORMAL 130 LOWEST SLP 29.37 ON 26
[REMARKS]
#FINAL-11-21#