000
CXUS51 KGYX 021741
CF6CON
PRELIMINARY LOCAL CLIMATOLOGICAL DATA (WS FORM: F-6)
STATION: CONCORD NH
MONTH: DECEMBER
YEAR: 2023
LATITUDE: 43 12 N
LONGITUDE: 71 30 W
TEMPERATURE IN F: :PCPN: SNOW: WIND :SUNSHINE: SKY :PK WND
================================================================================
1 2 3 4 5 6A 6B 7 8 9 10 11 12 13 14 15 16 17 18
12Z AVG MX 2MIN
DY MAX MIN AVG DEP HDD CDD WTR SNW DPTH SPD SPD DIR MIN PSBL S-S WX SPD DR
================================================================================
1 53 24 39 6 26 0 0.11 0.0 0 2.0 9 220 M M 3 1 13 210
2 47 34 41 8 24 0 T 0.0 0 0.4 6 340 M M 9 12 7 350
3 40 33 37 5 28 0 0.52 T 0 4.6 12 60 M M 10 1 17 70
4 38 32 35 3 30 0 0.28 0.5 1 2.8 8 340 M M 10 1 12 60
5 34 25 30 -2 35 0 T 0.0 T 6.5 15 330 M M 6 1 23 330
6 34 19 27 -4 38 0 T T T 6.7 14 310 M M 6 19 310
7 31 14 23 -8 42 0 0.00 0.0 T 4.3 12 310 M M 1 17 310
8 42 16 29 -2 36 0 0.00 0.0 T 0.3 6 310 M M 4 9 330
9 49 27 38 8 27 0 0.00 0.0 0 2.1 12 170 M M 8 17 170
10 51 37 44 14 21 0 1.22 0.0 0 3.4 18 310 M M 10 12 28 310
11 44 31 38 8 27 0 0.67 0.0 0 9.7 21 300 M M 8 1 35 290
12 42 27 35 6 30 0 0.00 0.0 0 7.5 28 280 M M 2 37 290
13 41 24 33 4 32 0 T 0.2 0 7.7 22 290 M M 5 1 31 290
14 34 21 28 -1 37 0 0.00 0.0 T 7.6 17 310 M M 2 28 310
15 52 20 36 8 29 0 0.00 0.0 T 3.8 16 300 M M 0 24 300
16 52 24 38 10 27 0 0.00 0.0 0 2.7 15 320 M M 0 23 320
17 50 24 37 9 28 0 0.64 0.0 0 2.6 10 110 M M 9 1 18 100
18 62 44 53 25 12 0 2.73 0.0 0 12.0 25 130 M M 10 1 46 160
19 45 30 38 11 27 0 0.00 0.0 0 8.4 20 310 M M 5 30 320
20 41 24 33 6 32 0 0.00 0.0 0 9.9 21 320 M M 0 30 320
21 32 19 26 -1 39 0 0.00 0.0 0 12.4 22 320 M M 0 31 320
22 35 13 24 -2 41 0 0.00 0.0 0 2.1 9 310 M M 0 13 320
23 36 11 24 -2 41 0 0.00 0.0 0 1.1 7 140 M M 1 M M
24 40 30 35 9 30 0 0.01 0.0 0 0.6 5 320 M M 10 1 6 170
25 42 35 39 13 26 0 0.00 0.0 0 0.8 6 290 M M 10 12 7 300
26 46 35 41 16 24 0 0.00 0.0 0 0.8 6 310 M M 8 12 7 290
27 46 37 42 17 23 0 0.14 0.0 0 0.4 5 10 M M 10 12 6 20
28 44 40 42 17 23 0 0.57 0.0 0 5.0 12 20 M M 10 1 17 40
29 43 39 41 16 24 0 0.02 0.0 0 2.5 8 160 M M 10 1 12 150
30 42 33 38 14 27 0 0.02 0.0 0 7.7 18 300 M M 10 1 28 300
31 36 29 33 9 32 0 0.00 0.0 0 9.7 18 320 M M 10 26 310
================================================================================
SM 1324 851 918 0 6.93 0.7 148.1 M 187
================================================================================
AV 42.7 27.5 4.8 FASTST M M 6 MAX(MPH)
MISC ----> 28 280 46 160
================================================================================
NOTES:
# LAST OF SEVERAL OCCURRENCES
COLUMN 17 PEAK WIND IN M.P.H.
PRELIMINARY LOCAL CLIMATOLOGICAL DATA (WS FORM: F-6) , PAGE 2
STATION: CONCORD NH
MONTH: DECEMBER
YEAR: 2023
LATITUDE: 43 12 N
LONGITUDE: 71 30 W
[TEMPERATURE DATA] [PRECIPITATION DATA] SYMBOLS USED IN COLUMN 16
AVERAGE MONTHLY: 35.1 TOTAL FOR MONTH: 6.93 1 = FOG OR MIST
DPTR FM NORMAL: 6.8 DPTR FM NORMAL: 3.23 2 = FOG REDUCING VISIBILITY
HIGHEST: 62 ON 18 GRTST 24HR 3.36 ON 17-18 TO 1/4 MILE OR LESS
LOWEST: 11 ON 23 3 = THUNDER
SNOW, ICE PELLETS, HAIL 4 = ICE PELLETS
TOTAL MONTH: 0.7 INCH 5 = HAIL
GRTST 24HR 0.5 ON 4- 4 6 = FREEZING RAIN OR DRIZZLE
GRTST DEPTH: 1 ON 4 7 = DUSTSTORM OR SANDSTORM:
VSBY 1/2 MILE OR LESS
8 = SMOKE OR HAZE
[NO. OF DAYS WITH] [WEATHER - DAYS WITH] 9 = BLOWING SNOW
X = TORNADO
MAX 32 OR BELOW: 2 0.01 INCH OR MORE: 12
MAX 90 OR ABOVE: 0 0.10 INCH OR MORE: 9
MIN 32 OR BELOW: 21 0.50 INCH OR MORE: 6
MIN 0 OR BELOW: 0 1.00 INCH OR MORE: 2
[HDD (BASE 65) ]
TOTAL THIS MO. 918 CLEAR (SCALE 0-3) 10
DPTR FM NORMAL -220 PTCLDY (SCALE 4-7) 7
TOTAL FM JUL 1 2237 CLOUDY (SCALE 8-10) 14
DPTR FM NORMAL -373
[CDD (BASE 65) ]
TOTAL THIS MO. 0
DPTR FM NORMAL 0 [PRESSURE DATA]
TOTAL FM JAN 1 574 HIGHEST SLP 30.62 ON 16
DPTR FM NORMAL 46 LOWEST SLP 28.92 ON 18
[REMARKS]
#FINAL-12-23#