000
CXUS55 KPUB 011933
CF6COS
PRELIMINARY LOCAL CLIMATOLOGICAL DATA (WS FORM: F-6)
STATION: COLORADO SPRINGS CO
MONTH: JANUARY
YEAR: 2022
LATITUDE: 38 49 N
LONGITUDE: 104 43 W
TEMPERATURE IN F: :PCPN: SNOW: WIND :SUNSHINE: SKY :PK WND
================================================================================
1 2 3 4 5 6A 6B 7 8 9 10 11 12 13 14 15 16 17 18
12Z AVG MX 2MIN
DY MAX MIN AVG DEP HDD CDD WTR SNW DPTH SPD SPD DIR MIN PSBL S-S WX SPD DR
================================================================================
1 23 1 12 -19 53 0 0.12 2.4 1 6.9 18 360 M M 8 18 25 340
2 44 1 23 -8 42 0 0.00 0.0 2 5.8 14 10 M M 1 15 10
3 58 20 39 8 26 0 0.00 0.0 1 6.2 13 70 M M 5 14 80
4 55 34 45 14 20 0 0.00 0.0 0 14.5 35 280 M M 5 52 310
5 55 11 33 2 32 0 T T 0 9.3 32 300 M M 7 128 49 310
6 21 7 14 -18 51 0 0.01 0.2 T 6.8 16 200 M M 8 1 20 270
7 68 18 43 11 22 0 0.00 0.0 0 9.8 28 200 M M 3 33 200
8 57 31 44 12 21 0 0.01 0.2 0 10.5 31 40 M M 8 6 38 50
9 35 23 29 -3 36 0 T T T 5.9 18 160 M M 6 16 22 160
10 53 20 37 5 28 0 0.00 0.0 0 6.3 12 160 M M 1 16 150
11 61 21 41 9 24 0 0.00 0.0 0 7.6 18 140 M M 3 24 150
12 58 22 40 8 25 0 0.00 0.0 0 7.4 15 170 M M 7 21 160
13 59 35 47 15 18 0 0.00 0.0 0 7.5 17 340 M M 7 23 330
14 52 24 38 6 27 0 0.01 0.1 0 21.4 44 350 M M 6 18 54 350
15 45 18 32 0 33 0 T T T 5.8 21 350 M M 2 28 350
16 58 26 42 10 23 0 0.00 0.0 0 8.1 17 360 M M 4 22 310
17 61 20 41 9 24 0 0.00 0.0 0 6.9 15 180 M M 4 18 180
18 60 30 45 13 20 0 0.00 0.0 0 8.1 22 40 M M 7 27 30
19 36 17 27 -5 38 0 T T 0 9.1 14 160 M M 9 126 17 180
20 27 16 22 -10 43 0 T T T 2.8 9 40 M M 7 128 11 210
21 46 17 32 0 33 0 0.01 0.2 0 10.1 28 10 M M 8 18 33 20
22 44 26 35 3 30 0 0.01 T T 6.8 22 180 M M 6 16 26 200
23 48 21 35 3 30 0 0.00 0.0 0 5.9 15 190 M M 1 19 160
24 47 27 37 5 28 0 0.00 0.0 0 9.7 24 30 M M 3 29 20
25 36 22 29 -3 36 0 T T 0 13.5 31 10 M M 8 8 38 20
26 45 15 30 -2 35 0 T T 0 6.0 13 190 M M 4 18 18 80
27 30 9 20 -12 45 0 0.05 1.2 0 9.8 24 20 M M 6 8 31 360
28 48 9 29 -3 36 0 0.00 0.0 1 6.6 14 30 M M 0 16 200
29 57 22 40 8 25 0 0.00 0.0 0 8.0 15 160 M M 1 19 180
30 57 19 38 6 27 0 0.00 0.0 0 5.4 14 30 M M 1 15 10
31 63 22 43 11 22 0 0.00 0.0 0 8.5 23 20 M M 3 31 310
================================================================================
SM 1507 604 953 0 0.22 4.3 257.0 M 149
================================================================================
AV 48.6 19.5 8.3 FASTST M M 5 MAX(MPH)
MISC ----> 44 350 54 350
================================================================================
NOTES:
COLUMN 17 PEAK WIND IN M.P.H.
PRELIMINARY LOCAL CLIMATOLOGICAL DATA (WS FORM: F-6) , PAGE 2
STATION: COLORADO SPRINGS CO
MONTH: JANUARY
YEAR: 2022
LATITUDE: 38 49 N
LONGITUDE: 104 43 W
[TEMPERATURE DATA] [PRECIPITATION DATA] SYMBOLS USED IN COLUMN 16
AVERAGE MONTHLY: 34.0 TOTAL FOR MONTH: 0.22 1 = FOG OR MIST
DPTR FM NORMAL: 2.3 DPTR FM NORMAL: -0.07 2 = FOG REDUCING VISIBILITY
HIGHEST: 68 ON 7 GRTST 24HR 0.12 ON 1 TO 1/4 MILE OR LESS
LOWEST: 1 ON 1,2 3 = THUNDER
SNOW, ICE PELLETS, HAIL 4 = ICE PELLETS
TOTAL MONTH: 4.3 INCHES 5 = HAIL
GRTST 24HR 2.4 ON 1 6 = FREEZING RAIN OR DRIZZLE
GRTST DEPTH: 2 ON 1,2 7 = DUSTSTORM OR SANDSTORM:
VSBY 1/2 MILE OR LESS
8 = SMOKE OR HAZE
[NO. OF DAYS WITH] [WEATHER - DAYS WITH] 9 = BLOWING SNOW
X = TORNADO
MAX 32 OR BELOW: 4 0.01 INCH OR MORE: 7
MAX 90 OR ABOVE: 0 0.10 INCH OR MORE: 1
MIN 32 OR BELOW: 29 0.50 INCH OR MORE: 0
MIN 0 OR BELOW: 0 1.00 INCH OR MORE: 0
[HDD (BASE 65) ]
TOTAL THIS MO. 953 CLEAR (SCALE 0-3) 11
DPTR FM NORMAL -78 PTCLDY (SCALE 4-7) 14
TOTAL FM JUL 1 2686 CLOUDY (SCALE 8-10) 6
DPTR FM NORMAL -734
[CDD (BASE 65) ]
TOTAL THIS MO. 0
DPTR FM NORMAL 0 [PRESSURE DATA]
TOTAL FM JAN 1 0 HIGHEST SLP 30.76 ON 10
DPTR FM NORMAL 0 LOWEST SLP 29.44 ON 8
[REMARKS]
#FINAL-01-22#