000
CXUS54 KCRP 011310
CF6COT
PRELIMINARY LOCAL CLIMATOLOGICAL DATA (WS FORM: F-6)
STATION: COTULLA
MONTH: OCTOBER
YEAR: 2021
LATITUDE: 28 27 N
LONGITUDE: 99 13 W
TEMPERATURE IN F: :PCPN: SNOW: WIND :SUNSHINE: SKY :PK WND
================================================================================
1 2 3 4 5 6A 6B 7 8 9 10 11 12 13 14 15 16 17 18
12Z AVG MX 2MIN
DY MAX MIN AVG DEP HDD CDD WTR SNW DPTH SPD SPD DIR MIN PSBL S-S WX SPD DR
================================================================================
1 90 71 81 2 0 16 T 0.0 0 10.3 24 10 M M 6 31 360
2 94 75 85 6 0 20 0.00 0.0 0 5.6 12 100 M M 5 15 110
3 97 73 85 7 0 20 0.00 0.0 0 4.3 14 70 M M 2 17 40
4 95 68 82 4 0 17 0.00 0.0 0 5.1 18 70 M M 2 8 27 60
5 97 61 79 1 0 14 0.00 0.0 0 4.3 13 40 M M 1 15 40
6 98 64 81 3 0 16 0.00 0.0 0 6.7 16 130 M M 0 21 140
7 98 66 82 4 0 17 0.00 0.0 0 8.0 15 130 M M 0 22 130
8 97 64 81 4 0 16 0.00 0.0 0 6.9 16 130 M M 0 23 130
9 98 65 82 5 0 17 0.00 0.0 0 8.5 17 140 M M 0 21 140
10 104 76 90 13 0 25 0.00 0.0 0 11.7 24 160 M M 4 37 150
11 91 75 83 7 0 18 0.00 0.0 0 9.8 20 50 M M 7 27 50
12 94 80 87 11 0 22 0.04 0.0 0 12.0 24 140 M M 4 138 31 140
13 93 76 85 9 0 20 1.81 0.0 0 8.6 21 140 M M 8 13 27 130
14 94 77 86 10 0 21 0.00 0.0 0 5.6 13 90 M M 5 1 15 80
15 95 73 84 9 0 19 T 0.0 0 7.8 25 340 M M 6 128 32 340
16 81 61 71 -4 0 6 0.00 0.0 0 8.5 17 50 M M 2 27 40
17 79 57 68 -7 0 3 0.00 0.0 0 6.3 13 110 M M 0 16 120
18 87 57 72 -2 0 7 0.00 0.0 0 9.0 18 130 M M 0 23 140
19 90 63 77 3 0 12 0.00 0.0 0 8.8 17 140 M M 0 22 160
20 94 69 82 8 0 17 0.00 0.0 0 7.2 14 130 M M 2 19 140
21 92 71 82 9 0 17 0.00 0.0 0 6.8 14 70 M M 4 18 80
22 91 68 80 7 0 15 0.00 0.0 0 5.4 23 150 M M 1 30 140
23 93 68 81 8 0 16 0.00 0.0 0 8.0 16 140 M M 3 128 20 130
24 94 73 84 12 0 19 0.00 0.0 0 5.8 15 140 M M 4 19 140
25 98 73 86 14 0 21 0.00 0.0 0 8.2 16 140 M M 2 12 20 150
26 95 76 86 15 0 21 0.00 0.0 0 13.3 24 140 M M 3 32 130
27 87 58 73 2 0 8 T 0.0 0 15.0 36 330 M M 2 8 47 330
28 88 50 69 -2 0 4 0.00 0.0 0 9.5 26 340 M M 0 33 350
29 87 49 68 -2 0 3 0.00 0.0 0 8.6 25 340 M M 0 35 340
30 90 47 69 -1 0 4 0.00 0.0 0 4.6 10 120 M M 0 14 180
31 93 55 74 4 0 9 0.00 0.0 0 10.0 18 120 M M 0 24 120
================================================================================
SM 2874 2059 0 460 1.85 0.0 250.2 M 73
================================================================================
AV 92.7 66.4 8.1 FASTST M M 2 MAX(MPH)
MISC ----> 36 330 47 330
================================================================================
NOTES:
# LAST OF SEVERAL OCCURRENCES
COLUMN 17 PEAK WIND IN M.P.H.
PRELIMINARY LOCAL CLIMATOLOGICAL DATA (WS FORM: F-6) , PAGE 2
STATION: COTULLA
MONTH: OCTOBER
YEAR: 2021
LATITUDE: 28 27 N
LONGITUDE: 99 13 W
[TEMPERATURE DATA] [PRECIPITATION DATA] SYMBOLS USED IN COLUMN 16
AVERAGE MONTHLY: 79.6 TOTAL FOR MONTH: 1.85 1 = FOG OR MIST
DPTR FM NORMAL: 4.9 DPTR FM NORMAL: -0.54 2 = FOG REDUCING VISIBILITY
HIGHEST: 104 ON 10 GRTST 24HR 1.81 ON 13-13 TO 1/4 MILE OR LESS
LOWEST: 47 ON 30 3 = THUNDER
SNOW, ICE PELLETS, HAIL 4 = ICE PELLETS
TOTAL MONTH: 0.0 INCH 5 = HAIL
GRTST 24HR 0.0 6 = FREEZING RAIN OR DRIZZLE
GRTST DEPTH: 0 7 = DUSTSTORM OR SANDSTORM:
VSBY 1/2 MILE OR LESS
8 = SMOKE OR HAZE
[NO. OF DAYS WITH] [WEATHER - DAYS WITH] 9 = BLOWING SNOW
X = TORNADO
MAX 32 OR BELOW: 0 0.01 INCH OR MORE: 2
MAX 90 OR ABOVE: 25 0.10 INCH OR MORE: 1
MIN 32 OR BELOW: 0 0.50 INCH OR MORE: 1
MIN 0 OR BELOW: 0 1.00 INCH OR MORE: 1
[HDD (BASE 65) ]
TOTAL THIS MO. 0 CLEAR (SCALE 0-3) 20
DPTR FM NORMAL -16 PTCLDY (SCALE 4-7) 11
TOTAL FM JUL 1 0 CLOUDY (SCALE 8-10) 0
DPTR FM NORMAL -13
[CDD (BASE 65) ]
TOTAL THIS MO. 460
DPTR FM NORMAL 144 [PRESSURE DATA]
TOTAL FM JAN 1 4149 HIGHEST SLP 30.38 ON 16
DPTR FM NORMAL 324 LOWEST SLP 29.53 ON 27
[REMARKS]
#FINAL-10-21#