000
CXUS52 KILM 011000
CF6CRE
PRELIMINARY LOCAL CLIMATOLOGICAL DATA (WS FORM: F-6)
STATION: N.MYRTLE BEACH SOUTH CAROLINA
MONTH: MAY
YEAR: 2021
LATITUDE: 33 49 N
LONGITUDE: 78 43 W
TEMPERATURE IN F: :PCPN: SNOW: WIND :SUNSHINE: SKY :PK WND
================================================================================
1 2 3 4 5 6A 6B 7 8 9 10 11 12 13 14 15 16 17 18
12Z AVG MX 2MIN
DY MAX MIN AVG DEP HDD CDD WTR SNW DPTH SPD SPD DIR MIN PSBL S-S WX SPD DR
================================================================================
1 75 55 65 -2 0 0 0.00 M M 9.3 20 40 M M 0 23 20
2 77 57 67 0 0 2 0.00 M M 9.4 17 200 M M 0 24 200
3 81 68 75 8 0 10 1.02 M M 11.1 23 210 M M 5 13 30 290
4 81 67 74 6 0 9 0.14 M M 13.4 24 210 M M 1 13 34 270
5 84 70 77 9 0 12 0.01 M M 11.8 23 240 M M 3 1 30 230
6 72 61 67 -1 0 2 0.00 M M 8.2 17 100 M M 4 22 80
7 72 52 62 -6 3 0 0.01 M M 5.9 20 350 M M 2 3 27 10
8 78 45 62 -6 3 0 0.00 M M 9.2 21 220 M M 1 27 220
9 78 57 68 -1 0 3 0.00 M M 11.0 21 200 M M 0 27 200
10 80 69 75 6 0 10 0.00 M M 12.7 21 220 M M 2 28 210
11 74 64 69 0 0 4 T M M 6.9 14 110 M M 6 18 16 110
12 66 47 57 -12 8 0 0.17 M M 11.3 23 40 M M 10 1 30 50
13 72 47 60 -10 5 0 0.00 M M 8.9 20 30 M M 4 24 60
14 75 48 62 -8 3 0 0.00 M M 7.4 21 50 M M 1 27 30
15 78 47 63 -7 2 0 0.00 M M 4.8 15 20 M M 0 22 120
16 78 49 64 -6 1 0 0.00 M M 4.6 15 190 M M 0 18 200
17 75 53 64 -7 1 0 0.00 M M 4.7 12 170 M M 1 16 130
18 80 59 70 -1 0 5 0.00 M M 7.0 15 100 M M 1 18 100
19 77 60 69 -2 0 4 0.02 M M 5.8 13 110 M M 4 1 18 110
20 80 57 69 -2 0 4 0.00 M M 4.6 13 190 M M 0 1 17 190
21 79 59 69 -3 0 4 0.00 M M 7.7 16 100 M M 0 21 100
22 84 58 71 -1 0 6 0.00 M M 5.8 13 190 M M 1 12 17 150
23 91 66 79 7 0 14 0.00 M M 8.3 23 220 M M 0 29 210
24 86 69 78 6 0 13 0.00 M M 7.9 16 210 M M 3 20 210
25 82 73 78 5 0 13 0.00 M M 8.1 16 190 M M 2 1 18 190
26 82 67 75 2 0 10 0.00 M M 11.7 20 210 M M 0 25 210
27 91 72 82 9 0 17 0.00 M M 9.4 22 210 M M 3 26 210
28 84 74 79 6 0 14 0.00 M M 14.6 24 210 M M 1 31 220
29 84 75 80 6 0 15 T M M 17.5 28 210 M M 2 34 210
30 76 55 66 -8 0 1 0.05 M M 7.9 21 210 M M 8 13 29 200
31 74 51 63 -11 2 0 0.00 M M 7.0 15 60 M M 1 1 18 60
================================================================================
SM 2446 1851 28 172 1.42 M 273.9 M 66
================================================================================
AV 78.9 59.7 8.8 FASTST M M 2 MAX(MPH)
MISC ----> 28 210 # 34 270
================================================================================
NOTES:
# LAST OF SEVERAL OCCURRENCES
COLUMN 17 PEAK WIND IN M.P.H.
PRELIMINARY LOCAL CLIMATOLOGICAL DATA (WS FORM: F-6) , PAGE 2
STATION: N.MYRTLE BEACH SOUTH CAROLINA
MONTH: MAY
YEAR: 2021
LATITUDE: 33 49 N
LONGITUDE: 78 43 W
[TEMPERATURE DATA] [PRECIPITATION DATA] SYMBOLS USED IN COLUMN 16
AVERAGE MONTHLY: 69.3 TOTAL FOR MONTH: 1.42 1 = FOG OR MIST
DPTR FM NORMAL: -1.1 DPTR FM NORMAL: -1.54 2 = FOG REDUCING VISIBILITY
HIGHEST: 91 ON 27,23 GRTST 24HR 1.02 ON 3- 3 TO 1/4 MILE OR LESS
LOWEST: 45 ON 8 3 = THUNDER
SNOW, ICE PELLETS, HAIL 4 = ICE PELLETS
TOTAL MONTH: M 5 = HAIL
GRTST 24HR M ON M 6 = FREEZING RAIN OR DRIZZLE
GRTST DEPTH: M ON M 7 = DUSTSTORM OR SANDSTORM:
VSBY 1/2 MILE OR LESS
8 = SMOKE OR HAZE
[NO. OF DAYS WITH] [WEATHER - DAYS WITH] 9 = BLOWING SNOW
X = TORNADO
MAX 32 OR BELOW: 0 0.01 INCH OR MORE: 7
MAX 90 OR ABOVE: 2 0.10 INCH OR MORE: 3
MIN 32 OR BELOW: 0 0.50 INCH OR MORE: 1
MIN 0 OR BELOW: 0 1.00 INCH OR MORE: 1
[HDD (BASE 65) ]
TOTAL THIS MO. 28 CLEAR (SCALE 0-3) 24
DPTR FM NORMAL 8 PTCLDY (SCALE 4-7) 6
TOTAL FM JUL 1 2096 CLOUDY (SCALE 8-10) 1
DPTR FM NORMAL -245
[CDD (BASE 65) ]
TOTAL THIS MO. 172
DPTR FM NORMAL -16 [PRESSURE DATA]
TOTAL FM JAN 1 239 HIGHEST SLP 30.44 ON 21
DPTR FM NORMAL -9 LOWEST SLP 29.77 ON 29
[REMARKS]
#FINAL-05-21#