000
CXUS54 KCRP 090234
CF6CRP
PRELIMINARY LOCAL CLIMATOLOGICAL DATA (WS FORM: F-6)
STATION: CORPUS CHRISTI
MONTH: JULY
YEAR: 2022
LATITUDE: 27 46 N
LONGITUDE: 97 30 W
TEMPERATURE IN F: :PCPN: SNOW: WIND :SUNSHINE: SKY :PK WND
================================================================================
1 2 3 4 5 6A 6B 7 8 9 10 11 12 13 14 15 16 17 18
12Z AVG MX 2MIN
DY MAX MIN AVG DEP HDD CDD WTR SNW DPTH SPD SPD DIR MIN PSBL S-S WX SPD DR
================================================================================
1 96 73 85 1 0 20 0.54 0.0 0 8.9 32 120 M M 5 3 52 110
2 93 76 85 1 0 20 0.00 0.0 0 13.2 23 150 M M 5 33 140
3 93 75 84 0 0 19 0.00 0.0 0 11.3 22 120 M M 6 47 120
4 94 74 84 0 0 19 0.00 0.0 0 12.6 24 130 M M 3 33 150
5 95 75 85 1 0 20 0.00 0.0 0 12.0 23 140 M M 4 1 32 120
6 93 75 84 0 0 19 0.00 0.0 0 11.0 21 140 M M 4 28 110
7 94 74 84 0 0 19 0.00 0.0 0 10.4 22 130 M M 4 30 140
8 95 76 86 2 0 21 0.00 0.0 0 10.4 20 150 M M 3 32 130
9 97 72 85 1 0 20 0.00 0.0 0 8.1 18 140 M M 2 24 140
10 100 73 87 3 0 22 0.00 0.0 0 9.2 18 170 M M 2 1 27 170
11 98 77 88 4 0 23 0.00 0.0 0 11.8 20 150 M M 3 28 140
12 97 76 87 3 0 22 0.00 0.0 0 10.1 18 150 M M 3 8 28 120
13 96 75 86 2 0 21 0.00 0.0 0 8.9 22 130 M M 4 29 140
14 96 74 85 1 0 20 0.00 0.0 0 8.8 20 130 M M 5 28 140
15 91 77 84 0 0 19 T 0.0 0 9.3 26 160 M M 7 3 39 150
16 95 74 85 1 0 20 0.00 0.0 0 11.6 23 150 M M 3 32 120
17 96 73 85 0 0 20 0.00 0.0 0 10.9 21 130 M M 2 1 29 140
18 95 74 85 0 0 20 0.00 0.0 0 11.5 22 150 M M 4 30 130
19 95 76 86 1 0 21 0.00 0.0 0 14.8 29 150 M M 3 39 140
20 94 79 87 2 0 22 0.00 0.0 0 17.2 24 140 M M 4 37 150
21 95 79 87 2 0 22 0.00 0.0 0 14.9 26 140 M M 3 37 160
22 95 77 86 1 0 21 0.00 0.0 0 11.7 23 120 M M 5 30 140
23 94 75 85 0 0 20 0.00 0.0 0 12.7 24 140 M M 5 34 130
24 96 78 87 2 0 22 0.00 0.0 0 13.7 23 150 M M 3 36 140
25 96 75 86 1 0 21 0.00 0.0 0 11.3 22 130 M M 4 32 140
26 96 75 86 1 0 21 0.00 0.0 0 11.1 21 130 M M 6 31 130
27 94 76 85 0 0 20 0.00 0.0 0 10.7 22 150 M M 6 29 140
28 97 75 86 1 0 21 0.00 0.0 0 11.7 25 140 M M 5 35 130
29 97 78 88 3 0 23 0.00 0.0 0 12.5 23 140 M M 3 33 140
30 97 75 86 1 0 21 0.00 0.0 0 10.9 21 130 M M 5 29 130
31 96 75 86 0 0 21 0.00 0.0 0 9.4 20 100 M M 6 29 140
================================================================================
SM 2956 2336 0 640 0.54 0.0 352.6 M 127
================================================================================
AV 95.4 75.4 11.4 FASTST M M 4 MAX(MPH)
MISC ----> 32 120 52 110
================================================================================
NOTES:
# LAST OF SEVERAL OCCURRENCES
COLUMN 17 PEAK WIND IN M.P.H.
PRELIMINARY LOCAL CLIMATOLOGICAL DATA (WS FORM: F-6) , PAGE 2
STATION: CORPUS CHRISTI
MONTH: JULY
YEAR: 2022
LATITUDE: 27 46 N
LONGITUDE: 97 30 W
[TEMPERATURE DATA] [PRECIPITATION DATA] SYMBOLS USED IN COLUMN 16
AVERAGE MONTHLY: 85.4 TOTAL FOR MONTH: 0.54 1 = FOG OR MIST
DPTR FM NORMAL: 0.8 DPTR FM NORMAL: -2.00 2 = FOG REDUCING VISIBILITY
HIGHEST: 100 ON 10 GRTST 24HR 0.54 ON 1- 1 TO 1/4 MILE OR LESS
LOWEST: 72 ON 9 3 = THUNDER
SNOW, ICE PELLETS, HAIL 4 = ICE PELLETS
TOTAL MONTH: 0.0 INCH 5 = HAIL
GRTST 24HR 0.0 6 = FREEZING RAIN OR DRIZZLE
GRTST DEPTH: 0 7 = DUSTSTORM OR SANDSTORM:
VSBY 1/2 MILE OR LESS
8 = SMOKE OR HAZE
[NO. OF DAYS WITH] [WEATHER - DAYS WITH] 9 = BLOWING SNOW
X = TORNADO
MAX 32 OR BELOW: 0 0.01 INCH OR MORE: 1
MAX 90 OR ABOVE: 31 0.10 INCH OR MORE: 1
MIN 32 OR BELOW: 0 0.50 INCH OR MORE: 1
MIN 0 OR BELOW: 0 1.00 INCH OR MORE: 0
[HDD (BASE 65) ]
TOTAL THIS MO. 0 CLEAR (SCALE 0-3) 7
DPTR FM NORMAL 0 PTCLDY (SCALE 4-7) 24
TOTAL FM JUL 1 0 CLOUDY (SCALE 8-10) 0
DPTR FM NORMAL 0
[CDD (BASE 65) ]
TOTAL THIS MO. 640
DPTR FM NORMAL 32 [PRESSURE DATA]
TOTAL FM JAN 1 2275 HIGHEST SLP 30.09 ON 31
DPTR FM NORMAL 186 LOWEST SLP 29.76 ON 11
[REMARKS]
#FINAL-07-22#