000
CXUS56 KSGX 011045
CF6CRQ
PRELIMINARY LOCAL CLIMATOLOGICAL DATA (WS FORM: F-6)
STATION: CARLSBAD PALOMAR AIRPORT CA
MONTH: JUNE
YEAR: 2021
LATITUDE: 33 7 N
LONGITUDE: 117 17 W
TEMPERATURE IN F: :PCPN: SNOW: WIND :SUNSHINE: SKY :PK WND
================================================================================
1 2 3 4 5 6A 6B 7 8 9 10 11 12 13 14 15 16 17 18
12Z AVG MX 2MIN
DY MAX MIN AVG DEP HDD CDD WTR SNW DPTH SPD SPD DIR MIN PSBL S-S WX SPD DR
================================================================================
1 64 58 61 -3 4 0 0.00 M M 4.0 12 260 M M 10 1 17 260
2 65 58 62 -2 3 0 0.00 M M 3.9 10 260 M M 10 18 15 260
3 65 59 62 -2 3 0 0.00 M M 5.4 14 240 M M 8 18 240
4 67 58 63 -1 2 0 0.00 M M 4.9 12 250 M M 6 16 230
5 67 59 63 -1 2 0 0.00 M M 4.7 14 250 M M 7 18 260
6 66 58 62 -2 3 0 0.00 M M 5.8 14 230 M M 9 21 230
7 61 57 59 -5 6 0 0.01 M M 6.5 14 220 M M 10 18 17 220
8 66 59 63 -1 2 0 0.00 M M 4.8 14 250 M M 4 20 240
9 68 58 63 -1 2 0 0.00 M M 4.9 14 250 M M 1 20 230
10 67 56 62 -2 3 0 0.00 M M 4.3 14 240 M M 2 20 240
11 70 56 63 -1 2 0 0.00 M M 4.0 12 240 M M 0 17 260
12 72 57 65 1 0 0 0.00 M M 4.4 10 250 M M 0 1 16 260
13 70 59 65 0 0 0 0.00 M M 3.9 12 250 M M 4 17 260
14 72 59 66 1 0 1 0.00 M M 3.6 8 240 M M 3 18 M M
15 84 61 73 8 0 8 0.00 M M 4.6 16 250 M M 0 1 20 250
16 72 62 67 2 0 2 0.00 M M 4.7 12 220 M M 2 18 13 210
17 70 61 66 1 0 1 0.00 M M 4.9 14 210 M M 7 12 17 220
18 68 62 65 0 0 0 0.00 M M 4.5 12 220 M M 9 18 17 250
19 68 62 65 -1 0 0 0.00 M M 4.1 12 240 M M 8 18 16 260
20 68 60 64 -2 1 0 0.00 M M 3.6 13 230 M M 8 1 15 250
21 69 60 65 -1 0 0 0.00 M M 3.7 12 260 M M 7 18 17 250
22 69 62 66 0 0 1 T M M 4.0 16 230 M M 6 18 19 220
23 71 63 67 1 0 2 T M M 5.3 14 250 M M 6 19 250
24 69 61 65 -1 0 0 0.00 M M 4.8 14 250 M M 7 18 260
25 71 60 66 0 0 1 0.00 M M 4.3 13 260 M M 5 22 250
26 68 62 65 -2 0 0 0.00 M M 4.6 12 250 M M 4 16 270
27 69 62 66 -1 0 1 0.00 M M 5.8 14 230 M M 6 1 17 230
28 69 62 66 -1 0 1 0.00 M M 6.0 14 220 M M 8 18 21 240
29 69 62 66 -1 0 1 0.00 M M 5.1 13 240 M M 9 18 17 220
30 69 63 66 -1 0 1 0.00 M M 4.8 12 260 M M 9 16 230
================================================================================
SM 2063 1796 33 20 0.01 M 139.9 M 175
================================================================================
AV 68.8 59.9 4.7 FASTST M M 6 MAX(MPH)
MISC ----> # 16 250 22 250
================================================================================
NOTES:
# LAST OF SEVERAL OCCURRENCES
COLUMN 17 PEAK WIND IN M.P.H.
PRELIMINARY LOCAL CLIMATOLOGICAL DATA (WS FORM: F-6) , PAGE 2
STATION: CARLSBAD PALOMAR AIRPORT CA
MONTH: JUNE
YEAR: 2021
LATITUDE: 33 7 N
LONGITUDE: 117 17 W
[TEMPERATURE DATA] [PRECIPITATION DATA] SYMBOLS USED IN COLUMN 16
AVERAGE MONTHLY: 64.3 TOTAL FOR MONTH: 0.01 1 = FOG OR MIST
DPTR FM NORMAL: -0.8 DPTR FM NORMAL: -0.05 2 = FOG REDUCING VISIBILITY
HIGHEST: 84 ON 15 GRTST 24HR 0.01 ON 7- 7 TO 1/4 MILE OR LESS
LOWEST: 56 ON 11,10 3 = THUNDER
SNOW, ICE PELLETS, HAIL 4 = ICE PELLETS
TOTAL MONTH: M 5 = HAIL
GRTST 24HR M ON M 6 = FREEZING RAIN OR DRIZZLE
GRTST DEPTH: M ON M 7 = DUSTSTORM OR SANDSTORM:
VSBY 1/2 MILE OR LESS
8 = SMOKE OR HAZE
[NO. OF DAYS WITH] [WEATHER - DAYS WITH] 9 = BLOWING SNOW
X = TORNADO
MAX 32 OR BELOW: 0 0.01 INCH OR MORE: 1
MAX 90 OR ABOVE: 0 0.10 INCH OR MORE: 0
MIN 32 OR BELOW: 0 0.50 INCH OR MORE: 0
MIN 0 OR BELOW: 0 1.00 INCH OR MORE: 0
[HDD (BASE 65) ]
TOTAL THIS MO. 33 CLEAR (SCALE 0-3) 6
DPTR FM NORMAL 4 PTCLDY (SCALE 4-7) 15
TOTAL FM JUL 1 1435 CLOUDY (SCALE 8-10) 9
DPTR FM NORMAL -74
[CDD (BASE 65) ]
TOTAL THIS MO. 20
DPTR FM NORMAL -12 [PRESSURE DATA]
TOTAL FM JAN 1 58 HIGHEST SLP 30.11 ON 9
DPTR FM NORMAL -9 LOWEST SLP 29.68 ON 28
[REMARKS]
#FINAL-06-21#