000
CXUS52 KFFC 011010
CF6CSG
PRELIMINARY LOCAL CLIMATOLOGICAL DATA (WS FORM: F-6)
STATION: COLUMBUS
MONTH: AUGUST
YEAR: 2022
LATITUDE: 32 31 N
LONGITUDE: 84 56 W
TEMPERATURE IN F: :PCPN: SNOW: WIND :SUNSHINE: SKY :PK WND
================================================================================
1 2 3 4 5 6A 6B 7 8 9 10 11 12 13 14 15 16 17 18
12Z AVG MX 2MIN
DY MAX MIN AVG DEP HDD CDD WTR SNW DPTH SPD SPD DIR MIN PSBL S-S WX SPD DR
================================================================================
1 96 73 85 2 0 20 0.82 0.0 M 4.0 25 220 M M 2 13 34 220
2 93 72 83 0 0 18 0.13 0.0 M 5.2 17 250 M M 5 138 25 210
3 89 71 80 -3 0 15 0.00 0.0 M 2.8 12 220 M M 4 16 210
4 92 73 83 0 0 18 0.00 0.0 M 3.5 13 210 M M 1 20 200
5 94 74 84 1 0 19 T 0.0 M 2.7 14 180 M M 1 3 19 160
6 94 74 84 1 0 19 0.00 0.0 M 4.6 26 180 M M 1 3 37 190
7 92 72 82 -1 0 17 1.04 0.0 M 4.6 33 70 M M 2 13 65 80
8 91 73 82 -1 0 17 0.01 0.0 M 3.4 20 170 M M 2 3 26 170
9 90 71 81 -2 0 16 0.02 0.0 M 3.5 24 210 M M 5 1 36 210
10 90 72 81 -2 0 16 T 0.0 M 3.6 31 200 M M 2 3 46 210
11 88 71 80 -3 0 15 T 0.0 M 5.0 21 190 M M 4 3 31 200
12 91 74 83 0 0 18 0.00 0.0 M 4.9 13 330 M M 7 13 16 330
13 88 70 79 -4 0 14 0.00 0.0 M 5.7 14 90 M M 4 1 19 90
14 90 70 80 -3 0 15 0.00 0.0 M 3.5 13 240 M M 1 18 230
15 93 70 82 -1 0 17 0.17 0.0 M 5.9 23 350 M M 3 13 35 350
16 93 72 83 1 0 18 0.00 0.0 M 5.5 14 350 M M 0 19 320
17 82 73 78 -4 0 13 T 0.0 M 3.8 13 310 M M 6 18 300
18 84 72 78 -4 0 13 1.47 0.0 M 4.0 16 200 M M 9 12 19 200
19 85 73 79 -3 0 14 0.27 0.0 M 4.0 17 230 M M 6 138 21 220
20 91 71 81 -1 0 16 T 0.0 M 3.0 18 220 M M 3 3 26 220
21 88 73 81 -1 0 16 T 0.0 M 5.8 14 260 M M 3 20 290
22 83 74 79 -3 0 14 0.01 0.0 M 5.4 12 290 M M 7 15 260
23 84 73 79 -3 0 14 0.32 0.0 M 3.9 16 10 M M 6 13 23 10
24 85 71 78 -4 0 13 0.42 0.0 M 2.8 15 200 M M 8 1 23 190
25 80 71 76 -6 0 11 0.36 0.0 M 3.5 9 330 M M 8 1 12 130
26 90 72 81 -1 0 16 0.00 0.0 M 2.5 13 150 M M 5 3 17 170
27 89 74 82 0 0 17 T 0.0 M 2.3 14 300 M M 2 3 19 310
28 91 72 82 1 0 17 0.00 0.0 M 4.1 13 100 M M 1 16 90
29 92 72 82 1 0 17 0.00 0.0 M 4.1 14 110 M M 1 21 120
30 95 73 84 3 0 19 0.08 0.0 M 3.5 23 350 M M 3 13 33 350
31 94 74 84 3 0 19 0.00 0.0 M 5.5 13 320 M M 1 18 340
================================================================================
SM 2777 2240 0 501 5.12 0.0 126.6 M 113
================================================================================
AV 89.6 72.3 4.1 FASTST M M 4 MAX(MPH)
MISC ----> 33 70 65 80
================================================================================
NOTES:
# LAST OF SEVERAL OCCURRENCES
COLUMN 17 PEAK WIND IN M.P.H.
PRELIMINARY LOCAL CLIMATOLOGICAL DATA (WS FORM: F-6) , PAGE 2
STATION: COLUMBUS
MONTH: AUGUST
YEAR: 2022
LATITUDE: 32 31 N
LONGITUDE: 84 56 W
[TEMPERATURE DATA] [PRECIPITATION DATA] SYMBOLS USED IN COLUMN 16
AVERAGE MONTHLY: 80.9 TOTAL FOR MONTH: 5.12 1 = FOG OR MIST
DPTR FM NORMAL: -1.5 DPTR FM NORMAL: 0.44 2 = FOG REDUCING VISIBILITY
HIGHEST: 96 ON 1 GRTST 24HR 1.74 ON 18-19 TO 1/4 MILE OR LESS
LOWEST: 70 ON 15,14 3 = THUNDER
SNOW, ICE PELLETS, HAIL 4 = ICE PELLETS
TOTAL MONTH: 0.0 INCH 5 = HAIL
GRTST 24HR 0.0 6 = FREEZING RAIN OR DRIZZLE
GRTST DEPTH: M ON M 7 = DUSTSTORM OR SANDSTORM:
VSBY 1/2 MILE OR LESS
8 = SMOKE OR HAZE
[NO. OF DAYS WITH] [WEATHER - DAYS WITH] 9 = BLOWING SNOW
X = TORNADO
MAX 32 OR BELOW: 0 0.01 INCH OR MORE: 13
MAX 90 OR ABOVE: 19 0.10 INCH OR MORE: 9
MIN 32 OR BELOW: 0 0.50 INCH OR MORE: 3
MIN 0 OR BELOW: 0 1.00 INCH OR MORE: 2
[HDD (BASE 65) ]
TOTAL THIS MO. 0 CLEAR (SCALE 0-3) 15
DPTR FM NORMAL 0 PTCLDY (SCALE 4-7) 13
TOTAL FM JUL 1 0 CLOUDY (SCALE 8-10) 3
DPTR FM NORMAL 0
[CDD (BASE 65) ]
TOTAL THIS MO. 501
DPTR FM NORMAL -38 [PRESSURE DATA]
TOTAL FM JAN 1 2052 HIGHEST SLP 30.23 ON 7
DPTR FM NORMAL 64 LOWEST SLP 29.82 ON 15
[REMARKS]
#FINAL-08-22#