745
CXUS54 KOUN 010700
CF6CSM
PRELIMINARY LOCAL CLIMATOLOGICAL DATA (WS FORM: F-6)
STATION: CLINTON
MONTH: SEPTEMBER
YEAR: 2020
LATITUDE: 35 20 N
LONGITUDE: 99 12 W
TEMPERATURE IN F: :PCPN: SNOW: WIND :SUNSHINE: SKY :PK WND
================================================================================
1 2 3 4 5 6A 6B 7 8 9 10 11 12 13 14 15 16 17 18
12Z AVG MX 2MIN
DY MAX MIN AVG DEP HDD CDD WTR SNW DPTH SPD SPD DIR MIN PSBL S-S WX SPD DR
================================================================================
1 80 66 73 -5 0 8 0.48 0.0 0 11.3 28 20 M M 4 13 33 330
2 84 66 75 -3 0 10 0.03 0.0 0 5.8 22 280 M M 2 3 27 290
3 92 63 78 1 0 13 0.00 0.0 0 5.8 10 230 M M 0 1 12 210
4 91 64 78 1 0 13 0.00 0.0 0 6.0 14 160 M M 1 18 160
5 88 67 78 1 0 13 0.00 0.0 0 10.4 20 180 M M 1 1 24 170
6 93 68 81 5 0 16 0.00 0.0 0 15.3 26 190 M M 0 33 190
7 93 69 81 5 0 16 0.00 0.0 0 17.0 26 190 M M 0 35 190
8 86 47 67 -9 0 2 0.08 M 0 18.5 31 360 M M 5 13 42 350
9 48 44 46 -30 19 0 1.14 M 0 21.7 30 350 M M 10 1 39 360
10 61 47 54 -21 11 0 0.00 0.0 0 12.8 25 360 M M 9 1 31 360
11 71 53 62 -13 3 0 0.00 0.0 0 5.9 14 190 M M 5 17 170
12 81 58 70 -5 0 5 0.00 0.0 0 8.0 13 200 M M 2 12 16 200
13 82 59 71 -3 0 6 0.00 0.0 0 6.3 13 80 M M 1 1 19 270
14 77 57 67 -7 0 2 0.00 0.0 0 7.6 17 40 M M 0 1 21 60
15 81 58 70 -4 0 5 T 0.0 0 4.4 10 170 M M 1 13 200
16 85 62 74 1 0 9 0.00 0.0 0 5.8 13 80 M M 1 1 15 80
17 84 63 74 1 0 9 T 0.0 0 8.4 15 30 M M 3 18 30
18 80 56 68 -5 0 3 0.00 0.0 0 7.7 14 80 M M 0 1 17 60
19 78 53 66 -6 0 1 0.00 0.0 0 8.0 16 150 M M 0 21 190
20 78 53 66 -6 0 1 0.00 0.0 0 9.1 16 180 M M 0 1 22 170
21 78 54 66 -6 0 1 0.00 0.0 0 6.6 15 140 M M 2 18 140
22 78 53 66 -5 0 1 0.00 0.0 0 6.1 17 110 M M 2 1 23 70
23 76 57 67 -4 0 2 0.00 0.0 0 5.3 13 90 M M 6 12 19 100
24 87 56 72 2 0 7 0.00 0.0 0 11.4 17 210 M M 0 1 26 200
25 89 60 75 5 0 10 0.00 0.0 0 15.4 24 160 M M 0 31 170
26 89 63 76 6 0 11 0.00 0.0 0 17.6 28 180 M M 0 36 160
27 79 58 69 0 0 4 0.01 0.0 0 19.3 36 20 M M 6 1 48 20
28 72 49 61 -8 4 0 0.00 0.0 0 14.9 30 350 M M 1 38 330
29 82 47 65 -3 0 0 0.00 0.0 0 10.5 20 300 M M 0 27 320
30 93 M M M M M 0.00 0.0 0 8.0 15 60 M M 0 M M
================================================================================
SM 2436 1670 37 168 1.74 0.0 310.9 M 62
================================================================================
AV 81.2 57.6 10.4 FASTST M M 2 MAX(MPH)
MISC ----> # 36 20 # 48 20
================================================================================
NOTES:
# LAST OF SEVERAL OCCURRENCES
COLUMN 17 PEAK WIND IN M.P.H.
PRELIMINARY LOCAL CLIMATOLOGICAL DATA (WS FORM: F-6) , PAGE 2
STATION: CLINTON
MONTH: SEPTEMBER
YEAR: 2020
LATITUDE: 35 20 N
LONGITUDE: 99 12 W
[TEMPERATURE DATA] [PRECIPITATION DATA] SYMBOLS USED IN COLUMN 16
AVERAGE MONTHLY: 69.4 TOTAL FOR MONTH: 1.74 1 = FOG OR MIST
DPTR FM NORMAL: -4.0 DPTR FM NORMAL: -1.18 2 = FOG REDUCING VISIBILITY
HIGHEST: 93 ON 30, 7 GRTST 24HR 1.14 ON 9- 9 TO 1/4 MILE OR LESS
LOWEST: 44 ON 9 3 = THUNDER
SNOW, ICE PELLETS, HAIL 4 = ICE PELLETS
TOTAL MONTH: 0.0 INCH 5 = HAIL
GRTST 24HR 0.0 6 = FREEZING RAIN OR DRIZZLE
GRTST DEPTH: 0 7 = DUSTSTORM OR SANDSTORM:
VSBY 1/2 MILE OR LESS
8 = SMOKE OR HAZE
[NO. OF DAYS WITH] [WEATHER - DAYS WITH] 9 = BLOWING SNOW
X = TORNADO
MAX 32 OR BELOW: 0 0.01 INCH OR MORE: 5
MAX 90 OR ABOVE: 5 0.10 INCH OR MORE: 2
MIN 32 OR BELOW: 0 0.50 INCH OR MORE: 1
MIN 0 OR BELOW: 0 1.00 INCH OR MORE: 1
[HDD (BASE 65) ]
TOTAL THIS MO. 37 CLEAR (SCALE 0-3) 23
DPTR FM NORMAL 20 PTCLDY (SCALE 4-7) 5
TOTAL FM JUL 1 37 CLOUDY (SCALE 8-10) 2
DPTR FM NORMAL 20
[CDD (BASE 65) ]
TOTAL THIS MO. 168
DPTR FM NORMAL -99 [PRESSURE DATA]
TOTAL FM JAN 1 1889 HIGHEST SLP M ON M
DPTR FM NORMAL -16 LOWEST SLP 29.68 ON M
[REMARKS]
#FINAL-09-20#