000
CXUS55 KOHX 032355
CF6CSV
PRELIMINARY LOCAL CLIMATOLOGICAL DATA (WS FORM: F-6)
STATION: CROSSVILLE
MONTH: JUNE
YEAR: 2022
LATITUDE: 35 57 N
LONGITUDE: 85 5 W
TEMPERATURE IN F: :PCPN: SNOW: WIND :SUNSHINE: SKY :PK WND
================================================================================
1 2 3 4 5 6A 6B 7 8 9 10 11 12 13 14 15 16 17 18
12Z AVG MX 2MIN
DY MAX MIN AVG DEP HDD CDD WTR SNW DPTH SPD SPD DIR MIN PSBL S-S WX SPD DR
================================================================================
1 85 61 73 6 0 8 0.00 M M 2.6 9 280 M M 1 1 13 290
2 80 63 72 5 0 7 1.33 M M 4.6 14 270 M M 4 138 20 280
3 76 59 68 1 0 3 T M M 5.6 14 20 M M 3 1 19 10
4 76 54 65 -3 0 0 0.00 M M 4.3 13 100 M M 0 18 70
5 78 53 66 -2 0 1 0.00 M M 2.5 10 180 M M 2 17 170
6 78 60 69 1 0 4 0.09 M M 6.6 15 180 M M 4 13 28 180
7 82 65 74 6 0 9 2.33 M M 5.3 16 260 M M 7 13 29 140
8 80 65 73 4 0 8 0.72 M M 5.6 15 260 M M 5 13 23 260
9 76 54 65 -4 0 0 0.01 M M 5.6 14 330 M M 2 1 20 340
10 76 51 64 -5 1 0 0.00 M M 2.0 10 30 M M 1 1 14 20
11 79 54 67 -2 0 2 0.00 M M 2.2 7 140 M M 1 1 11 140
12 82 60 71 1 0 6 0.00 M M 3.0 13 270 M M 2 16 270
13 89 70 80 10 0 15 0.00 M M 4.0 14 270 M M 2 18 280
14 88 71 80 10 0 15 0.00 M M 3.0 14 280 M M 2 1 21 280
15 91 68 80 10 0 15 0.00 M M 2.4 9 10 M M 2 12 13 340
16 90 70 80 10 0 15 0.00 M M 3.0 9 260 M M 0 12 14 270
17 85 66 76 5 0 11 0.01 M M 5.5 26 320 M M 1 13 42 300
18 80 57 69 -2 0 4 0.00 M M 7.9 17 330 M M 0 1 24 30
19 81 50 66 -5 0 1 0.00 M M 5.4 13 40 M M 0 18 20
20 85 50 68 -3 0 3 0.00 M M 1.6 9 300 M M 0 13 290
21 88 55 72 0 0 7 0.00 M M 2.9 10 280 M M 0 15 280
22 90 61 76 4 0 11 0.00 M M 4.7 13 270 M M 0 19 280
23 86 64 75 3 0 10 0.00 M M 5.7 14 360 M M 0 21 320
24 87 61 74 2 0 9 0.00 M M 3.5 10 170 M M 2 3 16 170
25 83 68 76 4 0 11 T M M 4.8 13 200 M M 4 24 190
26 85 67 76 4 0 11 1.53 M M 4.3 22 40 M M 5 123 34 40
27 80 62 71 -2 0 6 0.04 M M 5.5 13 30 M M 5 1 16 10
28 81 56 69 -4 0 4 0.00 M M 4.1 12 60 M M 0 18 80
29 85 61 73 0 0 8 0.00 M M 1.3 8 20 M M 5 13 20
30 84 68 76 3 0 11 0.00 M M 4.1 12 140 M M 1 16 150
================================================================================
SM 2486 1824 1 215 6.06 M 123.6 M 61
================================================================================
AV 82.9 60.8 4.1 FASTST M M 2 MAX(MPH)
MISC ----> 26 320 42 300
================================================================================
NOTES:
# LAST OF SEVERAL OCCURRENCES
COLUMN 17 PEAK WIND IN M.P.H.
PRELIMINARY LOCAL CLIMATOLOGICAL DATA (WS FORM: F-6) , PAGE 2
STATION: CROSSVILLE
MONTH: JUNE
YEAR: 2022
LATITUDE: 35 57 N
LONGITUDE: 85 5 W
[TEMPERATURE DATA] [PRECIPITATION DATA] SYMBOLS USED IN COLUMN 16
AVERAGE MONTHLY: 71.8 TOTAL FOR MONTH: 6.06 1 = FOG OR MIST
DPTR FM NORMAL: 1.6 DPTR FM NORMAL: 1.13 2 = FOG REDUCING VISIBILITY
HIGHEST: 91 ON 15 GRTST 24HR 2.34 ON 6- 7 TO 1/4 MILE OR LESS
LOWEST: 50 ON 20,19 3 = THUNDER
SNOW, ICE PELLETS, HAIL 4 = ICE PELLETS
TOTAL MONTH: M 5 = HAIL
GRTST 24HR M ON M 6 = FREEZING RAIN OR DRIZZLE
GRTST DEPTH: M ON M 7 = DUSTSTORM OR SANDSTORM:
VSBY 1/2 MILE OR LESS
8 = SMOKE OR HAZE
[NO. OF DAYS WITH] [WEATHER - DAYS WITH] 9 = BLOWING SNOW
X = TORNADO
MAX 32 OR BELOW: 0 0.01 INCH OR MORE: 8
MAX 90 OR ABOVE: 3 0.10 INCH OR MORE: 4
MIN 32 OR BELOW: 0 0.50 INCH OR MORE: 4
MIN 0 OR BELOW: 0 1.00 INCH OR MORE: 3
[HDD (BASE 65) ]
TOTAL THIS MO. 1 CLEAR (SCALE 0-3) 22
DPTR FM NORMAL -14 PTCLDY (SCALE 4-7) 8
TOTAL FM JUL 1 3901 CLOUDY (SCALE 8-10) 0
DPTR FM NORMAL -489
[CDD (BASE 65) ]
TOTAL THIS MO. 215
DPTR FM NORMAL 43 [PRESSURE DATA]
TOTAL FM JAN 1 304 HIGHEST SLP 30.27 ON 21
DPTR FM NORMAL 59 LOWEST SLP 29.83 ON 7
[REMARKS]
#FINAL-06-22#