000
CXUS56 KTFX 181128
CF6CTB
PRELIMINARY LOCAL CLIMATOLOGICAL DATA (WS FORM: F-6)
STATION: CUT BANK MT
MONTH: MARCH
YEAR: 2022
LATITUDE: 48 37 N
LONGITUDE: 112 23 W
TEMPERATURE IN F: :PCPN: SNOW: WIND :SUNSHINE: SKY :PK WND
================================================================================
1 2 3 4 5 6A 6B 7 8 9 10 11 12 13 14 15 16 17 18
12Z AVG MX 2MIN
DY MAX MIN AVG DEP HDD CDD WTR SNW DPTH SPD SPD DIR MIN PSBL S-S WX SPD DR
================================================================================
1 54 38 46 20 19 0 0.00 M 0 26.4 44 250 M M 1 56 270
2 42 27 35 9 30 0 0.28 M 0 8.1 24 250 M M 8 16 29 260
3 28 19 24 -2 41 0 0.08 M 4 8.4 15 350 M M 10 12 18 340
4 25 8 17 -10 48 0 T M 1 13.1 25 340 M M 8 1 33 330
5 27 10 19 -8 46 0 T M 1 8.2 17 330 M M 9 18 20 330
6 27 11 19 -8 46 0 0.00 M 1 9.2 17 330 M M 5 1 21 340
7 38 14 26 -2 39 0 0.03 M 1 21.6 36 350 M M 7 12 45 350
8 19 1 10 -18 55 0 0.02 M 2 14.1 35 350 M M 7 189 43 340
9 11 -4 4 -24 61 0 0.00 M 2 7.8 16 310 M M 1 21 330
10 26 1 14 -15 51 0 0.00 M 2 14.9 30 270 M M 2 41 270
11 36 0 18 -11 47 0 0.00 M 1 16.6 38 250 M M 1 47 250
12 45 32 39 9 26 0 0.00 M T 18.1 52 250 M M 0 62 250
13 50 27 39 9 26 0 0.00 M 0 11.9 26 240 M M 4 33 250
14 50 34 42 12 23 0 0.00 M 0 22.8 37 250 M M 1 45 250
15 53 35 44 13 21 0 0.00 M 0 24.2 48 250 M M 1 61 260
16 49 30 40 9 25 0 0.00 M 0 20.8 30 270 M M 2 42 240
17 53 24 39 7 26 0 0.00 M 0 16.7 29 250 M M 0 36 250
18 51 34 43 11 22 0 0.00 M 0 17.6 28 250 M M 3 35 240
19 56 31 44 12 21 0 0.00 M 0 12.8 28 260 M M 2 36 260
20 43 27 35 2 30 0 0.00 M 0 21.0 33 250 M M 3 43 250
21 50 26 38 5 27 0 0.00 M 0 20.5 33 260 M M 1 45 250
22 58 28 43 9 22 0 0.00 M 0 17.3 31 250 M M 0 39 250
23 67 40 54 20 11 0 0.00 M 0 20.7 37 250 M M 0 44 240
24 48 28 38 4 27 0 T M 0 13.9 35 260 M M 5 1 44 250
25 49 25 37 3 28 0 0.00 M 0 8.7 17 130 M M 6 21 140
26 55 20 38 3 27 0 0.00 M 0 6.6 16 140 M M 1 20 130
27 67 29 48 13 17 0 0.00 M 0 6.7 21 280 M M 0 27 240
28 66 31 49 13 16 0 T M 0 15.5 36 350 M M 3 45 350
29 46 26 36 0 29 0 0.01 M T 12.5 26 330 M M 4 1 36 350
30 59 20 40 4 25 0 0.00 M 0 18.9 44 240 M M 0 55 240
31 44 26 35 -1 30 0 0.03 M 0 14.7 31 350 M M 3 1 40 340
================================================================================
SM 1392 698 962 0 0.45 M 470.3 M 98
================================================================================
AV 44.9 22.5 15.2 FASTST M M 3 MAX(MPH)
MISC ----> 52 250 62 250
================================================================================
NOTES:
# LAST OF SEVERAL OCCURRENCES
COLUMN 17 PEAK WIND IN M.P.H.
PRELIMINARY LOCAL CLIMATOLOGICAL DATA (WS FORM: F-6) , PAGE 2
STATION: CUT BANK MT
MONTH: MARCH
YEAR: 2022
LATITUDE: 48 37 N
LONGITUDE: 112 23 W
[TEMPERATURE DATA] [PRECIPITATION DATA] SYMBOLS USED IN COLUMN 16
AVERAGE MONTHLY: 33.7 TOTAL FOR MONTH: 0.45 1 = FOG OR MIST
DPTR FM NORMAL: 2.6 DPTR FM NORMAL: 0.09 2 = FOG REDUCING VISIBILITY
HIGHEST: 67 ON 27,23 GRTST 24HR 0.31 ON 2- 3 TO 1/4 MILE OR LESS
LOWEST: -4 ON 9 3 = THUNDER
SNOW, ICE PELLETS, HAIL 4 = ICE PELLETS
TOTAL MONTH: M 5 = HAIL
GRTST 24HR M ON M 6 = FREEZING RAIN OR DRIZZLE
GRTST DEPTH: 4 ON 3 7 = DUSTSTORM OR SANDSTORM:
VSBY 1/2 MILE OR LESS
8 = SMOKE OR HAZE
[NO. OF DAYS WITH] [WEATHER - DAYS WITH] 9 = BLOWING SNOW
X = TORNADO
MAX 32 OR BELOW: 7 0.01 INCH OR MORE: 6
MAX 90 OR ABOVE: 0 0.10 INCH OR MORE: 1
MIN 32 OR BELOW: 26 0.50 INCH OR MORE: 0
MIN 0 OR BELOW: 2 1.00 INCH OR MORE: 0
[HDD (BASE 65) ]
TOTAL THIS MO. 962 CLEAR (SCALE 0-3) 18
DPTR FM NORMAL -87 PTCLDY (SCALE 4-7) 10
TOTAL FM JUL 1 6803 CLOUDY (SCALE 8-10) 3
DPTR FM NORMAL -319
[CDD (BASE 65) ]
TOTAL THIS MO. 0
DPTR FM NORMAL 0 [PRESSURE DATA]
TOTAL FM JAN 1 0 HIGHEST SLP 30.48 ON 9
DPTR FM NORMAL 0 LOWEST SLP 29.52 ON 28
[REMARKS]
#FINAL-03-22#