337
CXUS56 KTFX 201559
CF6CTB
PRELIMINARY LOCAL CLIMATOLOGICAL DATA (WS FORM: F-6)
STATION: CUT BANK MT
MONTH: JANUARY
YEAR: 2021
LATITUDE: 48 37 N
LONGITUDE: 112 23 W
TEMPERATURE IN F: :PCPN: SNOW: WIND :SUNSHINE: SKY :PK WND
================================================================================
1 2 3 4 5 6A 6B 7 8 9 10 11 12 13 14 15 16 17 18
12Z AVG MX 2MIN
DY MAX MIN AVG DEP HDD CDD WTR SNW DPTH SPD SPD DIR MIN PSBL S-S WX SPD DR
================================================================================
1 44 34 39 18 26 0 0.00 M 0 25.2 39 250 M M 1 47 250
2 45 37 41 20 24 0 0.00 M 0 32.4 53 250 M M 0 63 240
3 43 26 35 13 30 0 0.01 M 0 28.8 53 250 M M 1 128 63 250
4 42 24 33 11 32 0 0.00 M 0 10.5 31 260 M M 2 36 250
5 41 28 35 13 30 0 0.00 M 0 26.5 40 250 M M 1 49 250
6 48 35 42 20 23 0 0.00 M 0 22.7 41 240 M M 2 49 240
7 43 20 32 10 33 0 0.00 M 0 4.7 12 360 M M 4 14 360
8 34 16 25 3 40 0 0.00 M 0 6.2 16 140 M M 4 12 19 150
9 38 16 27 5 38 0 0.00 M 0 3.5 14 250 M M 4 12 16 250
10 44 16 30 8 35 0 0.00 M 0 19.7 35 250 M M 0 40 250
11 46 34 40 18 25 0 0.00 M 0 24.9 41 240 M M 1 49 240
12 50 34 42 20 23 0 0.00 M 0 27.1 54 250 M M 1 62 250
13 49 23 36 14 29 0 T M 0 27.1 62 240 M M 4 75 250
14 38 17 28 6 37 0 0.00 M 0 15.5 26 270 M M 0 34 260
15 46 16 31 9 34 0 0.00 M 0 16.2 39 260 M M 0 47 250
16 41 22 32 10 33 0 0.00 M 0 18.4 32 250 M M 1 37 260
17 46 31 39 17 26 0 0.00 M 0 23.4 39 270 M M 5 45 250
18 37 20 29 7 36 0 T M T 13.5 24 340 M M 9 1 28 340
19 40 19 30 8 35 0 0.00 M 0 26.9 61 250 M M 0 74 250
20 42 13 28 6 37 0 0.00 M 0 20.9 43 260 M M 0 53 260
21 30 10 20 -2 45 0 0.00 M 0 4.6 9 330 M M 6 11 330
22 32 3 18 -4 47 0 0.00 M 0 6.1 16 310 M M 0 18 320
23 26 3 15 -7 50 0 0.00 M 0 6.1 13 180 M M 3 15 150
24 29 8 19 -4 46 0 0.00 M 0 8.1 24 270 M M 4 30 270
25 16 3 10 -13 55 0 0.00 M 0 5.4 10 140 M M 7 1 12 130
26 15 0 8 -15 57 0 0.01 M 0 8.0 15 140 M M 7 12 20 140
27 16 0 8 -15 57 0 T M 1 5.6 12 150 M M 8 12 13 150
28 25 1 13 -10 52 0 0.00 M 1 5.1 9 340 M M 4 12 10 90
29 35 8 22 -1 43 0 0.00 M 1 4.2 10 120 M M 2 18 12 120
30 40 7 24 1 41 0 0.00 M 0 14.3 32 250 M M 1 1 37 260
31 51 29 40 17 25 0 0.00 M 0 12.8 30 220 M M 1 33 220
================================================================================
SM 1172 553 1144 0 0.02 M 474.4 M 83
================================================================================
AV 37.8 17.8 15.3 FASTST M M 3 MAX(MPH)
MISC ----> 62 240 75 250
================================================================================
NOTES:
# LAST OF SEVERAL OCCURRENCES
COLUMN 17 PEAK WIND IN M.P.H.
PRELIMINARY LOCAL CLIMATOLOGICAL DATA (WS FORM: F-6) , PAGE 2
STATION: CUT BANK MT
MONTH: JANUARY
YEAR: 2021
LATITUDE: 48 37 N
LONGITUDE: 112 23 W
[TEMPERATURE DATA] [PRECIPITATION DATA] SYMBOLS USED IN COLUMN 16
AVERAGE MONTHLY: 27.8 TOTAL FOR MONTH: 0.02 1 = FOG OR MIST
DPTR FM NORMAL: 5.7 DPTR FM NORMAL: -0.18 2 = FOG REDUCING VISIBILITY
HIGHEST: 51 ON 31 GRTST 24HR 0.05 ON 13-13 TO 1/4 MILE OR LESS
LOWEST: 0 ON 26,27 3 = THUNDER
SNOW, ICE PELLETS, HAIL 4 = ICE PELLETS
TOTAL MONTH: M 5 = HAIL
GRTST 24HR M ON M 6 = FREEZING RAIN OR DRIZZLE
GRTST DEPTH: 1 ON 29,28 7 = DUSTSTORM OR SANDSTORM:
VSBY 1/2 MILE OR LESS
8 = SMOKE OR HAZE
[NO. OF DAYS WITH] [WEATHER - DAYS WITH] 9 = BLOWING SNOW
X = TORNADO
MAX 32 OR BELOW: 8 0.01 INCH OR MORE: 2
MAX 90 OR ABOVE: 0 0.10 INCH OR MORE: 0
MIN 32 OR BELOW: 26 0.50 INCH OR MORE: 0
MIN 0 OR BELOW: 2 1.00 INCH OR MORE: 0
[HDD (BASE 65) ]
TOTAL THIS MO. 1144 CLEAR (SCALE 0-3) 19
DPTR FM NORMAL -184 PTCLDY (SCALE 4-7) 10
TOTAL FM JUL 1 4382 CLOUDY (SCALE 8-10) 2
DPTR FM NORMAL -535
[CDD (BASE 65) ]
TOTAL THIS MO. 0
DPTR FM NORMAL 0 [PRESSURE DATA]
TOTAL FM JAN 1 0 HIGHEST SLP 30.55 ON 14
DPTR FM NORMAL 0 LOWEST SLP 29.29 ON 13
[REMARKS]
#FINAL-01-21#