000
CXUS55 KCAE 011500
CF6CUB
PRELIMINARY LOCAL CLIMATOLOGICAL DATA (WS FORM: F-6)
STATION: HAMILTON - OWENS AIRPORT SC
MONTH: FEBRUARY
YEAR: 2021
LATITUDE: 33 58 N
LONGITUDE: 80 59 W
TEMPERATURE IN F: :PCPN: SNOW: WIND :SUNSHINE: SKY :PK WND
================================================================================
1 2 3 4 5 6A 6B 7 8 9 10 11 12 13 14 15 16 17 18
12Z AVG MX 2MIN
DY MAX MIN AVG DEP HDD CDD WTR SNW DPTH SPD SPD DIR MIN PSBL S-S WX SPD DR
================================================================================
1 43 39 41 -6 24 0 0.21 M M 4.8 13 310 M M 10 1 17 320
2 46 36 41 -7 24 0 0.01 M M 7.9 15 300 M M 6 24 310
3 52 33 43 -5 22 0 0.00 M M 7.4 17 280 M M 0 23 270
4 54 25 40 -8 25 0 0.00 M M 2.3 12 170 M M 1 15 140
5 59 46 53 5 12 0 0.02 M M 6.0 15 200 M M 6 1 20 210
6 52 40 46 -2 19 0 0.13 M M 3.1 9 60 M M 7 1 16 60
7 57 37 47 -1 18 0 0.07 M M 3.1 12 310 M M 6 18 17 360
8 61 33 47 -1 18 0 0.00 M M 2.6 10 140 M M 3 1 15 140
9 69 48 59 11 6 0 0.00 M M 2.0 13 290 M M 4 1 17 290
10 69 50 60 11 5 0 0.00 M M 2.9 15 160 M M 7 1 17 160
11 66 54 60 11 5 0 0.16 M M 2.4 9 170 M M 10 18 13 70
12 60 39 50 1 15 0 0.34 M M 4.4 12 40 M M 10 1 18 20
13 41 37 39 -10 26 0 1.40 M M 3.8 9 70 M M 10 1 14 30
14 43 39 41 -8 24 0 0.82 M M 4.0 17 280 M M 10 1 23 290
15 50 41 46 -3 19 0 0.82 M M 2.9 9 270 M M 10 13 13 120
16 55 36 46 -4 19 0 0.01 M M 9.2 22 260 M M 4 12 30 240
17 50 30 40 -10 25 0 0.00 M M 2.9 10 60 M M 5 17 80
18 47 38 43 -7 22 0 2.14 M M 4.0 10 340 M M 10 13 20 40
19 54 38 46 -4 19 0 0.53 M M 3.4 9 310 M M 8 1 14 330
20 55 31 43 -7 22 0 0.00 M M 2.7 12 260 M M 0 18 16 260
21 54 32 43 -7 22 0 0.00 M M 3.8 13 160 M M 2 1 16 160
22 63 41 52 1 13 0 0.11 M M 3.1 15 290 M M 8 12 22 290
23 M 35 M M M M 0.00 M M 3.6 16 270 M M 1 12 23 300
24 75 M M M M M 0.00 M M 3.3 15 220 M M 0 22 200
25 78 42 60 9 5 0 0.00 M M 2.2 12 290 M M 0 8 17 320
26 58 50 54 2 11 0 T M M 4.1 10 30 M M 8 14 40
27 80 48 64 12 1 0 T M M 1.7 15 260 M M 5 18 20 250
28 85 57 71 19 0 6 0.00 M M 6.2 21 220 M M 3 1 28 220
================================================================================
SM 1576 1075 421 6 6.77 M 109.8 M 154
================================================================================
AV 58.4 39.8 3.9 FASTST M M 6 MAX(MPH)
MISC ----> 22 260 30 240
================================================================================
NOTES:
# LAST OF SEVERAL OCCURRENCES
COLUMN 17 PEAK WIND IN M.P.H.
PRELIMINARY LOCAL CLIMATOLOGICAL DATA (WS FORM: F-6) , PAGE 2
STATION: HAMILTON - OWENS AIRPORT SC
MONTH: FEBRUARY
YEAR: 2021
LATITUDE: 33 58 N
LONGITUDE: 80 59 W
[TEMPERATURE DATA] [PRECIPITATION DATA] SYMBOLS USED IN COLUMN 16
AVERAGE MONTHLY: 49.1 TOTAL FOR MONTH: 6.77 1 = FOG OR MIST
DPTR FM NORMAL: -0.3 DPTR FM NORMAL: 3.12 2 = FOG REDUCING VISIBILITY
HIGHEST: 85 ON 28 GRTST 24HR 2.55 ON 18-19 TO 1/4 MILE OR LESS
LOWEST: 25 ON 4 3 = THUNDER
SNOW, ICE PELLETS, HAIL 4 = ICE PELLETS
TOTAL MONTH: M 5 = HAIL
GRTST 24HR M ON M 6 = FREEZING RAIN OR DRIZZLE
GRTST DEPTH: M ON M 7 = DUSTSTORM OR SANDSTORM:
VSBY 1/2 MILE OR LESS
8 = SMOKE OR HAZE
[NO. OF DAYS WITH] [WEATHER - DAYS WITH] 9 = BLOWING SNOW
X = TORNADO
MAX 32 OR BELOW: 0 0.01 INCH OR MORE: 14
MAX 90 OR ABOVE: 0 0.10 INCH OR MORE: 10
MIN 32 OR BELOW: 4 0.50 INCH OR MORE: 5
MIN 0 OR BELOW: 0 1.00 INCH OR MORE: 2
[HDD (BASE 65) ]
TOTAL THIS MO. 421 CLEAR (SCALE 0-3) 9
DPTR FM NORMAL -16 PTCLDY (SCALE 4-7) 12
TOTAL FM JUL 1 1702 CLOUDY (SCALE 8-10) 7
DPTR FM NORMAL -226
[CDD (BASE 65) ]
TOTAL THIS MO. 6
DPTR FM NORMAL 4 [PRESSURE DATA]
TOTAL FM JAN 1 6 HIGHEST SLP 30.59 ON 21
DPTR FM NORMAL 5 LOWEST SLP 29.73 ON 16
[REMARKS]
#FINAL-02-21#