000
CXUS51 KILN 010530
CF6CVG
PRELIMINARY LOCAL CLIMATOLOGICAL DATA (WS FORM: F-6)
STATION: CINCINNATI OH
MONTH: FEBRUARY
YEAR: 2024
LATITUDE: 39 2 N
LONGITUDE: 84 40 W
TEMPERATURE IN F: :PCPN: SNOW: WIND :SUNSHINE: SKY :PK WND
================================================================================
1 2 3 4 5 6A 6B 7 8 9 10 11 12 13 14 15 16 17 18
12Z AVG MX 2MIN
DY MAX MIN AVG DEP HDD CDD WTR SNW DPTH SPD SPD DIR MIN PSBL S-S WX SPD DR
================================================================================
1 54 31 43 11 22 0 0.00 0.0 0 8.7 17 190 M M 5 1 22 200
2 48 32 40 8 25 0 0.00 0.0 0 8.9 17 50 M M 5 18 21 50
3 49 29 39 7 26 0 0.00 0.0 0 10.9 16 60 M M 1 21 60
4 56 31 44 12 21 0 0.00 0.0 0 10.4 18 30 M M 4 22 30
5 54 28 41 9 24 0 0.00 0.0 0 11.5 20 40 M M 2 28 60
6 46 31 39 6 26 0 0.00 0.0 0 7.7 18 30 M M 7 23 50
7 58 24 41 8 24 0 0.00 0.0 0 4.8 14 340 M M 7 1 16 340
8 62 40 51 18 14 0 T 0.0 0 12.9 23 180 M M 8 31 190
9 61 50 56 23 9 0 0.00 0.0 0 12.0 22 210 M M 9 30 210
10 58 39 49 15 16 0 0.37 0.0 0 8.3 17 310 M M 10 13 21 280
11 49 35 42 8 23 0 0.00 0.0 0 8.5 14 20 M M 7 17 20
12 49 32 41 7 24 0 0.00 0.0 0 10.4 21 350 M M 8 30 20
13 51 28 40 6 25 0 0.00 0.0 0 10.2 24 280 M M 5 32 310
14 50 34 42 8 23 0 0.00 0.0 0 6.2 12 20 M M 3 15 30
15 59 32 46 11 19 0 0.00 0.0 0 12.5 28 300 M M 4 37 290
16 40 26 33 -2 32 0 0.20 2.3 0 10.9 22 340 M M 9 129 30 60
17 26 15 21 -14 44 0 T T 2 10.1 21 290 M M 6 18 26 290
18 44 14 29 -7 36 0 0.00 0.0 2 10.7 20 260 M M 0 28 230
19 50 21 36 0 29 0 0.00 0.0 T 2.8 10 290 M M 1 14 220
20 57 29 43 7 22 0 0.00 0.0 0 4.6 13 170 M M 1 16 150
21 65 35 50 14 15 0 0.00 0.0 0 10.0 22 190 M M 4 27 190
22 59 45 52 15 13 0 0.44 0.0 0 11.4 21 220 M M 10 18 28 220
23 55 40 48 11 17 0 0.00 0.0 0 9.9 24 280 M M 7 18 29 280
24 43 25 34 -3 31 0 T 0.0 0 11.5 28 350 M M 6 1 33 350
25 57 23 40 2 25 0 0.00 0.0 0 9.9 20 180 M M 2 25 180
26 71 38 55 17 10 0 0.00 0.0 0 8.4 15 200 M M 3 20 220
27 66 55 61 23 4 0 0.00 0.0 0 15.6 21 190 M M 10 35 190
28 69 26 48 10 17 0 0.21 0.0 0 19.2 32 280 M M 7 13 43 210
29 44 21 33 -6 32 0 0.00 0.0 0 4.8 12 290 M M 2 15 290
================================================================================
SM 1550 909 648 0 1.22 2.3 283.7 M 153
================================================================================
AV 53.4 31.3 9.8 FASTST M M 5 MAX(MPH)
MISC ----> 32 280 43 210
================================================================================
NOTES:
# LAST OF SEVERAL OCCURRENCES
COLUMN 17 PEAK WIND IN M.P.H.
PRELIMINARY LOCAL CLIMATOLOGICAL DATA (WS FORM: F-6) , PAGE 2
STATION: CINCINNATI OH
MONTH: FEBRUARY
YEAR: 2024
LATITUDE: 39 2 N
LONGITUDE: 84 40 W
[TEMPERATURE DATA] [PRECIPITATION DATA] SYMBOLS USED IN COLUMN 16
AVERAGE MONTHLY: 42.4 TOTAL FOR MONTH: 1.22 1 = FOG OR MIST
DPTR FM NORMAL: 7.7 DPTR FM NORMAL: -1.95 2 = FOG REDUCING VISIBILITY
HIGHEST: 71 ON 26 GRTST 24HR 0.44 ON 22-22 TO 1/4 MILE OR LESS
LOWEST: 14 ON 18 3 = THUNDER
SNOW, ICE PELLETS, HAIL 4 = ICE PELLETS
TOTAL MONTH: 2.3 INCHES 5 = HAIL
GRTST 24HR 2.3 ON 16-16 6 = FREEZING RAIN OR DRIZZLE
GRTST DEPTH: 2 ON 18,17 7 = DUSTSTORM OR SANDSTORM:
VSBY 1/2 MILE OR LESS
8 = SMOKE OR HAZE
[NO. OF DAYS WITH] [WEATHER - DAYS WITH] 9 = BLOWING SNOW
X = TORNADO
MAX 32 OR BELOW: 1 0.01 INCH OR MORE: 4
MAX 90 OR ABOVE: 0 0.10 INCH OR MORE: 4
MIN 32 OR BELOW: 19 0.50 INCH OR MORE: 0
MIN 0 OR BELOW: 0 1.00 INCH OR MORE: 0
[HDD (BASE 65) ]
TOTAL THIS MO. 648 CLEAR (SCALE 0-3) 8
DPTR FM NORMAL -199 PTCLDY (SCALE 4-7) 16
TOTAL FM JUL 1 3242 CLOUDY (SCALE 8-10) 5
DPTR FM NORMAL -582
[CDD (BASE 65) ]
TOTAL THIS MO. 0
DPTR FM NORMAL 0 [PRESSURE DATA]
TOTAL FM JAN 1 0 HIGHEST SLP M ON M
DPTR FM NORMAL 0 LOWEST SLP 29.34 ON 28
[REMARKS]
#FINAL-02-24#