000
CXUS51 KILN 010528
CF6CVG
PRELIMINARY LOCAL CLIMATOLOGICAL DATA (WS FORM: F-6)
STATION: CINCINNATI OH
MONTH: OCTOBER
YEAR: 2023
LATITUDE: 39 2 N
LONGITUDE: 84 40 W
TEMPERATURE IN F: :PCPN: SNOW: WIND :SUNSHINE: SKY :PK WND
================================================================================
1 2 3 4 5 6A 6B 7 8 9 10 11 12 13 14 15 16 17 18
12Z AVG MX 2MIN
DY MAX MIN AVG DEP HDD CDD WTR SNW DPTH SPD SPD DIR MIN PSBL S-S WX SPD DR
================================================================================
1 83 59 71 9 0 6 0.00 0.0 0 4.6 13 70 M M 0 1 16 50
2 84 61 73 11 0 8 0.00 0.0 0 2.7 9 140 M M 0 12 120
3 86 61 74 13 0 9 0.00 0.0 0 3.1 12 200 M M 0 17 200
4 85 60 73 12 0 8 0.00 0.0 0 7.2 15 200 M M 5 21 170
5 74 61 68 7 0 3 0.32 0.0 0 7.0 20 280 M M 10 18 22 280
6 73 49 61 1 4 0 0.00 0.0 0 10.2 29 320 M M 5 1 35 320
7 61 41 51 -9 14 0 0.00 0.0 0 9.7 23 290 M M 5 29 300
8 54 38 46 -13 19 0 T 0.0 0 7.4 23 270 M M 7 29 270
9 65 43 54 -5 11 0 T 0.0 0 6.3 21 290 M M 5 28 290
10 64 36 50 -9 15 0 0.00 0.0 0 5.3 17 250 M M 0 25 250
11 68 38 53 -5 12 0 T 0.0 0 6.1 13 170 M M 5 8 18 200
12 80 48 64 6 1 0 0.00 0.0 0 6.1 15 60 M M 2 20 60
13 79 52 66 9 0 1 0.31 0.0 0 8.0 17 170 M M 4 1 20 180
14 63 50 57 0 8 0 0.29 0.0 0 11.9 20 350 M M 9 1 24 220
15 55 48 52 -5 13 0 0.01 0.0 0 10.5 20 360 M M 10 24 350
16 53 46 50 -6 15 0 0.07 0.0 0 8.4 16 320 M M 10 1 26 340
17 54 44 49 -7 16 0 0.00 0.0 0 6.0 10 280 M M 9 1 13 280
18 64 41 53 -2 12 0 0.00 0.0 0 7.2 15 170 M M 6 1 19 170
19 61 51 56 1 9 0 0.56 0.0 0 9.7 20 200 M M 9 1 27 200
20 57 45 51 -4 14 0 0.25 0.0 0 10.5 21 290 M M 9 1 25 300
21 69 37 53 -1 12 0 0.00 0.0 0 9.5 23 300 M M 3 1 30 300
22 58 41 50 -4 15 0 0.00 0.0 0 7.8 20 310 M M 4 24 300
23 66 38 52 -1 13 0 0.00 0.0 0 5.8 12 150 M M 1 14 140
24 74 49 62 9 3 0 0.00 0.0 0 8.1 17 220 M M 7 22 200
25 74 59 67 14 0 2 0.00 0.0 0 8.6 15 210 M M 8 20 190
26 76 54 65 13 0 0 0.00 0.0 0 9.2 22 190 M M 8 28 180
27 74 62 68 16 0 3 0.08 0.0 0 9.6 17 200 M M 8 18 24 200
28 66 52 59 8 6 0 0.91 0.0 0 8.5 18 320 M M 10 1 27 340
29 58 52 55 4 10 0 0.48 0.0 0 6.7 21 320 M M 10 1 25 320
30 52 33 43 -8 22 0 0.44 0.0 0 9.8 17 320 M M 8 1 25 340
31 45 25 35 -15 30 0 T T 0 10.5 25 300 M M 4 33 300
================================================================================
SM 2075 1474 274 40 3.72 T 242.0 M 181
================================================================================
AV 66.9 47.5 7.8 FASTST M M 6 MAX(MPH)
MISC ----> 29 320 35 320
================================================================================
NOTES:
# LAST OF SEVERAL OCCURRENCES
COLUMN 17 PEAK WIND IN M.P.H.
PRELIMINARY LOCAL CLIMATOLOGICAL DATA (WS FORM: F-6) , PAGE 2
STATION: CINCINNATI OH
MONTH: OCTOBER
YEAR: 2023
LATITUDE: 39 2 N
LONGITUDE: 84 40 W
[TEMPERATURE DATA] [PRECIPITATION DATA] SYMBOLS USED IN COLUMN 16
AVERAGE MONTHLY: 57.2 TOTAL FOR MONTH: 3.72 1 = FOG OR MIST
DPTR FM NORMAL: 1.0 DPTR FM NORMAL: 0.37 2 = FOG REDUCING VISIBILITY
HIGHEST: 86 ON 3 GRTST 24HR 1.28 ON 28-29 TO 1/4 MILE OR LESS
LOWEST: 25 ON 31 3 = THUNDER
SNOW, ICE PELLETS, HAIL 4 = ICE PELLETS
TOTAL MONTH: T 5 = HAIL
GRTST 24HR T ON 31-31 6 = FREEZING RAIN OR DRIZZLE
GRTST DEPTH: 0 7 = DUSTSTORM OR SANDSTORM:
VSBY 1/2 MILE OR LESS
8 = SMOKE OR HAZE
[NO. OF DAYS WITH] [WEATHER - DAYS WITH] 9 = BLOWING SNOW
X = TORNADO
MAX 32 OR BELOW: 0 0.01 INCH OR MORE: 11
MAX 90 OR ABOVE: 0 0.10 INCH OR MORE: 8
MIN 32 OR BELOW: 1 0.50 INCH OR MORE: 2
MIN 0 OR BELOW: 0 1.00 INCH OR MORE: 0
[HDD (BASE 65) ]
TOTAL THIS MO. 274 CLEAR (SCALE 0-3) 7
DPTR FM NORMAL -22 PTCLDY (SCALE 4-7) 13
TOTAL FM JUL 1 276 CLOUDY (SCALE 8-10) 11
DPTR FM NORMAL -77
[CDD (BASE 65) ]
TOTAL THIS MO. 40
DPTR FM NORMAL 17 [PRESSURE DATA]
TOTAL FM JAN 1 1099 HIGHEST SLP M ON M
DPTR FM NORMAL -61 LOWEST SLP 29.58 ON 21
[REMARKS]
#FINAL-10-23#