000
CXUS56 KSGX 011045
CF6CZZ
PRELIMINARY LOCAL CLIMATOLOGICAL DATA (WS FORM: F-6)
STATION: CAMPO ASOS CA
MONTH: OCTOBER
YEAR: 2019
LATITUDE: 32 37 N
LONGITUDE: 116 28 W
TEMPERATURE IN F: :PCPN: SNOW: WIND :SUNSHINE: SKY :PK WND
================================================================================
1 2 3 4 5 6A 6B 7 8 9 10 11 12 13 14 15 16 17 18
12Z AVG MX 2MIN
DY MAX MIN AVG DEP HDD CDD WTR SNW DPTH SPD SPD DIR MIN PSBL S-S WX SPD DR
================================================================================
1 72 36 54 -11 11 0 0.00 0.0 0 7.0 18 220 M M 0 22 230
2 83 35 59 -5 6 0 0.00 0.0 0 6.5 20 50 M M 0 26 70
3 82 40 61 -3 4 0 0.00 0.0 0 6.7 17 220 M M 0 22 180
4 83 34 59 -5 6 0 0.00 0.0 0 6.4 16 230 M M 0 21 230
5 87 38 63 -1 2 0 0.00 0.0 0 6.9 16 250 M M 0 21 230
6 90 43 67 4 0 2 0.00 0.0 0 7.3 18 70 M M 0 24 80
7 91 43 67 4 0 2 0.00 0.0 0 6.7 18 230 M M 0 26 240
8 85 45 65 2 0 0 0.00 0.0 0 7.5 18 220 M M 0 23 220
9 78 39 59 -3 6 0 0.00 0.0 0 8.1 21 210 M M 0 26 220
10 74 36 55 -7 10 0 0.00 0.0 0 16.0 31 60 M M 0 37 70
11 74 47 61 -1 4 0 0.00 0.0 0 14.9 29 70 M M 0 37 70
12 83 40 62 0 3 0 0.00 0.0 0 7.3 18 220 M M 0 23 80
13 80 37 59 -2 6 0 0.00 0.0 0 7.1 17 220 M M 0 21 220
14 74 32 53 -8 12 0 0.00 0.0 0 6.0 16 210 M M 0 21 220
15 82 36 59 -2 6 0 0.00 0.0 0 6.8 18 60 M M 0 25 80
16 88 47 68 7 0 3 0.00 0.0 0 7.8 16 220 M M 0 23 110
17 77 40 59 -1 6 0 0.00 0.0 0 11.0 25 220 M M 0 31 220
18 79 42 61 1 4 0 0.00 0.0 0 5.0 16 210 M M 0 21 210
19 80 37 59 -1 6 0 0.00 0.0 0 6.8 20 220 M M 0 23 280
20 79 36 58 -2 7 0 0.00 0.0 0 12.0 30 60 M M 0 37 60
21 83 51 67 7 0 2 0.00 0.0 0 11.3 28 60 M M 0 35 80
22 85 46 66 7 0 1 0.00 0.0 0 10.9 25 60 M M 0 32 50
23 90 44 67 8 0 2 0.00 0.0 0 6.1 14 70 M M 0 19 260
24 81 61 71 12 0 6 0.00 0.0 0 18.8 38 60 M M 0 48 60
25 77 67 72 14 0 7 0.00 0.0 0 25.7 32 50 M M 0 48 70
26 86 43 65 7 0 0 0.00 0.0 M 15.5 38 50 M M 0 49 70
27 73 34 54 -4 11 0 0.00 0.0 0 10.4 25 240 M M 0 33 240
28 66 35 51 -7 14 0 0.00 0.0 0 15.0 31 50 M M 0 40 60
29 68 30 49 -9 16 0 0.00 0.0 0 7.2 20 260 M M 0 24 260
30 58 46 52 -5 13 0 0.00 0.0 M 19.3 24 60 M M 0 41 50
31 60 43 52 -5 13 0 0.00 0.0 M 5.3 31 60 M M 0 41 50
================================================================================
SM 2448 1283 166 25 0.00 0.0 309.3 M 0
================================================================================
AV 79.0 41.4 10.0 FASTST M M 0 MAX(MPH)
MISC ----> # 38 60 # 49 70
================================================================================
NOTES:
# LAST OF SEVERAL OCCURRENCES
COLUMN 17 PEAK WIND IN M.P.H.
PRELIMINARY LOCAL CLIMATOLOGICAL DATA (WS FORM: F-6) , PAGE 2
STATION: CAMPO ASOS CA
MONTH: OCTOBER
YEAR: 2019
LATITUDE: 32 37 N
LONGITUDE: 116 28 W
[TEMPERATURE DATA] [PRECIPITATION DATA] SYMBOLS USED IN COLUMN 16
AVERAGE MONTHLY: 60.2 TOTAL FOR MONTH: 0.00 1 = FOG OR MIST
DPTR FM NORMAL: -0.5 DPTR FM NORMAL: -0.82 2 = FOG REDUCING VISIBILITY
HIGHEST: 91 ON 7 GRTST 24HR 0.00 ON 31-31 TO 1/4 MILE OR LESS
LOWEST: 30 ON 29 3 = THUNDER
SNOW, ICE PELLETS, HAIL 4 = ICE PELLETS
TOTAL MONTH: 0.0 INCH 5 = HAIL
GRTST 24HR 0.0 6 = FREEZING RAIN OR DRIZZLE
GRTST DEPTH: 0 7 = DUSTSTORM OR SANDSTORM:
VSBY 1/2 MILE OR LESS
8 = SMOKE OR HAZE
[NO. OF DAYS WITH] [WEATHER - DAYS WITH] 9 = BLOWING SNOW
X = TORNADO
MAX 32 OR BELOW: 0 0.01 INCH OR MORE: 0
MAX 90 OR ABOVE: 3 0.10 INCH OR MORE: 0
MIN 32 OR BELOW: 2 0.50 INCH OR MORE: 0
MIN 0 OR BELOW: 0 1.00 INCH OR MORE: 0
[HDD (BASE 65) ]
TOTAL THIS MO. 166 CLEAR (SCALE 0-3) 31
DPTR FM NORMAL 6 PTCLDY (SCALE 4-7) 0
TOTAL FM JUL 1 222 CLOUDY (SCALE 8-10) 0
DPTR FM NORMAL 12
[CDD (BASE 65) ]
TOTAL THIS MO. 25
DPTR FM NORMAL -3 [PRESSURE DATA]
TOTAL FM JAN 1 828 HIGHEST SLP M ON M
DPTR FM NORMAL -11 LOWEST SLP 29.70 ON M
[REMARKS]
#FINAL-10-19#